--
-- Host: localhost    Database: pod_rota
-- ------------------------------------------------------


--
-- Table structure for table `aiGamesDonations`
--

CREATE TABLE `aiGamesDonations` (
  `id` int(11) NOT NULL AUTO_INCREMENT,
  `user_id` int(11) NOT NULL,
  `club` varchar(255) NOT NULL,
  `fundraising_id` int(11) NOT NULL,
  `amount` decimal(10,2) NOT NULL,
  `donor_name` varchar(255) NOT NULL,
  `donation_date` timestamp NOT NULL DEFAULT current_timestamp(),
  PRIMARY KEY (`id`)
) ENGINE=InnoDB AUTO_INCREMENT=5 DEFAULT CHARSET=utf8mb4 COLLATE=utf8mb4_general_ci;

--
-- Dumping data for table `aiGamesDonations`
--

set autocommit=0;
INSERT INTO `aiGamesDonations` VALUES
(1,17,'test',5,0.00,'Ciaran Doyletest','2025-02-03 19:20:23'),
(2,17,'test',5,0.00,'Ciaran Doyletest','2025-02-03 19:22:46'),
(3,17,'test',6,0.00,'Ciaran Doyle','2025-02-05 19:10:16'),
(4,17,'test',4,0.00,'Ciarán Doyle','2025-02-05 20:35:49');
commit;

--
-- Table structure for table `aigames`
--

CREATE TABLE `aigames` (
  `id` int(11) NOT NULL AUTO_INCREMENT,
  `club` varchar(255) NOT NULL,
  `game_id` int(11) NOT NULL,
  `userId` int(11) NOT NULL,
  `ai_high_score` int(11) NOT NULL DEFAULT 0,
  `player_high_score` int(11) NOT NULL DEFAULT 0,
  PRIMARY KEY (`id`)
) ENGINE=InnoDB AUTO_INCREMENT=4 DEFAULT CHARSET=utf8mb4 COLLATE=utf8mb4_general_ci;

--
-- Dumping data for table `aigames`
--

set autocommit=0;
commit;

--
-- Table structure for table `aigamesFundraising`
--

CREATE TABLE `aigamesFundraising` (
  `id` int(11) NOT NULL AUTO_INCREMENT,
  `club` varchar(255) NOT NULL,
  `name` varchar(255) NOT NULL,
  `goal` int(11) NOT NULL DEFAULT 1000,
  `current_amount_raised` int(11) NOT NULL DEFAULT 0,
  `doners` int(11) NOT NULL DEFAULT 0,
  `price` decimal(11,2) NOT NULL DEFAULT 1.10,
  `leaderboard` varchar(4096) NOT NULL,
  `last_updated` timestamp NOT NULL DEFAULT current_timestamp() ON UPDATE current_timestamp(),
  PRIMARY KEY (`id`),
  UNIQUE KEY `id` (`id`)
) ENGINE=InnoDB AUTO_INCREMENT=145 DEFAULT CHARSET=utf8mb4 COLLATE=utf8mb4_general_ci;

--
-- Dumping data for table `aigamesFundraising`
--

set autocommit=0;
INSERT INTO `aigamesFundraising` VALUES
(1,'YourClub','TicTacToe',1000,0,0,1.10,'[{\"name\": \"DEV\", \"highscore\": 20}]','2025-02-02 15:27:40'),
(2,'YourClub','Connect4',1000,0,0,1.10,'[{\"name\": \"DEV\", \"highscore\": 20}]','2025-02-02 15:27:40'),
(3,'YourClub','SnakeDuel',1000,0,0,1.10,'[{\"name\": \"DEV\", \"highscore\": 20}]','2025-02-02 15:27:40'),
(4,'test','TicTacToe',1000,0,1,1.10,'[{\"name\": \"DEV\", \"highscore\": 20}]','2025-02-05 20:35:49'),
(5,'test','Connect4',1000,0,2,1.10,'[{\"name\": \"DEV\", \"highscore\": 20}]','2025-02-03 19:22:46'),
(6,'test','SnakeDuel',1000,0,1,1.10,'[{\"name\": \"DEV\", \"highscore\": 20}]','2025-10-31 20:02:31'),
(7,'dolphinsc','TicTacToe',1000,0,0,1.10,'[{\"name\": \"DEV\", \"highscore\": 20}]','2025-02-02 19:05:49'),
(8,'dolphinsc','Connect4',1000,0,0,1.10,'[{\"name\": \"DEV\", \"highscore\": 20}]','2025-02-02 19:05:49'),
(9,'dolphinsc','SnakeDuel',1000,0,0,1.10,'[{\"name\": \"DEV\", \"highscore\": 20}]','2025-02-02 19:05:49'),
(10,'newclubtest','TicTacToe',1000,0,0,1.10,'[{\"name\":\"DEV\",\"highscore\":20}]','2025-03-18 22:47:52'),
(11,'newclubtest','Connect4',1000,0,0,1.10,'[{\"name\":\"DEV\",\"highscore\":20}]','2025-03-18 22:47:52'),
(12,'newclubtest','SnakeDuel',1000,0,0,1.10,'[{\"name\":\"DEV\",\"highscore\":20}]','2025-03-18 22:47:52'),
(13,'newclubtest','TicTacToe',1000,0,0,1.10,'[{\"name\":\"DEV\",\"highscore\":20}]','2025-03-18 22:49:51'),
(14,'newclubtest','Connect4',1000,0,0,1.10,'[{\"name\":\"DEV\",\"highscore\":20}]','2025-03-18 22:49:51'),
(15,'newclubtest','SnakeDuel',1000,0,0,1.10,'[{\"name\":\"DEV\",\"highscore\":20}]','2025-03-18 22:49:51'),
(16,'newclubtest','TicTacToe',1000,0,0,1.10,'[{\"name\":\"DEV\",\"highscore\":20}]','2025-03-18 22:51:28'),
(17,'newclubtest','Connect4',1000,0,0,1.10,'[{\"name\":\"DEV\",\"highscore\":20}]','2025-03-18 22:51:28'),
(18,'newclubtest','SnakeDuel',1000,0,0,1.10,'[{\"name\":\"DEV\",\"highscore\":20}]','2025-03-18 22:51:28'),
(19,'newclubtest','TicTacToe',1000,0,0,1.10,'[{\"name\":\"DEV\",\"highscore\":20}]','2025-03-18 22:53:48'),
(20,'newclubtest','Connect4',1000,0,0,1.10,'[{\"name\":\"DEV\",\"highscore\":20}]','2025-03-18 22:53:48'),
(21,'newclubtest','SnakeDuel',1000,0,0,1.10,'[{\"name\":\"DEV\",\"highscore\":20}]','2025-03-18 22:53:48'),
(22,'newclubtest','TicTacToe',1000,0,0,1.10,'[{\"name\":\"DEV\",\"highscore\":20}]','2025-03-18 22:55:41'),
(23,'newclubtest','Connect4',1000,0,0,1.10,'[{\"name\":\"DEV\",\"highscore\":20}]','2025-03-18 22:55:41'),
(24,'newclubtest','SnakeDuel',1000,0,0,1.10,'[{\"name\":\"DEV\",\"highscore\":20}]','2025-03-18 22:55:41'),
(25,'newclubtest','TicTacToe',1000,0,0,1.10,'[{\"name\":\"DEV\",\"highscore\":20}]','2025-03-18 23:01:53'),
(26,'newclubtest','Connect4',1000,0,0,1.10,'[{\"name\":\"DEV\",\"highscore\":20}]','2025-03-18 23:01:53'),
(27,'newclubtest','SnakeDuel',1000,0,0,1.10,'[{\"name\":\"DEV\",\"highscore\":20}]','2025-03-18 23:01:53'),
(28,'newclubtest','TicTacToe',1000,0,0,1.10,'[{\"name\":\"DEV\",\"highscore\":20}]','2025-03-18 23:02:51'),
(29,'newclubtest','Connect4',1000,0,0,1.10,'[{\"name\":\"DEV\",\"highscore\":20}]','2025-03-18 23:02:51'),
(30,'newclubtest','SnakeDuel',1000,0,0,1.10,'[{\"name\":\"DEV\",\"highscore\":20}]','2025-03-18 23:02:51'),
(31,'newclubtest','TicTacToe',1000,0,0,1.10,'[{\"name\":\"DEV\",\"highscore\":20}]','2025-03-19 14:14:46'),
(32,'newclubtest','Connect4',1000,0,0,1.10,'[{\"name\":\"DEV\",\"highscore\":20}]','2025-03-19 14:14:46'),
(33,'newclubtest','SnakeDuel',1000,0,0,1.10,'[{\"name\":\"DEV\",\"highscore\":20}]','2025-03-19 14:14:46'),
(34,'newclubtest','TicTacToe',1000,0,0,1.10,'[{\"name\":\"DEV\",\"highscore\":20}]','2025-03-19 14:20:08'),
(35,'newclubtest','Connect4',1000,0,0,1.10,'[{\"name\":\"DEV\",\"highscore\":20}]','2025-03-19 14:20:08'),
(36,'newclubtest','SnakeDuel',1000,0,0,1.10,'[{\"name\":\"DEV\",\"highscore\":20}]','2025-03-19 14:20:08'),
(37,'newclubtest','TicTacToe',1000,0,0,1.10,'[{\"name\":\"DEV\",\"highscore\":20}]','2025-03-19 14:20:21'),
(38,'newclubtest','Connect4',1000,0,0,1.10,'[{\"name\":\"DEV\",\"highscore\":20}]','2025-03-19 14:20:21'),
(39,'newclubtest','SnakeDuel',1000,0,0,1.10,'[{\"name\":\"DEV\",\"highscore\":20}]','2025-03-19 14:20:21'),
(40,'newclubtest','TicTacToe',1000,0,0,1.10,'[{\"name\":\"DEV\",\"highscore\":20}]','2025-03-19 14:21:59'),
(41,'newclubtest','Connect4',1000,0,0,1.10,'[{\"name\":\"DEV\",\"highscore\":20}]','2025-03-19 14:21:59'),
(42,'newclubtest','SnakeDuel',1000,0,0,1.10,'[{\"name\":\"DEV\",\"highscore\":20}]','2025-03-19 14:21:59'),
(43,'newclubtest','TicTacToe',1000,0,0,1.10,'[{\"name\":\"DEV\",\"highscore\":20}]','2025-03-19 14:22:23'),
(44,'newclubtest','Connect4',1000,0,0,1.10,'[{\"name\":\"DEV\",\"highscore\":20}]','2025-03-19 14:22:23'),
(45,'newclubtest','SnakeDuel',1000,0,0,1.10,'[{\"name\":\"DEV\",\"highscore\":20}]','2025-03-19 14:22:23'),
(46,'newclubtest','TicTacToe',1000,0,0,1.10,'[{\"name\":\"DEV\",\"highscore\":20}]','2025-03-19 14:23:08'),
(47,'newclubtest','Connect4',1000,0,0,1.10,'[{\"name\":\"DEV\",\"highscore\":20}]','2025-03-19 14:23:08'),
(48,'newclubtest','SnakeDuel',1000,0,0,1.10,'[{\"name\":\"DEV\",\"highscore\":20}]','2025-03-19 14:23:08'),
(49,'newclubtest','TicTacToe',1000,0,0,1.10,'[{\"name\":\"DEV\",\"highscore\":20}]','2025-03-19 14:23:49'),
(50,'newclubtest','Connect4',1000,0,0,1.10,'[{\"name\":\"DEV\",\"highscore\":20}]','2025-03-19 14:23:49'),
(51,'newclubtest','SnakeDuel',1000,0,0,1.10,'[{\"name\":\"DEV\",\"highscore\":20}]','2025-03-19 14:23:49'),
(52,'newclubtest','TicTacToe',1000,0,0,1.10,'[{\"name\":\"DEV\",\"highscore\":20}]','2025-03-19 14:50:49'),
(53,'newclubtest','Connect4',1000,0,0,1.10,'[{\"name\":\"DEV\",\"highscore\":20}]','2025-03-19 14:50:49'),
(54,'newclubtest','SnakeDuel',1000,0,0,1.10,'[{\"name\":\"DEV\",\"highscore\":20}]','2025-03-19 14:50:49'),
(55,'newclubtest','TicTacToe',1000,0,0,1.10,'[{\"name\":\"DEV\",\"highscore\":20}]','2025-03-19 14:55:16'),
(56,'newclubtest','Connect4',1000,0,0,1.10,'[{\"name\":\"DEV\",\"highscore\":20}]','2025-03-19 14:55:16'),
(57,'newclubtest','SnakeDuel',1000,0,0,1.10,'[{\"name\":\"DEV\",\"highscore\":20}]','2025-03-19 14:55:16'),
(58,'newclubtest','TicTacToe',1000,0,0,1.10,'[{\"name\":\"DEV\",\"highscore\":20}]','2025-03-19 14:55:28'),
(59,'newclubtest','Connect4',1000,0,0,1.10,'[{\"name\":\"DEV\",\"highscore\":20}]','2025-03-19 14:55:28'),
(60,'newclubtest','SnakeDuel',1000,0,0,1.10,'[{\"name\":\"DEV\",\"highscore\":20}]','2025-03-19 14:55:28'),
(61,'newclubtest','TicTacToe',1000,0,0,1.10,'[{\"name\":\"DEV\",\"highscore\":20}]','2025-03-19 14:56:42'),
(62,'newclubtest','Connect4',1000,0,0,1.10,'[{\"name\":\"DEV\",\"highscore\":20}]','2025-03-19 14:56:42'),
(63,'newclubtest','SnakeDuel',1000,0,0,1.10,'[{\"name\":\"DEV\",\"highscore\":20}]','2025-03-19 14:56:42'),
(64,'newclubtest','TicTacToe',1000,0,0,1.10,'[{\"name\":\"DEV\",\"highscore\":20}]','2025-03-19 15:11:54'),
(65,'newclubtest','Connect4',1000,0,0,1.10,'[{\"name\":\"DEV\",\"highscore\":20}]','2025-03-19 15:11:54'),
(66,'newclubtest','SnakeDuel',1000,0,0,1.10,'[{\"name\":\"DEV\",\"highscore\":20}]','2025-03-19 15:11:54'),
(67,'newclubtest','TicTacToe',1000,0,0,1.10,'[{\"name\":\"DEV\",\"highscore\":20}]','2025-03-19 15:18:18'),
(68,'newclubtest','Connect4',1000,0,0,1.10,'[{\"name\":\"DEV\",\"highscore\":20}]','2025-03-19 15:18:18'),
(69,'newclubtest','SnakeDuel',1000,0,0,1.10,'[{\"name\":\"DEV\",\"highscore\":20}]','2025-03-19 15:18:18'),
(70,'newclubtest','TicTacToe',1000,0,0,1.10,'[{\"name\":\"DEV\",\"highscore\":20}]','2025-03-19 15:22:33'),
(71,'newclubtest','Connect4',1000,0,0,1.10,'[{\"name\":\"DEV\",\"highscore\":20}]','2025-03-19 15:22:33'),
(72,'newclubtest','SnakeDuel',1000,0,0,1.10,'[{\"name\":\"DEV\",\"highscore\":20}]','2025-03-19 15:22:33'),
(73,'newclubtest','TicTacToe',1000,0,0,1.10,'[{\"name\":\"DEV\",\"highscore\":20}]','2025-03-19 15:25:31'),
(74,'newclubtest','Connect4',1000,0,0,1.10,'[{\"name\":\"DEV\",\"highscore\":20}]','2025-03-19 15:25:31'),
(75,'newclubtest','SnakeDuel',1000,0,0,1.10,'[{\"name\":\"DEV\",\"highscore\":20}]','2025-03-19 15:25:31'),
(76,'newclubtest','TicTacToe',1000,0,0,1.10,'[{\"name\":\"DEV\",\"highscore\":20}]','2025-03-19 15:28:06'),
(77,'newclubtest','Connect4',1000,0,0,1.10,'[{\"name\":\"DEV\",\"highscore\":20}]','2025-03-19 15:28:06'),
(78,'newclubtest','SnakeDuel',1000,0,0,1.10,'[{\"name\":\"DEV\",\"highscore\":20}]','2025-03-19 15:28:06'),
(79,'newclubtest','TicTacToe',1000,0,0,1.10,'[{\"name\":\"DEV\",\"highscore\":20}]','2025-03-19 15:31:05'),
(80,'newclubtest','Connect4',1000,0,0,1.10,'[{\"name\":\"DEV\",\"highscore\":20}]','2025-03-19 15:31:05'),
(81,'newclubtest','SnakeDuel',1000,0,0,1.10,'[{\"name\":\"DEV\",\"highscore\":20}]','2025-03-19 15:31:05'),
(82,'newclubtest','TicTacToe',1000,0,0,1.10,'[{\"name\":\"DEV\",\"highscore\":20}]','2025-03-19 15:31:22'),
(83,'newclubtest','Connect4',1000,0,0,1.10,'[{\"name\":\"DEV\",\"highscore\":20}]','2025-03-19 15:31:22'),
(84,'newclubtest','SnakeDuel',1000,0,0,1.10,'[{\"name\":\"DEV\",\"highscore\":20}]','2025-03-19 15:31:22'),
(85,'newclubtest','TicTacToe',1000,0,0,1.10,'[{\"name\":\"DEV\",\"highscore\":20}]','2025-03-19 15:32:13'),
(86,'newclubtest','Connect4',1000,0,0,1.10,'[{\"name\":\"DEV\",\"highscore\":20}]','2025-03-19 15:32:13'),
(87,'newclubtest','SnakeDuel',1000,0,0,1.10,'[{\"name\":\"DEV\",\"highscore\":20}]','2025-03-19 15:32:13'),
(88,'newclubtest','TicTacToe',1000,0,0,1.10,'[{\"name\":\"DEV\",\"highscore\":20}]','2025-03-19 15:32:40'),
(89,'newclubtest','Connect4',1000,0,0,1.10,'[{\"name\":\"DEV\",\"highscore\":20}]','2025-03-19 15:32:40'),
(90,'newclubtest','SnakeDuel',1000,0,0,1.10,'[{\"name\":\"DEV\",\"highscore\":20}]','2025-03-19 15:32:40'),
(91,'newclubtest','TicTacToe',1000,0,0,1.10,'[{\"name\":\"DEV\",\"highscore\":20}]','2025-03-19 15:33:03'),
(92,'newclubtest','Connect4',1000,0,0,1.10,'[{\"name\":\"DEV\",\"highscore\":20}]','2025-03-19 15:33:03'),
(93,'newclubtest','SnakeDuel',1000,0,0,1.10,'[{\"name\":\"DEV\",\"highscore\":20}]','2025-03-19 15:33:03'),
(94,'newclubtest','TicTacToe',1000,0,0,1.10,'[{\"name\":\"DEV\",\"highscore\":20}]','2025-03-19 15:36:56'),
(95,'newclubtest','Connect4',1000,0,0,1.10,'[{\"name\":\"DEV\",\"highscore\":20}]','2025-03-19 15:36:56'),
(96,'newclubtest','SnakeDuel',1000,0,0,1.10,'[{\"name\":\"DEV\",\"highscore\":20}]','2025-03-19 15:36:56'),
(97,'newclubtest','TicTacToe',1000,0,0,1.10,'[{\"name\":\"DEV\",\"highscore\":20}]','2025-03-19 17:07:13'),
(98,'newclubtest','Connect4',1000,0,0,1.10,'[{\"name\":\"DEV\",\"highscore\":20}]','2025-03-19 17:07:13'),
(99,'newclubtest','SnakeDuel',1000,0,0,1.10,'[{\"name\":\"DEV\",\"highscore\":20}]','2025-03-19 17:07:13'),
(100,'newclubtest','TicTacToe',1000,0,0,1.10,'[{\"name\":\"DEV\",\"highscore\":20}]','2025-03-19 17:08:26'),
(101,'newclubtest','Connect4',1000,0,0,1.10,'[{\"name\":\"DEV\",\"highscore\":20}]','2025-03-19 17:08:26'),
(102,'newclubtest','SnakeDuel',1000,0,0,1.10,'[{\"name\":\"DEV\",\"highscore\":20}]','2025-03-19 17:08:26'),
(103,'newclubtest','TicTacToe',1000,0,0,1.10,'[{\"name\":\"DEV\",\"highscore\":20}]','2025-03-19 17:10:35'),
(104,'newclubtest','Connect4',1000,0,0,1.10,'[{\"name\":\"DEV\",\"highscore\":20}]','2025-03-19 17:10:35'),
(105,'newclubtest','SnakeDuel',1000,0,0,1.10,'[{\"name\":\"DEV\",\"highscore\":20}]','2025-03-19 17:10:35'),
(106,'newclubtest','TicTacToe',1000,0,0,1.10,'[{\"name\":\"DEV\",\"highscore\":20}]','2025-03-19 17:17:22'),
(107,'newclubtest','Connect4',1000,0,0,1.10,'[{\"name\":\"DEV\",\"highscore\":20}]','2025-03-19 17:17:22'),
(108,'newclubtest','SnakeDuel',1000,0,0,1.10,'[{\"name\":\"DEV\",\"highscore\":20}]','2025-03-19 17:17:22'),
(109,'newclubtest','TicTacToe',1000,0,0,1.10,'[{\"name\":\"DEV\",\"highscore\":20}]','2025-03-19 17:25:18'),
(110,'newclubtest','Connect4',1000,0,0,1.10,'[{\"name\":\"DEV\",\"highscore\":20}]','2025-03-19 17:25:18'),
(111,'newclubtest','SnakeDuel',1000,0,0,1.10,'[{\"name\":\"DEV\",\"highscore\":20}]','2025-03-19 17:25:18'),
(112,'newclubtest','TicTacToe',1000,0,0,1.10,'[{\"name\":\"DEV\",\"highscore\":20}]','2025-03-19 17:25:43'),
(113,'newclubtest','Connect4',1000,0,0,1.10,'[{\"name\":\"DEV\",\"highscore\":20}]','2025-03-19 17:25:43'),
(114,'newclubtest','SnakeDuel',1000,0,0,1.10,'[{\"name\":\"DEV\",\"highscore\":20}]','2025-03-19 17:25:43'),
(115,'newclubtest','TicTacToe',1000,0,0,1.10,'[{\"name\":\"DEV\",\"highscore\":20}]','2025-03-19 17:26:58'),
(116,'newclubtest','Connect4',1000,0,0,1.10,'[{\"name\":\"DEV\",\"highscore\":20}]','2025-03-19 17:26:58'),
(117,'newclubtest','SnakeDuel',1000,0,0,1.10,'[{\"name\":\"DEV\",\"highscore\":20}]','2025-03-19 17:26:58'),
(118,'newclubtest','TicTacToe',1000,0,0,1.10,'[{\"name\":\"DEV\",\"highscore\":20}]','2025-03-19 17:28:16'),
(119,'newclubtest','Connect4',1000,0,0,1.10,'[{\"name\":\"DEV\",\"highscore\":20}]','2025-03-19 17:28:16'),
(120,'newclubtest','SnakeDuel',1000,0,0,1.10,'[{\"name\":\"DEV\",\"highscore\":20}]','2025-03-19 17:28:16'),
(121,'newclubtest','TicTacToe',1000,0,0,1.10,'[{\"name\":\"DEV\",\"highscore\":20}]','2025-03-19 17:30:26'),
(122,'newclubtest','Connect4',1000,0,0,1.10,'[{\"name\":\"DEV\",\"highscore\":20}]','2025-03-19 17:30:26'),
(123,'newclubtest','SnakeDuel',1000,0,0,1.10,'[{\"name\":\"DEV\",\"highscore\":20}]','2025-03-19 17:30:26'),
(124,'newclubtest','TicTacToe',1000,0,0,1.10,'[{\"name\":\"DEV\",\"highscore\":20}]','2025-03-19 17:54:46'),
(125,'newclubtest','Connect4',1000,0,0,1.10,'[{\"name\":\"DEV\",\"highscore\":20}]','2025-03-19 17:54:46'),
(126,'newclubtest','SnakeDuel',1000,0,0,1.10,'[{\"name\":\"DEV\",\"highscore\":20}]','2025-03-19 17:54:46'),
(127,'newclubtest','TicTacToe',1000,0,0,1.10,'[{\"name\":\"DEV\",\"highscore\":20}]','2025-03-19 17:55:41'),
(128,'newclubtest','Connect4',1000,0,0,1.10,'[{\"name\":\"DEV\",\"highscore\":20}]','2025-03-19 17:55:41'),
(129,'newclubtest','SnakeDuel',1000,0,0,1.10,'[{\"name\":\"DEV\",\"highscore\":20}]','2025-03-19 17:55:41'),
(130,'newclubtest','TicTacToe',1000,0,0,1.10,'[{\"name\":\"DEV\",\"highscore\":20}]','2025-03-19 18:28:27'),
(131,'newclubtest','Connect4',1000,0,0,1.10,'[{\"name\":\"DEV\",\"highscore\":20}]','2025-03-19 18:28:27'),
(132,'newclubtest','SnakeDuel',1000,0,0,1.10,'[{\"name\":\"DEV\",\"highscore\":20}]','2025-03-19 18:28:27'),
(133,'newclubtest','TicTacToe',1000,0,0,1.10,'[{\"name\":\"DEV\",\"highscore\":20}]','2025-03-19 18:29:36'),
(134,'newclubtest','Connect4',1000,0,0,1.10,'[{\"name\":\"DEV\",\"highscore\":20}]','2025-03-19 18:29:36'),
(135,'newclubtest','SnakeDuel',1000,0,0,1.10,'[{\"name\":\"DEV\",\"highscore\":20}]','2025-03-19 18:29:36'),
(136,'newclubtest','TicTacToe',1000,0,0,1.10,'[{\"name\":\"DEV\",\"highscore\":20}]','2025-03-19 18:31:25'),
(137,'newclubtest','Connect4',1000,0,0,1.10,'[{\"name\":\"DEV\",\"highscore\":20}]','2025-03-19 18:31:25'),
(138,'newclubtest','SnakeDuel',1000,0,0,1.10,'[{\"name\":\"DEV\",\"highscore\":20}]','2025-03-19 18:31:25'),
(139,'newclubtest','TicTacToe',1000,0,0,1.10,'[{\"name\":\"DEV\",\"highscore\":20}]','2025-03-19 18:37:48'),
(140,'newclubtest','Connect4',1000,0,0,1.10,'[{\"name\":\"DEV\",\"highscore\":20}]','2025-03-19 18:37:48'),
(141,'newclubtest','SnakeDuel',1000,0,0,1.10,'[{\"name\":\"DEV\",\"highscore\":20}]','2025-03-19 18:37:48'),
(142,'newclubtest','TicTacToe',1000,0,0,1.10,'[{\"name\":\"DEV\",\"highscore\":20}]','2025-03-19 18:57:33'),
(143,'newclubtest','Connect4',1000,0,0,1.10,'[{\"name\":\"DEV\",\"highscore\":20}]','2025-03-19 18:57:33'),
(144,'newclubtest','SnakeDuel',1000,0,0,1.10,'[{\"name\":\"DEV\",\"highscore\":20}]','2025-03-19 18:57:33');
commit;
set autocommit=0;
commit;
set autocommit=0;
commit;

--
-- Table structure for table `donations`
--

CREATE TABLE `donations` (
  `id` int(11) NOT NULL AUTO_INCREMENT,
  `user_id` int(11) NOT NULL,
  `club` text NOT NULL,
  `fundraising_id` int(11) NOT NULL,
  `amount` decimal(10,2) NOT NULL,
  `donor_name` varchar(100) NOT NULL,
  `donation_date` timestamp NOT NULL DEFAULT current_timestamp(),
  PRIMARY KEY (`id`)
) ENGINE=InnoDB AUTO_INCREMENT=81 DEFAULT CHARSET=utf8mb4 COLLATE=utf8mb4_general_ci;

--
-- Dumping data for table `donations`
--

set autocommit=0;
INSERT INTO `donations` VALUES
(2,4,'',2,1000.00,'Ciaran Doyle(test)','2024-12-10 16:52:06'),
(3,4,'',2,1000.00,'Ciaran Doyle(test)','2024-12-10 16:52:14'),
(4,4,'',2,1000.00,'Ciaran Doyle(test)','2024-12-10 16:52:19'),
(5,4,'',2,1.00,'Ciaran Doyle(test)','2024-12-10 17:00:37'),
(6,4,'',2,1.00,'Ciaran Doyle(test)','2024-12-10 17:00:52'),
(7,4,'',2,1.00,'Ciaran Doyle(test)','2024-12-10 17:03:50'),
(8,4,'',2,1.00,'Ciaran Doyle(test)','2024-12-10 17:05:00'),
(9,4,'',2,1.00,'Ciaran Doyle(test)','2024-12-10 17:05:46'),
(10,4,'',2,10.00,'Ciaran Doyle','2024-12-10 20:08:30'),
(11,1,'',2,10.00,'Ciaran Doyle(test)','2024-12-10 20:10:52'),
(12,4,'',2,10.00,'Ciaran Doyle','2024-12-10 20:11:33'),
(13,1,'',2,12.00,'Ciaran Doyle(test)','2024-12-10 20:38:34'),
(14,1,'',2,13.00,'Ciaran Doyle(test)','2024-12-10 20:39:31'),
(15,1,'',2,10.00,'Ciaran Doyle(test)','2024-12-10 20:42:33'),
(16,1,'',2,10.00,'Ciaran Doyle(test)','2024-12-10 20:43:44'),
(17,1,'',2,10.00,'Ciaran Doyle(test)','2024-12-10 20:44:07'),
(18,1,'',2,10.00,'Ciaran Doyle(test)','2024-12-10 20:46:46'),
(19,3,'',2,10.00,'Kieran Doyle','2024-12-10 20:54:08'),
(20,3,'',2,10.00,'Kieran','2024-12-10 20:54:53'),
(21,4,'',2,10.00,'Ciaran Doyle(test)','2024-12-10 21:43:15'),
(22,4,'',1,10.00,'Ciaran Doyle(test)','2024-12-10 21:46:46'),
(23,4,'',2,10.00,'Ciaran Doyle(test)','2024-12-10 21:50:01'),
(24,1,'',2,10.00,'Kieran Doyle','2024-12-11 15:31:56'),
(25,4,'',2,1.00,'Ciaran Doyle(test)','2024-12-12 15:36:13'),
(28,4,'',2,1.00,'Ciaran Doyletest','2024-12-16 21:58:29'),
(40,4,'',1,100.00,'test','2024-12-20 00:00:00'),
(48,28,'test',3,1.00,'test008','2024-12-20 17:15:46'),
(49,28,'test',3,1.00,'Ciaran Doyle(test)','2024-12-20 18:57:08'),
(50,28,'test',3,10000.00,'Ciaran Doyle(test)','2024-12-22 23:36:38'),
(51,28,'test',3,10000.00,'Ciaran Doyle(test)','2024-12-22 23:37:20'),
(52,28,'test',3,15000.00,'Ciaran Doyle(test)','2024-12-22 23:38:45'),
(53,28,'test',3,249.00,'Ciaran Doyle(test)','2024-12-22 23:41:36'),
(54,28,'test',3,20.00,'Ciaran Doyle(test)','2024-12-23 18:54:45'),
(55,28,'test',3,34.00,'Ciaran Doyle(test)','2024-12-23 18:57:33'),
(56,28,'test',3,0.00,'Ciaran Doyle(test)','2024-12-23 19:06:06'),
(57,28,'test',3,5.00,'Ciaran Doyle(test)','2024-12-23 19:07:08'),
(58,4,'dolphinsc',2,5.00,'Ciaran Doyle','2024-12-23 19:10:57'),
(59,3,'dolphinsc',2,5.00,'Kieran Doyle','2024-12-23 19:14:52'),
(60,3,'dolphinsc',2,5.00,'Kieran Doyle','2024-12-23 19:18:11'),
(61,3,'dolphinsc',5,2.00,'Kieran Doyle','2024-12-24 10:38:28'),
(62,3,'dolphinsc',5,2.00,'Kieran Doyle','2024-12-24 10:38:37'),
(63,3,'dolphinsc',2,1.00,'Kieran Doyle','2024-12-24 10:39:26'),
(64,3,'dolphinsc',2,2.00,'Kieran Doyle','2024-12-24 10:47:34'),
(65,3,'dolphinsc',2,2.00,'Kieran Doyle','2024-12-24 10:49:35'),
(66,4,'dolphinsc',5,0.00,'Ciaran Doyletest','2024-12-27 01:50:13'),
(67,4,'dolphinsc',5,0.00,'Ciaran Doyletest','2024-12-27 01:51:03'),
(68,4,'dolphinsc',5,0.00,'Ciaran Doyletest','2024-12-27 01:51:56'),
(69,4,'dolphinsc',5,0.00,'Ciaran Doyletest','2024-12-27 01:52:02'),
(70,4,'dolphinsc',5,0.00,'Ciaran Doyletest','2024-12-27 01:52:09'),
(71,4,'dolphinsc',5,0.00,'Ciaran Doyletest','2024-12-27 01:54:24'),
(72,4,'dolphinsc',5,0.00,'Ciaran Doyletest','2024-12-27 01:55:09'),
(73,28,'test',8,0.00,'Ciaran Doyle','2024-12-27 10:50:55'),
(74,17,'test',8,2.00,'Ciaran Doyle','2024-12-27 10:56:42'),
(75,28,'test',9,0.00,'Ciaran Doyle','2024-12-29 18:06:19'),
(76,17,'test',9,3.00,'Ciaran Doyle','2024-12-30 22:14:08'),
(77,28,'test',11,30.00,'Ciarán Doyle','2024-12-31 14:27:30'),
(78,28,'test',11,25.00,'Ciarán Doyle','2024-12-31 14:28:43'),
(79,17,'test',7,50.00,'Ciarán Doyle','2025-03-18 10:05:06'),
(80,17,'test',7,0.00,'Ciarán Doyle','2025-03-18 10:05:38');
commit;

--
-- Table structure for table `emails`
--

CREATE TABLE `emails` (
  `id` int(11) NOT NULL AUTO_INCREMENT,
  `sender` varchar(255) DEFAULT NULL,
  `recipient` varchar(255) NOT NULL,
  `subject` varchar(255) DEFAULT NULL,
  `body` text DEFAULT NULL,
  `emailType` varchar(255) NOT NULL,
  `status` varchar(255) NOT NULL DEFAULT 'normal',
  `date_sent` datetime DEFAULT current_timestamp(),
  PRIMARY KEY (`id`)
) ENGINE=InnoDB AUTO_INCREMENT=57 DEFAULT CHARSET=utf8mb4 COLLATE=utf8mb4_general_ci;

--
-- Dumping data for table `emails`
--

set autocommit=0;
INSERT INTO `emails` VALUES
(19,'test008@test.com','c3202149@gmail.com','test','this is a test email\r\n\r\nWith line breaks.\r\n\r\nfrom ciaran/test008','plainText','normal','2024-10-31 11:53:55'),
(23,'test008@test.com','ciarandoy11@gmail.com','Unpaid Invoice','Hi Ciaran,<br><br>We have noticed that your invoice sent by us on 2024-10-24, is still unpaid.<br><br>Please pay <a href=\"https://invoice.stripe.com/i/acct_1PK2I400D9NldbeX/live_YWNjdF8xUEsySTQwMEQ5TmxkYmVYLF9SNzYybXFickowM3N3bE5MYVM0MkNicFY0Z3RnS3pkLDEyMDY1ODUyMQ0200BBhh3Qw0?s=db\">here</a> or complete this form explaining the missing payment: <br><br>Yours Sincerely, test008.','html','normal','2024-10-31 12:21:54'),
(31,'test008@test.com','ciarandoy11@gmail.com','Unpaid Invoice','Hi Ciaran,<br><br>We have noticed that your invoice sent by us on 2024-10-24, is still unpaid.<br>Please pay <a href=\"https://invoice.stripe.com/i/acct_1PK2I400D9NldbeX/live_YWNjdF8xUEsySTQwMEQ5TmxkYmVYLF9SNWFoQzV3Q1Z2UFNmdUhvVEFrTVV6S3Nod1RmaXd3LDEyMDkzNDA4NA0200IIIV37ku?s=ap\">here</a> or complete this form explaining the missing payment: <br>Yours Sincerely, test008.','html','normal','2024-10-31 16:48:13'),
(32,'test008@test.com','c3202149@gmail.com','Unpaid Invoice','Hi Ciaran,<br><br>We have noticed that your invoice sent by us on 2024-10-05, is still unpaid.<br><br>Please pay <a href=\"https://invoice.stripe.com/i/acct_1PK2I400D9NldbeX/live_YWNjdF8xUEsySTQwMEQ5TmxkYmVYLF9ReVV6cGl3SGwwUE11Z0FhWnlFbDdVRXFuTXE0UHpJLDEyMTAzMjY1Nw0200tfQUnFKh?s=ap\">here</a> or complete this form explaining the missing payment: <br>Yours Sincerely, test008.','html','normal','2024-11-01 20:11:05'),
(34,'c3202149@gmail.com','kierandoy@gmail.com','testing123','testing Kieran Doyle 12 Dec','plainText','normal','2024-12-12 12:30:09'),
(39,'test008@test.com','ciarandoy11@gmail.com','Unpaid Invoice','Hi Ciaran,<br><br>We have noticed that your invoice dated 2025-01-06 remains unpaid.<br><br> Please inform us about any issues by replying to this email to the following address: <a href=\"mailto:test008@test.com\">test008@test.com</a><br><br>Best regards,<br>test008.','html','normal','2025-01-12 14:17:53'),
(40,'ciarandoy11@gmail.com','kierandoy@gmail.com','MysportManager test email','This is a test by Kieran Doyle on 24th Feb 2025','plainText','normal','2025-02-24 12:41:25'),
(42,'test008@test.com','test008@test.com','Unpaid Invoice','Hi test008,<br><br>We have noticed that your invoice sent by us on 2024-10-05, is still unpaid.<br><br>Please pay <a href=\"https://invoice.stripe.com/i/acct_1PK2I400D9NldbeX/live_YWNjdF8xUEsySTQwMEQ5TmxkYmVYLF9ReVV6cGl3SGwwUE11Z0FhWnlFbDdVRXFuTXE0UHpJLDEzMjg0Nzk5NQ0200KGOIrXba?s=ap\">here</a> or complete this form explaining the missing payment: <br>Yours Sincerely, test008.','html','normal','2025-03-18 14:13:18'),
(43,'test008@test.com','test008@test.com','Unpaid Invoice','Hi test008,<br><br>We have noticed that your invoice sent by us on 2024-10-05, is still unpaid.<br><br>Please pay <a href=\"https://invoice.stripe.com/i/acct_1PK2I400D9NldbeX/live_YWNjdF8xUEsySTQwMEQ5TmxkYmVYLF9ReVV6cGl3SGwwUE11Z0FhWnlFbDdVRXFuTXE0UHpJLDEzMjg0ODAyMw020094AyzKpI?s=ap\">here</a> or complete this form explaining the missing payment: <br>Yours Sincerely, test008.','html','normal','2025-03-18 14:13:47'),
(46,'','ciarandoy11@gmail.com','test email send','did this email send on 19-03-25 at 17:45','plainText','normal','2025-03-19 17:45:53'),
(47,'noreply.mysportmanager@gmail.com','newclubtest@test.com','Complete Your Account Setup','Please complete your account setup by clicking the following link:\n\nhttps://connect.stripe.com/setup/e/acct_1R4QqA08zC78PgCt/l1Wdp69oHmIS','plainText','normal','2025-03-19 17:55:46'),
(48,'noreply.mysportmanager@gmail.com','newclubtest@test.com','Complete Your Account Setup','Please complete your account setup by clicking the following link:\n\nhttps://connect.stripe.com/setup/e/acct_1R4RLrP8kjd1WSNS/Tk66ZIP2TCrY','plainText','normal','2025-03-19 18:28:32'),
(49,'noreply.mysportmanager@gmail.com','newclubtest@test.com','Complete Your Account Setup','Please complete your account setup by clicking the following link:\n\nhttps://connect.stripe.com/setup/e/acct_1R4RMyP1AEMaGGET/j86Mdu1WLDAA','plainText','normal','2025-03-19 18:29:41'),
(50,'noreply.mysportmanager@gmail.com','newclubtest@test.com','Complete Your Account Setup','Please complete your account setup by clicking the following link:\n\nhttps://connect.stripe.com/setup/e/acct_1R4ROjP8o1FtXPPj/zg2prR6vQa9f','plainText','normal','2025-03-19 18:31:30'),
(51,'noreply.mysportmanager@gmail.com','newclubtest@test.com','Complete Your Account Setup','Please complete your account setup by clicking the following link:\n\nhttps://connect.stripe.com/setup/e/acct_1R4RUu00LuTcDF5v/oVQqOqsHhYFw','plainText','normal','2025-03-19 18:37:53'),
(52,'noreply.mysportmanager@gmail.com','newclubtest@test.com','Complete Your Account Setup','Please complete your account setup by clicking the following link:\n\nhttps://connect.stripe.com/setup/e/acct_1R4Ro1P07Fl4I0Nv/gd7YmXM0TPRe','plainText','normal','2025-03-19 18:57:38'),
(53,'test005@test.com','test007@example.com','Coach\'s enquiry ','please reply promptly mr test','plainText','spam','2025-10-08 19:50:59'),
(56,'test008@test.com','test005@test.com','Invoice: in_1RiCsz00D9NldbeXDPPrZ4Rs','Hi test005,<br><br>We have noticed that your invoice dated 2025-07-07 remains unpaid.<br><br>Please make a payment using this link: <a href=\"https://invoice.stripe.com/i/acct_1PK2I400D9NldbeX/live_YWNjdF8xUEsySTQwMEQ5TmxkYmVYLF9TZFRxRTRGVHNVeXVMSVIxa29raTk4NmVQR3BHVzB0LDE1MjQ4MTY0Ng0200xA78vKhk?s=ap\">Pay Now</a><br><br>Best regards.','html','normal','2025-10-31 20:00:53');
commit;

--
-- Table structure for table `fundraising`
--

CREATE TABLE `fundraising` (
  `id` int(11) NOT NULL AUTO_INCREMENT,
  `club` varchar(255) NOT NULL,
  `games` text NOT NULL,
  `goal` int(11) NOT NULL,
  `current_amount_raised` int(11) NOT NULL DEFAULT 0,
  `doners` text NOT NULL,
  `price` decimal(11,2) NOT NULL DEFAULT 0.50,
  `numbers` varchar(2048) DEFAULT NULL,
  `last_updated` timestamp NOT NULL DEFAULT current_timestamp() ON UPDATE current_timestamp(),
  UNIQUE KEY `id` (`id`)
) ENGINE=InnoDB AUTO_INCREMENT=15 DEFAULT CHARSET=utf8mb4 COLLATE=utf8mb4_general_ci ROW_FORMAT=COMPACT;

--
-- Dumping data for table `fundraising`
--

set autocommit=0;
INSERT INTO `fundraising` VALUES
(2,'dolphinsc','Bingo',3000000,172,'27',0.50,'53,65,44,10,37,25,51,8,41,52,4,26,35,45,16,60,50,69,58,24,17,30,36,61,23,14,1,46,22,63,3','2024-12-24 10:49:35'),
(4,'dolphinsc','Lotto',3000000,0,'0',0.50,NULL,'2024-12-23 17:12:48'),
(5,'dolphinsc','Lotto',3000,4,'9',1.00,NULL,'2024-12-27 01:55:09'),
(6,'dolphinsc','Lotto',4500,0,'0',3.50,NULL,'2024-12-23 17:19:31'),
(7,'test','Bingo',3000000,306,'12',2.50,'12,27,39,73,51,10,3,33,46,55,21,59,37','2025-10-31 20:02:54'),
(8,'test','Lotto',300000,2,'2',3.00,'2,6,23,28,36,43','2025-10-31 20:03:12'),
(9,'test','Raffle',300000,3,'2',3.00,'4,5,7,6,2','2025-10-31 20:03:29'),
(11,'test','JustDonate',300,55,'2',0.00,NULL,'2024-12-31 14:28:43');
commit;

--
-- Table structure for table `games`
--

CREATE TABLE `games` (
  `id` int(11) NOT NULL AUTO_INCREMENT,
  `user_id` int(11) NOT NULL,
  `club` varchar(255) NOT NULL,
  `card` longtext CHARACTER SET utf8mb4 COLLATE utf8mb4_bin NOT NULL,
  `selectedNumbers` varchar(2048) DEFAULT NULL,
  `bingo` int(1) NOT NULL DEFAULT 0,
  `matches` int(3) DEFAULT NULL,
  `gameID` int(11) NOT NULL,
  `created_at` timestamp NOT NULL DEFAULT current_timestamp(),
  PRIMARY KEY (`id`)
) ENGINE=InnoDB AUTO_INCREMENT=96 DEFAULT CHARSET=utf8mb4 COLLATE=utf8mb4_general_ci;

--
-- Dumping data for table `games`
--

set autocommit=0;
INSERT INTO `games` VALUES
(6,4,'dolphinsc','[[14,8,6,3,12],[28,17,20,27,19],[37,45,\"FREE\",36,44],[59,46,47,57,48],[71,63,65,73,74]]',',65,44,37,8,45,17',0,NULL,2,'2024-12-10 17:23:06'),
(7,4,'dolphinsc','[[2,8,11,10,7],[22,28,30,26,19],[33,36,\"FREE\",39,37],[50,55,52,57,59],[72,62,73,68,64]]',',10,37,8,52,26,50,30',0,NULL,2,'2024-12-10 17:29:50'),
(8,4,'dolphinsc','[[3,13,7,14,10],[29,18,17,26,20],[41,42,\"FREE\",43,36],[59,48,49,60,57],[72,65,63,68,71]]',',65,10,41,26,60,17',0,NULL,2,'2024-12-10 17:30:12'),
(9,4,'dolphinsc','[[12,13,11,1,6],[25,21,18,27,16],[39,36,\"FREE\",32,45],[55,53,57,48,47],[65,74,62,70,66]]',',53,65,25,45,16',0,NULL,2,'2024-12-10 17:31:41'),
(10,4,'dolphinsc','[[14,4,2,3,7],[30,17,16,23,20],[44,34,\"FREE\",33,32],[54,51,46,50,55],[66,65,72,62,63]]',',65,44,51,4,16,50,17,30',0,NULL,2,'2024-12-10 17:32:14'),
(11,4,'dolphinsc','[[6,3,8,12,4],[28,17,18,22,21],[44,39,\"FREE\",41,43],[52,56,54,46,59],[74,66,70,63,73]]',',44,41,4,17',0,NULL,2,'2024-12-10 17:33:39'),
(13,4,'dolphinsc','[[6,14,1,11,13],[22,24,29,28,20],[34,33,\"FREE\",38,41],[46,50,58,56,59],[65,64,61,75,70]]',',65,41,50,58,24',0,NULL,2,'2024-12-10 20:11:05'),
(14,4,'dolphinsc','[[2,12,3,15,6],[24,20,16,22,21],[34,44,\"FREE\",42,37],[54,59,50,52,60],[71,62,61,68,70]]',',44,37,52,16,60,50,24',0,NULL,2,'2024-12-10 20:11:07'),
(15,4,'dolphinsc','[[4,5,9,14,3],[29,21,30,17,26],[32,37,\"FREE\",38,35],[58,57,46,54,48],[73,61,63,75,62]]',',37,58,4,26,35,17,30',0,NULL,2,'2024-12-10 20:11:33'),
(26,1,'dolphinsc','[[12,6,4,13,5],[26,17,16,23,21],[44,45,\"FREE\",35,33],[51,60,58,59,52],[74,71,67,64,75]]','',0,NULL,2,'2024-12-10 20:22:12'),
(27,1,'dolphinsc','[[9,1,12,10,11],[21,25,30,20,29],[37,44,\"FREE\",33,42],[54,55,57,60,58],[70,65,66,67,64]]','',0,NULL,2,'2024-12-10 20:22:13'),
(28,1,'dolphinsc','[[13,15,10,9,2],[22,17,23,18,25],[33,38,\"FREE\",39,37],[58,49,54,51,60],[74,66,68,73,72]]','',0,NULL,2,'2024-12-10 20:23:04'),
(29,1,'dolphinsc','[[15,2,3,1,13],[29,16,20,27,23],[38,31,\"FREE\",39,41],[46,51,49,52,48],[69,65,63,70,71]]','',0,NULL,2,'2024-12-10 20:23:40'),
(30,1,'dolphinsc','[[15,10,8,6,1],[18,16,22,24,20],[37,43,\"FREE\",31,36],[47,56,51,57,53],[75,74,70,65,73]]','',0,NULL,2,'2024-12-10 20:27:02'),
(31,1,'dolphinsc','[[11,14,13,10,1],[16,18,27,25,26],[34,43,\"FREE\",44,42],[55,54,48,57,58],[70,67,61,64,74]]','',0,NULL,2,'2024-12-10 20:46:46'),
(32,3,'dolphinsc','[[6,11,15,4,3],[19,29,30,26,24],[43,34,\"FREE\",45,39],[48,46,52,50,57],[63,75,70,64,66]]',',46,52,4,26,45,50,63,24,30',0,NULL,2,'2024-12-10 20:54:08'),
(33,3,'dolphinsc','[[15,1,11,10,6],[25,29,23,26,21],[37,34,\"FREE\",41,43],[51,55,50,59,48],[63,71,69,72,64]]',',10,37,25,41,51,26',0,NULL,2,'2024-12-10 20:54:53'),
(34,4,'dolphinsc','[[6,2,8,3,11],[27,21,29,26,17],[37,35,\"FREE\",36,44],[47,60,49,54,56],[73,69,74,62,61]]',',44,37,8,26,35,60,69,17',0,NULL,2,'2024-12-10 21:43:16'),
(36,4,'dolphinsc','[[15,6,4,5,9],[18,30,20,22,29],[41,37,\"FREE\",38,34],[48,58,53,55,47],[71,72,75,69,65]]',',53,65,37,41,4,69,58,30',0,NULL,2,'2024-12-10 21:50:02'),
(37,1,'dolphinsc','[[8,1,15,5,4],[20,28,17,27,16],[38,43,\"FREE\",32,34],[53,47,50,46,57],[73,61,66,70,69]]','',0,NULL,2,'2024-12-11 15:31:56'),
(38,4,'dolphinsc','[[2,4,8,10,12],[23,25,20,22,19],[40,45,\"FREE\",44,32],[48,58,60,55,54],[66,68,62,71,64]]',',44,10,25,8,4,45,60,58',0,NULL,2,'2024-12-12 15:36:14'),
(48,28,'test','[[14,3,1,13,11],[30,18,20,16,26],[31,32,\"FREE\",40,35],[49,46,53,47,51],[64,68,72,61,73]]',',73,11,68,16,49,3,20,40,64,1,72,61',1,NULL,3,'2024-12-20 17:15:46'),
(49,28,'test','[[6,10,2,14,9],[18,29,20,25,28],[42,31,\"FREE\",38,40],[60,53,55,50,54],[71,75,66,63,64]]',',64,38,29,71,9,40,66,31,53,75,28,25',1,NULL,3,'2024-12-20 18:57:08'),
(50,28,'test','[[4,7,13,9,11],[24,29,19,17,23],[31,43,\"FREE\",33,42],[60,50,57,52,58],[73,64,65,66,62]]',NULL,0,NULL,3,'2024-12-22 23:36:38'),
(51,28,'test','[[3,1,5,6,2],[24,29,21,26,27],[38,32,\"FREE\",44,35],[49,52,55,59,48],[62,71,61,64,70]]',NULL,0,NULL,3,'2024-12-22 23:37:20'),
(52,28,'test','[[14,2,9,12,7],[28,23,16,17,19],[35,41,\"FREE\",45,34],[49,59,55,47,48],[67,63,62,61,69]]',NULL,0,NULL,3,'2024-12-22 23:38:45'),
(53,28,'test','[[10,1,2,14,12],[22,23,27,25,21],[32,39,\"FREE\",45,38],[49,53,56,46,57],[75,74,64,72,66]]',NULL,0,NULL,3,'2024-12-22 23:41:36'),
(54,28,'test','[[11,1,2,7,4],[24,19,17,27,26],[40,34,\"FREE\",42,39],[48,46,55,59,50],[67,66,75,69,71]]',NULL,0,NULL,3,'2024-12-23 18:54:45'),
(55,28,'test','[[3,8,14,13,9],[18,23,22,28,29],[32,42,\"FREE\",31,45],[50,52,56,53,55],[66,68,71,70,67]]',NULL,0,NULL,3,'2024-12-23 18:57:33'),
(56,28,'test','[[6,14,12,7,8],[23,30,22,24,26],[43,45,\"FREE\",40,33],[58,52,56,57,51],[70,73,74,66,72]]',NULL,0,NULL,3,'2024-12-23 19:06:06'),
(57,28,'test','[[1,13,6,8,2],[25,24,21,27,17],[38,39,\"FREE\",35,32],[54,53,60,52,48],[68,67,75,71,61]]',NULL,0,NULL,3,'2024-12-23 19:06:06'),
(58,28,'test','[[15,13,9,10,14],[27,25,22,21,28],[43,36,\"FREE\",32,44],[55,57,52,58,54],[75,65,61,69,67]]',NULL,0,NULL,3,'2024-12-23 19:07:08'),
(59,28,'test','[[10,14,13,4,3],[23,27,18,17,26],[32,43,\"FREE\",34,38],[53,54,58,57,49],[69,70,63,68,62]]',NULL,0,NULL,3,'2024-12-23 19:07:08'),
(60,28,'test','[[10,13,7,12,14],[22,30,17,29,26],[39,41,\"FREE\",32,33],[59,58,46,49,57],[66,71,67,65,64]]',NULL,0,NULL,3,'2024-12-23 19:07:08'),
(61,28,'test','[[8,11,14,4,1],[22,26,19,20,16],[32,40,\"FREE\",45,42],[49,46,57,53,51],[72,69,67,70,74]]',NULL,0,NULL,3,'2024-12-23 19:07:08'),
(62,4,'dolphinsc','[[4,5,6,14,13],[28,27,19,18,30],[35,42,\"FREE\",44,33],[53,52,58,59,57],[75,64,70,63,72]]',NULL,0,NULL,2,'2024-12-23 19:10:57'),
(63,4,'dolphinsc','[[6,8,2,7,11],[22,28,25,19,26],[39,32,\"FREE\",37,33],[59,50,51,47,49],[67,62,72,68,61]]',NULL,0,NULL,2,'2024-12-23 19:10:57'),
(64,4,'dolphinsc','[[6,5,8,11,3],[27,19,20,25,23],[37,35,\"FREE\",32,31],[46,55,60,54,50],[61,73,75,68,62]]',NULL,0,NULL,2,'2024-12-23 19:10:57'),
(65,4,'dolphinsc','[[11,1,12,5,3],[25,19,26,18,16],[43,40,\"FREE\",36,38],[54,48,55,49,53],[73,66,64,72,70]]',NULL,0,NULL,2,'2024-12-23 19:10:57'),
(66,4,'dolphinsc','[[7,6,4,12,8],[20,22,30,26,29],[37,34,\"FREE\",33,43],[53,46,56,59,51],[63,67,64,62,69]]',NULL,0,NULL,2,'2024-12-23 19:10:58'),
(67,3,'dolphinsc','[[8,2,7,4,9],[22,21,19,29,27],[44,38,\"FREE\",35,34],[52,55,48,49,56],[73,67,63,61,64]]',',44,21,8,52,4,35,61,63',0,NULL,2,'2024-12-23 19:14:52'),
(68,3,'dolphinsc','[[10,12,6,8,15],[28,25,24,16,29],[33,37,\"FREE\",44,40],[53,46,52,54,48],[72,69,73,70,61]]',',53,44,37,10,25,8,52,24,61,46,69,16',0,NULL,2,'2024-12-23 19:14:52'),
(69,3,'dolphinsc','[[10,3,1,15,2],[24,22,17,18,16],[34,37,\"FREE\",40,35],[56,55,54,47,59],[70,62,73,71,75]]',',10,37,24,17',0,NULL,2,'2024-12-23 19:14:52'),
(70,3,'dolphinsc','[[9,7,1,10,4],[26,28,25,19,22],[41,43,\"FREE\",44,39],[52,46,53,51,55],[63,64,61,65,67]]',',53,65,44,10,25,51,41,52,4,26,61,1',1,NULL,2,'2024-12-23 19:14:52'),
(71,3,'dolphinsc','[[9,10,1,11,2],[24,19,22,21,27],[45,42,\"FREE\",44,40],[60,56,49,50,47],[73,72,63,64,75]]',NULL,0,NULL,2,'2024-12-23 19:14:52'),
(72,3,'dolphinsc','[[15,13,1,12,10],[25,27,26,16,29],[31,36,\"FREE\",33,42],[50,53,47,51,48],[64,70,61,62,74]]',NULL,0,NULL,2,'2024-12-23 19:18:11'),
(73,3,'dolphinsc','[[12,1,5,15,6],[21,24,26,25,17],[45,34,\"FREE\",33,42],[55,56,57,49,50],[62,67,65,72,68]]',NULL,0,NULL,2,'2024-12-24 10:39:26'),
(74,3,'dolphinsc','[[2,6,10,8,7],[22,18,21,26,23],[39,35,\"FREE\",40,36],[48,53,46,49,57],[65,63,71,75,69]]',NULL,0,NULL,2,'2024-12-24 10:47:34'),
(75,3,'dolphinsc','[[6,10,3,13,12],[24,23,26,17,16],[43,32,\"FREE\",38,39],[57,46,48,58,55],[72,70,74,68,64]]',NULL,0,NULL,2,'2024-12-24 10:49:35'),
(76,4,'dolphinsc','[0[]],[1[]]',NULL,0,NULL,5,'2024-12-27 01:55:09'),
(77,4,'dolphinsc','[0[]],[1[]]',NULL,0,NULL,5,'2024-12-27 01:55:09'),
(78,28,'test','blank',NULL,0,NULL,8,'2024-12-27 10:50:55'),
(79,28,'test','blank',NULL,0,NULL,8,'2024-12-27 10:50:55'),
(80,17,'test','blank','9,4,2,1,5,11',1,3,8,'2024-12-27 10:56:42'),
(81,17,'test','blank','2,5,18,21,41,44',0,0,8,'2024-12-27 10:56:42'),
(82,17,'test','blank','9,5,6,7,8,11',1,2,8,'2024-12-27 10:56:42'),
(83,28,'test','1',NULL,1,NULL,9,'2024-12-29 18:06:19'),
(84,28,'test','2',NULL,0,NULL,9,'2024-12-29 18:06:20'),
(85,28,'test','3',NULL,1,NULL,9,'2024-12-29 18:06:20'),
(86,17,'test','4',NULL,1,NULL,9,'2024-12-30 22:14:08'),
(87,17,'test','5',NULL,0,NULL,9,'2024-12-30 22:14:08'),
(88,17,'test','6',NULL,1,NULL,9,'2024-12-30 22:14:08'),
(89,17,'test','7',NULL,0,NULL,9,'2024-12-30 22:14:08'),
(90,17,'test','8',NULL,1,NULL,9,'2024-12-30 22:14:08'),
(91,17,'test','[[9,4,2,13,10],[25,20,29,18,30],[43,41,\"FREE\",38,40],[46,55,58,49,47],[68,71,67,66,64]]',',2,29,58,67',0,NULL,7,'2025-03-18 10:05:07'),
(92,17,'test','[[12,3,2,8,9],[20,30,23,25,16],[44,35,\"FREE\",40,31],[48,49,54,53,58],[66,61,70,75,63]]',',12,3',0,NULL,7,'2025-03-18 10:05:07'),
(93,17,'test','[[11,1,14,2,10],[20,19,29,21,18],[40,37,\"FREE\",42,43],[46,50,55,48,51],[75,69,61,73,68]]',',10,51,73',0,NULL,7,'2025-03-18 10:05:38'),
(94,17,'test','[[4,9,12,3,5],[27,23,30,22,25],[43,36,\"FREE\",38,34],[58,47,52,57,54],[68,72,67,71,70]]',',12,3,27',0,NULL,7,'2025-03-18 10:05:39'),
(95,17,'test','[[10,12,11,8,3],[16,19,22,20,24],[34,40,\"FREE\",38,45],[59,57,49,53,51],[65,64,63,75,72]]',',10,12,3,51',0,NULL,7,'2025-03-18 10:05:39');
commit;

--
-- Table structure for table `groups`
--

CREATE TABLE `groups` (
  `id` int(11) NOT NULL AUTO_INCREMENT,
  `user_id` int(11) DEFAULT NULL,
  `list_name` varchar(255) NOT NULL,
  `split` varchar(1) DEFAULT NULL,
  `item_name` varchar(255) NOT NULL,
  `pod_exemption` bit(1) NOT NULL DEFAULT b'0',
  `pod_date_exemption` varchar(2000) DEFAULT NULL,
  `club` varchar(255) NOT NULL,
  `pod_day_exemption` int(1) NOT NULL DEFAULT 0,
  `day_exemption` varchar(255) NOT NULL DEFAULT ' ',
  `pod_index` int(11) NOT NULL DEFAULT 0,
  `sibling_index` int(11) NOT NULL DEFAULT 0,
  `siblings` text DEFAULT NULL,
  `dob` date DEFAULT NULL,
  `age` int(11) DEFAULT 0,
  `gender` enum('male','female','open') NOT NULL DEFAULT 'open',
  `regCode` int(8) NOT NULL DEFAULT 12345678,
  `inSchool` int(1) NOT NULL DEFAULT 1,
  `overide` int(1) NOT NULL DEFAULT 0,
  `otherActivity` int(1) NOT NULL DEFAULT 1,
  PRIMARY KEY (`id`),
  KEY `sibling_index` (`sibling_index`),
  KEY `sibling_index_2` (`sibling_index`)
) ENGINE=InnoDB AUTO_INCREMENT=2797 DEFAULT CHARSET=utf8mb4 COLLATE=utf8mb4_general_ci;

--
-- Dumping data for table `groups`
--

set autocommit=0;
INSERT INTO `groups` VALUES
(93,0,'G1','','Ricky Fane',0x00,NULL,'dolphinsc',0,'',70,0,NULL,NULL,NULL,'open',12345678,1,0,0),
(95,0,'G1','','Aidan McGrath',0x01,NULL,'dolphinsc',0,'',595,0,NULL,NULL,NULL,'open',12345678,1,0,0),
(97,0,'G1','','Shauna Murphy',0x01,NULL,'dolphinsc',0,'',780,0,NULL,NULL,NULL,'open',12345678,1,0,0),
(99,0,'G1','','Ruby Swinburne',0x00,NULL,'dolphinsc',0,'',48,0,NULL,NULL,NULL,'open',12345678,1,0,0),
(100,0,'G1','','Noah Switzer',0x00,NULL,'dolphinsc',0,'',101,0,NULL,NULL,NULL,'open',12345678,1,0,0),
(109,0,'G3','B','Shonagh Ferriss',0x00,NULL,'dolphinsc',1,'Wednesday',77,0,NULL,NULL,NULL,'open',12345678,1,0,0),
(110,0,'G2','','Roan Gilli',0x01,NULL,'dolphinsc',0,'',1959,0,NULL,NULL,NULL,'open',12345678,1,0,0),
(114,0,'G4','','Roisin Brannigan',0x00,NULL,'dolphinsc',0,'',26,0,'Roisin Brannigan',NULL,NULL,'open',12345678,1,0,1),
(115,0,'G3','B','Emma Bugler',0x01,NULL,'dolphinsc',0,'',1921,0,NULL,NULL,NULL,'open',12345678,1,0,1),
(116,0,'G3','A','Emma Crowley',0x00,NULL,'dolphinsc',0,'',76,0,NULL,NULL,NULL,'open',12345678,1,0,1),
(117,0,'G3','A','Emily Donohoe',0x00,NULL,'dolphinsc',0,'',59,0,NULL,NULL,NULL,'open',12345678,1,0,1),
(118,0,'G3','A','Orna Higgins',0x00,NULL,'dolphinsc',0,'',57,0,NULL,NULL,NULL,'open',12345678,1,0,1),
(120,0,'G4','','Rene Malley',0x00,NULL,'dolphinsc',1,'Monday',32,0,NULL,NULL,NULL,'open',12345678,1,0,1),
(121,0,'G3','A','Elin Manson',0x00,NULL,'dolphinsc',0,'',50,0,NULL,NULL,NULL,'open',12345678,1,0,0),
(122,0,'G3','A','Aoibhe Moroney',0x00,NULL,'dolphinsc',0,'',39,0,NULL,NULL,NULL,'open',12345678,1,0,1),
(126,0,'G2','','Enda Terry',0x01,NULL,'dolphinsc',0,'',2002,0,'Enda Terry',NULL,NULL,'open',12345678,1,0,0),
(137,0,'G6','B','Megan Cowhey',0x00,NULL,'dolphinsc',1,'Monday,Tuesday,Wednesday,Thursday,Friday',44,0,NULL,NULL,NULL,'open',12345678,1,0,1),
(139,0,'G6','B','Clodagh Martin',0x00,NULL,'dolphinsc',0,'',110,0,NULL,NULL,NULL,'open',12345678,1,0,1),
(141,0,'G6','A','Aine O Brien',0x00,NULL,'dolphinsc',0,'',49,0,NULL,NULL,NULL,'open',12345678,1,0,0),
(144,0,'G6','A','Charlie Healy',0x00,NULL,'dolphinsc',0,'',47,0,NULL,NULL,NULL,'open',12345678,1,0,1),
(146,0,'G9','A','Vincent McCarthy',0x00,NULL,'dolphinsc',0,'',58,0,NULL,NULL,NULL,'open',12345678,1,0,0),
(147,0,'G6','A','Sean O Shea',0x00,NULL,'dolphinsc',0,'',41,0,NULL,NULL,NULL,'open',12345678,1,0,1),
(148,0,'G6','B','Patrick Polak',0x00,NULL,'dolphinsc',0,'',75,0,NULL,NULL,NULL,'open',12345678,1,0,1),
(173,0,'G9','B','Callum Buckley',0x00,'10/06/23,11/06/23','dolphinsc',0,'',138,0,NULL,NULL,NULL,'open',12345678,1,0,0),
(196,0,'G12','','Lorcan Buckley',0x00,NULL,'dolphinsc',0,'',211,0,NULL,NULL,NULL,'open',12345678,1,0,1),
(198,0,'J4','','Cory Cremin',0x00,NULL,'dolphinsc',0,'',569,0,NULL,NULL,NULL,'open',12345678,1,0,1),
(202,0,'J2','','Maisie Foley',0x00,NULL,'dolphinsc',0,'',22,0,NULL,NULL,NULL,'open',12345678,1,0,1),
(204,0,'J1','','Alice Hayes',0x00,NULL,'dolphinsc',0,'',73,0,NULL,NULL,NULL,'open',12345678,1,0,1),
(227,0,'J1','','Rosie Healy',0x00,NULL,'dolphinsc',0,'',55,0,NULL,NULL,NULL,'open',12345678,1,0,1),
(303,0,'G1','','Tadhg O Brien',0x00,NULL,'dolphinsc',0,'',109,0,NULL,NULL,NULL,'open',12345678,1,0,1),
(305,0,'G1','','Ellen Lee',0x01,NULL,'dolphinsc',0,'',1927,0,NULL,NULL,NULL,'open',12345678,1,0,0),
(308,0,'G2','','Leo Lobanets',0x00,NULL,'dolphinsc',0,'',45,0,NULL,NULL,NULL,'open',12345678,1,0,0),
(314,0,'G6','A','Molly O Halloran',0x00,NULL,'dolphinsc',0,'',80,0,NULL,NULL,NULL,'open',12345678,1,0,0),
(318,0,'G4','A','Claire Bugler',0x01,'10/06/23,11/06/23','dolphinsc',0,'',1939,0,NULL,NULL,NULL,'open',12345678,1,0,1),
(322,0,'G7','A','Charlotte Costello',0x01,NULL,'dolphinsc',0,'',1966,0,NULL,NULL,NULL,'open',12345678,1,0,0),
(323,0,'G7','A','Philippa Costello',0x01,'10/06/23,11/06/23','dolphinsc',0,'',1920,0,NULL,NULL,NULL,'open',12345678,1,0,0),
(324,0,'G7','A','Seb Dunne',0x01,'10/06/23,11/06/23','dolphinsc',0,'',1757,0,NULL,NULL,NULL,'open',12345678,1,0,1),
(327,0,'G7','A','Laura Garcia-Villa',0x00,NULL,'dolphinsc',0,'',74,0,NULL,NULL,NULL,'open',12345678,1,0,1),
(331,0,'G7','A','Isabella Malley',0x00,'10/06/23,11/06/23','dolphinsc',1,'Monday,Sunday',2,0,NULL,NULL,NULL,'open',12345678,1,0,1),
(332,0,'G7','B','Eoin Manson',0x00,'10/06/23,11/06/23','dolphinsc',0,'',43,0,NULL,NULL,NULL,'open',12345678,1,0,0),
(334,0,'G7','A','Kevin Murphy',0x00,'10/06/23,11/06/23','dolphinsc',1,'Thursday,Sunday',1,0,NULL,NULL,NULL,'open',12345678,1,0,1),
(339,0,'G8','A','Ella Spillane',0x01,'10/06/23,11/06/23','dolphinsc',0,'',1976,0,NULL,NULL,NULL,'open',12345678,1,0,0),
(341,0,'G7','B','Ellie Moroney',0x00,'10/06/23,11/06/23','dolphinsc',0,'',100,0,NULL,NULL,NULL,'open',12345678,1,0,0),
(345,0,'G9','A','Daniel Curtin',0x00,NULL,'dolphinsc',0,'',23,0,NULL,NULL,NULL,'open',12345678,1,0,0),
(346,0,'G8','A','Lucy Forrest',0x00,'10/06/23,11/06/23','dolphinsc',0,'',30,0,NULL,NULL,NULL,'open',12345678,1,0,1),
(347,0,'G9','A','Hannah Kurien',0x00,'10/06/23,11/06/23','dolphinsc',0,'',52,0,NULL,NULL,NULL,'open',12345678,1,0,1),
(348,0,'G8','B','Ryan Herlihy',0x00,'10/06/23,11/06/23','dolphinsc',1,'Friday',21,0,NULL,NULL,NULL,'open',12345678,1,0,0),
(353,0,'G7','B','Aoife Song',0x00,'10/06/23,11/06/23','dolphinsc',0,'',63,0,NULL,NULL,NULL,'open',12345678,1,0,0),
(354,0,'G8','A','Rebecca Whelan',0x00,'10/06/23,11/06/23','dolphinsc',0,'',54,0,NULL,NULL,NULL,'open',12345678,1,0,0),
(357,0,'G9','B','Matt Hofft',0x00,'10/06/23,11/06/23','dolphinsc',0,'',113,0,NULL,NULL,NULL,'open',12345678,1,0,0),
(358,0,'J1','','Melek Jeffers',0x00,'10/06/23,11/06/23','dolphinsc',0,'',191,0,NULL,NULL,NULL,'open',12345678,1,0,1),
(359,0,'G9','B','Lucy Lynch',0x00,NULL,'dolphinsc',1,'Wednesday',93,0,NULL,NULL,NULL,'open',12345678,1,0,0),
(361,0,'J1','','Julie Murphy',0x00,NULL,'dolphinsc',0,'',174,0,NULL,NULL,NULL,'open',12345678,1,0,1),
(364,0,'G8','A','Conor Vaughan',0x00,NULL,'dolphinsc',0,'',28,0,'Cian Vaughan, Conor Vaughan',NULL,NULL,'open',12345678,1,0,0),
(365,0,'J1','','Lena Waliwander',0x00,NULL,'dolphinsc',1,'Thursday',187,0,NULL,NULL,NULL,'open',12345678,1,0,1),
(368,0,'J1','','Ellie Rose Ashman',0x00,NULL,'dolphinsc',0,'',210,0,NULL,NULL,NULL,'open',12345678,1,0,1),
(374,0,'J1','','Molly Delea',0x01,NULL,'dolphinsc',0,'',1944,0,NULL,NULL,NULL,'open',12345678,1,0,1),
(375,0,'J1','','Lily Harrington',0x00,NULL,'dolphinsc',0,'',42,0,NULL,NULL,NULL,'open',12345678,1,0,1),
(383,0,'G8','B','Olivia Ryan',0x00,NULL,'dolphinsc',0,'',105,0,NULL,NULL,NULL,'open',12345678,1,0,1),
(387,0,'J1','','Seojin (Jin) Ha',0x00,NULL,'dolphinsc',0,'',137,0,NULL,NULL,NULL,'open',12345678,1,0,1),
(411,0,'J3','','Molly Watson-Hayes',0x00,NULL,'dolphinsc',0,'',17,0,NULL,NULL,NULL,'open',12345678,1,0,1),
(413,0,'J3','','Thomas Brown-Prentice',0x00,NULL,'dolphinsc',0,'',38,0,NULL,NULL,NULL,'open',12345678,1,0,1),
(414,0,'J4','','Sarah Buckley',0x00,NULL,'dolphinsc',0,'',614,0,NULL,NULL,NULL,'open',12345678,1,0,1),
(416,0,'J2','','Rian Daly',0x00,NULL,'dolphinsc',0,'',62,0,NULL,NULL,NULL,'open',12345678,1,0,1),
(421,0,'J3','','Joseph Kurien',0x00,NULL,'dolphinsc',0,'',20,0,NULL,NULL,NULL,'open',12345678,1,0,1),
(422,0,'L5','','Paige Martin',0x00,NULL,'dolphinsc',0,'',91,0,NULL,NULL,NULL,'open',12345678,1,0,1),
(423,0,'J2','','Malachi Mcutha',0x00,NULL,'dolphinsc',0,'',130,0,NULL,NULL,NULL,'open',12345678,1,0,1),
(425,0,'J4','','Clara Noonan',0x00,NULL,'dolphinsc',0,'',33,0,NULL,NULL,NULL,'open',12345678,1,0,1),
(431,0,'J4','','Lily Spillane',0x01,NULL,'dolphinsc',0,'',2006,0,NULL,NULL,NULL,'open',12345678,1,0,1),
(445,0,'J1','','Padraig O Dubhgain',0x00,NULL,'dolphinsc',0,'',242,0,NULL,NULL,NULL,'open',12345678,1,0,1),
(448,0,'J3','','Hannah Aherne',0x00,NULL,'dolphinsc',0,'',212,0,NULL,NULL,NULL,'open',12345678,1,0,1),
(452,0,'J1','','Fiadh Cullinane',0x00,NULL,'dolphinsc',0,'',84,0,NULL,NULL,NULL,'open',12345678,1,0,1),
(453,0,'J3','','Mabel Dineen',0x00,NULL,'dolphinsc',0,'',69,0,NULL,NULL,NULL,'open',12345678,1,0,1),
(459,0,'G12','','Jake Clancy',0x00,NULL,'dolphinsc',0,'',148,0,NULL,NULL,NULL,'open',12345678,1,0,1),
(460,0,'G12','','Caoimhe Clarke',0x00,NULL,'dolphinsc',0,'',269,0,NULL,NULL,NULL,'open',12345678,1,0,1),
(461,0,'G12','','Dani Dineen',0x00,'10/06/23,11/06/23','dolphinsc',0,'',366,0,NULL,NULL,NULL,'open',12345678,1,0,1),
(463,0,'G12','','Adam Dzienia',0x00,NULL,'dolphinsc',0,'',398,0,NULL,NULL,NULL,'open',12345678,1,0,1),
(469,0,'G12','','Molly LeLu',0x00,NULL,'dolphinsc',0,'',85,0,NULL,NULL,NULL,'open',12345678,1,0,1),
(473,0,'G12','','Mihai Onofrei',0x00,NULL,'dolphinsc',0,'',317,0,NULL,NULL,NULL,'open',12345678,1,0,1),
(474,0,'G12','','Sam O Riordan',0x00,NULL,'dolphinsc',0,'',418,0,NULL,NULL,NULL,'open',12345678,1,0,1),
(477,0,'G12','','Ruby Tracy',0x00,NULL,'dolphinsc',0,'',334,0,NULL,NULL,NULL,'open',12345678,1,0,1),
(480,0,'G7','B','Oscar O Riordan',0x00,NULL,'dolphinsc',0,'',99,0,NULL,NULL,NULL,'open',12345678,1,0,0),
(481,0,'J4','','Niamh O Brien',0x00,NULL,'dolphinsc',0,'',667,0,NULL,NULL,NULL,'open',12345678,1,0,1),
(483,0,'J4','','Grace O Sullivan',0x00,NULL,'dolphinsc',0,'',604,0,NULL,NULL,NULL,'open',12345678,1,0,1),
(485,0,'G1','','Ewan Fane',0x01,NULL,'dolphinsc',0,'',1922,0,NULL,NULL,NULL,'open',12345678,1,0,0),
(486,0,'G1','','Heather Fane',0x01,NULL,'dolphinsc',0,'',1917,0,NULL,NULL,NULL,'open',12345678,1,0,0),
(616,0,'G8','B','Isabel Browne',0x00,NULL,'dolphinsc',0,'',150,0,NULL,NULL,NULL,'open',12345678,1,0,0),
(622,0,'G1','','James McIlroy',0x01,NULL,'dolphinsc',0,'',1970,0,NULL,NULL,NULL,'open',12345678,1,0,1),
(675,0,'LTS','A','Jack Keating',0x00,NULL,'dolphinsc',0,'',66,0,NULL,NULL,NULL,'open',12345678,1,0,1),
(676,0,'LTS','A','Michael Kenneally',0x01,NULL,'dolphinsc',0,'',872,0,NULL,NULL,NULL,'open',12345678,1,0,1),
(677,0,'LTS','A','Caroline Kenneally',0x01,NULL,'dolphinsc',0,'',951,0,NULL,NULL,NULL,'open',12345678,1,0,1),
(678,0,'L5','','Mary Kenneally',0x00,NULL,'dolphinsc',0,'',214,0,NULL,NULL,NULL,'open',12345678,1,0,1),
(680,0,'LTS','A','Aoife Mackey',0x00,NULL,'dolphinsc',0,'',127,0,NULL,NULL,NULL,'open',12345678,1,0,1),
(681,0,'LTS','A','Ellie Mackey',0x00,NULL,'dolphinsc',0,'',143,0,NULL,NULL,NULL,'open',12345678,1,0,1),
(682,0,'J4','','Gabriel Marcinkowski',0x00,NULL,'dolphinsc',0,'',420,0,NULL,NULL,NULL,'open',12345678,1,0,1),
(683,0,'LTS','A','Diarmuid McDonnell',0x00,NULL,'dolphinsc',0,'',165,0,NULL,NULL,NULL,'open',12345678,1,0,1),
(684,0,'LTS','A','Tadhg McDonnell',0x00,NULL,'dolphinsc',0,'',169,0,NULL,NULL,NULL,'open',12345678,1,0,1),
(686,0,'LTS','A','Rose McSweeney',0x00,NULL,'dolphinsc',0,'',171,0,NULL,NULL,NULL,'open',12345678,1,0,1),
(688,0,'L5','','Paul McSweeney',0x00,NULL,'dolphinsc',0,'',369,0,NULL,NULL,NULL,'open',12345678,1,0,1),
(691,0,'LTS','A','Milo O Donoghue',0x00,NULL,'dolphinsc',0,'',288,0,NULL,NULL,NULL,'open',12345678,1,0,1),
(692,0,'LTS','A','Hank O Leary',0x00,NULL,'dolphinsc',0,'',312,0,NULL,NULL,NULL,'open',12345678,1,0,1),
(694,0,'LTS','A','Beth Power',0x00,NULL,'dolphinsc',0,'',331,0,NULL,NULL,NULL,'open',12345678,1,0,1),
(696,0,'LTS','A','Alexandra Shepard',0x01,NULL,'dolphinsc',0,'',1325,0,NULL,NULL,NULL,'open',12345678,1,0,1),
(703,0,'L5','','Whitney Anderson',0x00,NULL,'dolphinsc',0,'',29,0,NULL,NULL,NULL,'open',12345678,1,0,1),
(705,0,'LTS','B','Darragh Byrne',0x00,NULL,'dolphinsc',0,'',164,0,NULL,NULL,NULL,'open',12345678,1,0,1),
(706,0,'LTS','B','Evan Byrne',0x00,NULL,'dolphinsc',0,'',168,0,NULL,NULL,NULL,'open',12345678,1,0,1),
(708,0,'LTS','B','Olivia Conroy',0x01,NULL,'dolphinsc',0,'',784,0,NULL,NULL,NULL,'open',12345678,1,0,1),
(709,0,'LTS','B','Florence Daly',0x00,NULL,'dolphinsc',0,'',170,0,NULL,NULL,NULL,'open',12345678,1,0,1),
(710,0,'LTS','B','Amelie Daly',0x00,NULL,'dolphinsc',0,'',181,0,NULL,NULL,NULL,'open',12345678,1,0,1),
(711,0,'LTS','B','Sarah Farrell',0x01,NULL,'dolphinsc',0,'',835,0,NULL,NULL,NULL,'open',12345678,1,0,1),
(712,0,'LTS','B','Evie Healy',0x00,NULL,'dolphinsc',0,'',15,0,NULL,NULL,NULL,'open',12345678,1,0,1),
(713,0,'LTS','B','Morris Kelleher',0x01,NULL,'dolphinsc',0,'',1133,0,NULL,NULL,NULL,'open',12345678,1,0,1),
(714,0,'LTS','B','Senan Mahfoud',0x00,NULL,'dolphinsc',0,'',34,0,NULL,NULL,NULL,'open',12345678,1,0,1),
(715,0,'LTS','D','Anthony Matuszczyk',0x00,NULL,'dolphinsc',0,'',67,0,NULL,NULL,NULL,'open',12345678,1,0,1),
(716,0,'LTS','D','Asher Mcutha',0x01,NULL,'dolphinsc',0,'',1128,0,NULL,NULL,NULL,'open',12345678,1,0,1),
(717,0,'LTS','B','Julia Murphy',0x01,NULL,'dolphinsc',0,'',1298,0,NULL,NULL,NULL,'open',12345678,1,0,1),
(718,0,'LTS','B','Zoe Nagle',0x00,NULL,'dolphinsc',0,'',65,0,NULL,NULL,NULL,'open',12345678,1,0,1),
(719,0,'LTS','B','Eamon O Connor',0x01,NULL,'dolphinsc',0,'',1308,0,NULL,NULL,NULL,'open',12345678,1,0,1),
(720,0,'LTS','B','Donnacha O Connor',0x01,NULL,'dolphinsc',0,'',1315,0,NULL,NULL,NULL,'open',12345678,1,0,1),
(721,0,'LTS','D','Sive O Neill',0x00,NULL,'dolphinsc',0,'',162,0,NULL,NULL,NULL,'open',12345678,1,0,1),
(724,0,'L5','','Marcus O Donnell',0x00,NULL,'dolphinsc',0,'',390,0,NULL,NULL,NULL,'open',12345678,1,0,1),
(726,0,'J4','','Donnacha O Riordan',0x00,NULL,'dolphinsc',0,'',420,0,NULL,NULL,NULL,'open',12345678,1,0,1),
(728,0,'LTS','B','Alison O Sullivan',0x01,NULL,'dolphinsc',0,'',1328,0,NULL,NULL,NULL,'open',12345678,1,0,1),
(729,0,'LTS','B','Theodore Rembourg',0x00,NULL,'dolphinsc',0,'',124,0,NULL,NULL,NULL,'open',12345678,1,0,1),
(730,0,'L5','','Jake Sexton',0x00,NULL,'dolphinsc',0,'',401,0,NULL,NULL,NULL,'open',12345678,1,0,1),
(731,0,'J4','','Sadie Waring',0x00,NULL,'dolphinsc',0,'',548,0,NULL,NULL,NULL,'open',12345678,1,0,1),
(732,0,'LTS','B','Nidhi Yadav',0x01,NULL,'dolphinsc',0,'',1526,0,NULL,NULL,NULL,'open',12345678,1,0,1),
(733,0,'LTS','B','Nicole Zaczek',0x00,NULL,'dolphinsc',0,'',126,0,NULL,NULL,NULL,'open',12345678,1,0,1),
(734,0,'LTS','B','Jacob Zaczek',0x00,NULL,'dolphinsc',0,'',142,0,NULL,NULL,NULL,'open',12345678,1,0,1),
(740,0,'LTS','A','Grace Cahill',0x01,NULL,'dolphinsc',0,'',1558,0,NULL,NULL,NULL,'open',12345678,1,0,1),
(741,0,'LTS','A','Dylan Cahill',0x01,NULL,'dolphinsc',0,'',420,0,NULL,NULL,NULL,'open',12345678,1,0,1),
(742,0,'LTS','C','Cian Cameron',0x00,NULL,'dolphinsc',0,'',294,0,NULL,NULL,NULL,'open',12345678,1,0,1),
(744,0,'LTS','C','Adam Canavan',0x00,NULL,'dolphinsc',0,'',314,0,NULL,NULL,NULL,'open',12345678,1,0,1),
(745,0,'LTS','C','Sofia Canavan',0x00,NULL,'dolphinsc',0,'',329,0,NULL,NULL,NULL,'open',12345678,1,0,1),
(747,0,'LTS','C','Lubdhak Jyoti De',0x00,NULL,'dolphinsc',0,'',337,0,NULL,NULL,NULL,'open',12345678,1,0,1),
(748,0,'L5','','Ruby Delea',0x01,NULL,'dolphinsc',0,'',2016,0,NULL,NULL,NULL,'open',12345678,1,0,1),
(749,0,'LTS','C','Joe Duggan',0x00,NULL,'dolphinsc',0,'',586,0,NULL,NULL,NULL,'open',12345678,1,0,1),
(751,0,'LTS','C','Sorcha Gorman',0x00,NULL,'dolphinsc',0,'',712,0,NULL,NULL,NULL,'open',12345678,1,0,1),
(752,0,'J4','','Nia Gorman',0x00,NULL,'dolphinsc',0,'',64,0,NULL,NULL,NULL,'open',12345678,1,0,1),
(754,0,'LTS','C','Fiadh Holohan',0x00,NULL,'dolphinsc',0,'',748,0,NULL,NULL,NULL,'open',12345678,1,0,1),
(755,0,'LTS','C','Eoin Holohan',0x00,NULL,'dolphinsc',0,'',4,0,NULL,NULL,NULL,'open',12345678,1,0,1),
(756,0,'LTS','C','Kevin Lee',0x00,NULL,'dolphinsc',0,'',9,0,NULL,NULL,NULL,'open',12345678,1,0,1),
(757,0,'LTS','C','Cillian Lee',0x01,NULL,'dolphinsc',0,'',1073,0,NULL,NULL,NULL,'open',12345678,1,0,1),
(758,0,'L5','','Yeva Lobanets',0x00,NULL,'dolphinsc',0,'',392,0,NULL,NULL,NULL,'open',12345678,1,0,1),
(759,0,'L5','','Eabha Lynch',0x00,NULL,'dolphinsc',0,'',198,0,NULL,NULL,NULL,'open',12345678,1,0,1),
(760,0,'LTS','C','Anna Lynch',0x00,NULL,'dolphinsc',0,'',87,0,NULL,NULL,NULL,'open',12345678,1,0,1),
(762,0,'LTS','C','Esther-Rose O Brien',0x00,NULL,'dolphinsc',0,'',128,0,NULL,NULL,NULL,'open',12345678,1,0,1),
(763,0,'L5','','Cait O Brien',0x00,NULL,'dolphinsc',0,'',339,0,NULL,NULL,NULL,'open',12345678,1,0,1),
(764,0,'LTS','C','Jamie O Brien-Rawley',0x00,NULL,'dolphinsc',0,'',286,0,NULL,NULL,NULL,'open',12345678,1,0,1),
(765,0,'LTS','C','Eibhleannn Powell',0x00,NULL,'dolphinsc',0,'',290,0,NULL,NULL,NULL,'open',12345678,1,0,1),
(767,0,'LTS','D','Roelof Takken',0x00,NULL,'dolphinsc',0,'',236,0,NULL,NULL,NULL,'open',12345678,1,0,1),
(769,0,'LTS','B','Viktoria Rebecca Agoston',0x00,NULL,'dolphinsc',0,'',95,0,NULL,NULL,NULL,'open',12345678,1,0,1),
(770,0,'L5','','Caoimhe Browne',0x00,NULL,'dolphinsc',0,'',681,0,NULL,NULL,NULL,'open',12345678,1,0,1),
(772,0,'LTS','D','Noah Cahill',0x01,NULL,'dolphinsc',0,'',1322,0,NULL,NULL,NULL,'open',12345678,1,0,1),
(773,0,'LTS','D','Raymond Cahill',0x00,NULL,'dolphinsc',0,'',289,0,NULL,NULL,NULL,'open',12345678,1,0,1),
(774,0,'LTS','D','Eva Cashman',0x00,NULL,'dolphinsc',0,'',313,0,NULL,NULL,NULL,'open',12345678,1,0,1),
(775,0,'LTS','D','Cian Cashman',0x00,NULL,'dolphinsc',0,'',328,0,NULL,NULL,NULL,'open',12345678,1,0,1),
(776,0,'L5','','Zach Clancy',0x00,NULL,'dolphinsc',0,'',420,0,NULL,NULL,NULL,'open',12345678,1,0,1),
(780,0,'LTS','D','Ella Egan',0x00,NULL,'dolphinsc',0,'',336,0,NULL,NULL,NULL,'open',12345678,1,0,1),
(781,0,'LTS','A','Kenzo Hatano',0x00,NULL,'dolphinsc',0,'',342,0,NULL,NULL,NULL,'open',12345678,1,0,1),
(782,0,'LTS','D','Emma Hickey',0x01,NULL,'dolphinsc',0,'',1628,0,NULL,NULL,NULL,'open',12345678,1,0,1),
(785,0,'L5','','Charli Kearney',0x00,NULL,'dolphinsc',0,'',711,0,NULL,NULL,NULL,'open',12345678,1,0,1),
(786,0,'LTS','D','Sam Kenny',0x01,NULL,'dolphinsc',0,'',731,0,NULL,NULL,NULL,'open',12345678,1,0,1),
(787,0,'LTS','D','Mia King',0x00,NULL,'dolphinsc',0,'',746,0,NULL,NULL,NULL,'open',12345678,1,0,1),
(788,0,'LTS','D','Isaac Martin',0x01,NULL,'dolphinsc',0,'',767,0,NULL,NULL,NULL,'open',12345678,1,0,1),
(789,0,'LTS','D','Ethan Martin',0x01,NULL,'dolphinsc',0,'',863,0,NULL,NULL,NULL,'open',12345678,1,0,1),
(791,0,'LTS','D','Molly McSweeney',0x00,NULL,'dolphinsc',0,'',13,0,NULL,NULL,NULL,'open',12345678,1,0,1),
(792,0,'LTS','D','Rosie McSweeney',0x01,NULL,'dolphinsc',0,'',1071,0,NULL,NULL,NULL,'open',12345678,1,0,1),
(793,0,'LTS','D','Shay O Neill',0x00,NULL,'dolphinsc',0,'',89,0,NULL,NULL,NULL,'open',12345678,1,0,1),
(794,0,'LTS','D','Sam O Connell',0x00,NULL,'dolphinsc',0,'',166,0,NULL,NULL,NULL,'open',12345678,1,0,1),
(795,0,'LTS','A','Cuan O Keeffe',0x00,NULL,'dolphinsc',0,'',292,0,NULL,NULL,NULL,'open',12345678,1,0,1),
(797,0,'LTS','A','CJ O Keeffe',0x00,NULL,'dolphinsc',0,'',296,0,NULL,NULL,NULL,'open',12345678,1,0,1),
(798,0,'LTS','D','Sam O Keeffe',0x00,NULL,'dolphinsc',0,'',172,0,NULL,NULL,NULL,'open',12345678,1,0,1),
(799,0,'LTS','D','Luca O Mahony',0x00,NULL,'dolphinsc',0,'',179,0,NULL,NULL,NULL,'open',12345678,1,0,1),
(800,0,'LTS','D','Max O Mahony',0x01,NULL,'dolphinsc',0,'',1304,0,NULL,NULL,NULL,'open',12345678,1,0,1),
(801,0,'LTS','D','Sienna O Mahony',0x00,NULL,'dolphinsc',0,'',36,0,NULL,NULL,NULL,'open',12345678,1,0,1),
(803,0,'LTS','D','Oskar Ostrowski',0x01,NULL,'dolphinsc',0,'',1312,0,NULL,NULL,NULL,'open',12345678,1,0,1),
(804,0,'LTS','D','Rhys Daniel Owens',0x00,NULL,'dolphinsc',0,'',184,0,NULL,NULL,NULL,'open',12345678,1,0,1),
(807,0,'LTS','D','David Sheehan',0x00,NULL,'dolphinsc',0,'',285,0,NULL,NULL,NULL,'open',12345678,1,0,1),
(808,0,'LTS','D','Jack Shine',0x01,NULL,'dolphinsc',0,'',1321,0,NULL,NULL,NULL,'open',12345678,1,0,1),
(809,0,'LTS','A','Laurie Carmody',0x01,NULL,'dolphinsc',0,'',1444,0,NULL,NULL,NULL,'open',12345678,1,0,1),
(812,0,'LTS','A','Noah Foley',0x00,NULL,'dolphinsc',0,'',11,0,NULL,NULL,NULL,'open',12345678,1,0,1),
(815,0,'LTS','A','Lara Hayes',0x00,NULL,'dolphinsc',0,'',35,0,NULL,NULL,NULL,'open',12345678,1,0,1),
(816,0,'LTS','A','Emilia Hayes',0x01,NULL,'dolphinsc',0,'',785,0,NULL,NULL,NULL,'open',12345678,1,0,1),
(823,0,'G3','B','Naoise Forde',0x00,NULL,'dolphinsc',0,'',0,0,NULL,NULL,NULL,'open',12345678,1,0,1),
(842,0,'G5','','Cian Vaughan',0x00,NULL,'dolphinsc',0,'',28,1,'Cian Vaughan, Conor Vaughan',NULL,NULL,'open',12345678,1,0,1),
(843,4,'G5','','Ciaran Doyle',0x00,NULL,'dolphinsc',0,'',115,0,'0','2009-01-18',16,'male',12345678,1,0,1),
(849,0,'G2','','Evan Buckley',0x00,NULL,'dolphinsc',0,'',107,0,NULL,NULL,NULL,'open',12345678,1,0,0),
(1410,0,'LTS','A','Sonny McGrath',0x01,NULL,'dolphinsc',0,'',584,0,NULL,NULL,NULL,'open',12345678,1,0,1),
(1412,0,'J4','','Nicholas Kowalczk',0x00,NULL,'dolphinsc',0,'',90,0,NULL,NULL,NULL,'open',12345678,1,0,1),
(1413,0,'LTS','A','Gracie Byrd',0x00,NULL,'dolphinsc',0,'',7,0,NULL,NULL,NULL,'open',12345678,1,0,1),
(1414,0,'J3','','Zoe Lynch',0x00,NULL,'dolphinsc',0,'',132,0,NULL,NULL,NULL,'open',12345678,1,0,1),
(1415,0,'LTS','A','Omar Soliman',0x00,NULL,'dolphinsc',0,'',16,0,NULL,NULL,NULL,'open',12345678,1,0,1),
(1416,0,'J2','','Conor Song',0x00,NULL,'dolphinsc',0,'',31,0,NULL,NULL,NULL,'open',12345678,1,0,1),
(1417,0,'LTS','C','Harry Ryan',0x00,NULL,'dolphinsc',0,'',747,0,NULL,NULL,NULL,'open',12345678,1,0,1),
(1418,0,'L5','','Daniel Matthews',0x00,NULL,'dolphinsc',0,'',60,0,NULL,NULL,NULL,'open',12345678,1,0,1),
(1419,0,'J1','','Conor Fitzgerald',0x00,NULL,'dolphinsc',0,'',83,0,NULL,NULL,NULL,'open',12345678,1,0,1),
(1420,0,'G6','B','Donnocha Cullinane',0x00,NULL,'dolphinsc',0,'',102,0,NULL,NULL,NULL,'open',12345678,1,0,1),
(1425,0,'LTS','D','Rhys O Mahoney',0x01,NULL,'dolphinsc',0,'',585,0,NULL,NULL,NULL,'open',12345678,1,0,1),
(1439,0,'J3','','Billie McGrath',0x00,NULL,'dolphinsc',0,'',297,0,NULL,NULL,NULL,'open',12345678,1,0,1),
(1440,0,'J3','','Marko Vucen',0x00,NULL,'dolphinsc',0,'',82,0,NULL,NULL,NULL,'open',12345678,1,0,1),
(1441,0,'J3','','Jasper Wong',0x00,NULL,'dolphinsc',0,'',240,0,NULL,NULL,NULL,'open',12345678,1,0,1),
(1442,0,'J4','','Lily Cameron',0x00,NULL,'dolphinsc',0,'',635,0,NULL,NULL,NULL,'open',12345678,1,0,1),
(1444,0,'L5','','Ben Buckley',0x00,NULL,'dolphinsc',0,'',578,0,NULL,NULL,NULL,'open',12345678,1,0,1),
(1445,0,'J4','','Luke Hogan',0x00,NULL,'dolphinsc',0,'',402,0,NULL,NULL,NULL,'open',12345678,1,0,1),
(1446,0,'J4','','Billy Hogan',0x00,NULL,'dolphinsc',0,'',368,0,NULL,NULL,NULL,'open',12345678,1,0,1),
(1447,0,'J4','','Natalie Rose Owens',0x00,NULL,'dolphinsc',0,'',658,0,NULL,NULL,NULL,'open',12345678,1,0,1),
(1449,0,'J4','','Orlaith Primrose Matthews',0x00,NULL,'dolphinsc',0,'',631,0,NULL,NULL,NULL,'open',12345678,1,0,1),
(1465,0,'J2','','Aisling Moloney',0x00,NULL,'dolphinsc',0,'',103,0,NULL,NULL,NULL,'open',12345678,1,0,1),
(1466,0,'J2','','Anna O Sulllivan',0x00,NULL,'dolphinsc',0,'',92,0,NULL,NULL,NULL,'open',12345678,1,0,1),
(1467,0,'J4','','Alice Leahy',0x00,NULL,'dolphinsc',0,'',617,0,NULL,NULL,NULL,'open',12345678,1,0,1),
(1469,0,'J4','','Leo Nodwell',0x00,NULL,'dolphinsc',0,'',280,0,NULL,NULL,NULL,'open',12345678,1,0,1),
(1470,0,'LTS','A','Colman O Sullivan',0x00,NULL,'dolphinsc',0,'',125,0,NULL,NULL,NULL,'open',12345678,1,0,1),
(1471,0,'LTS','A','Alexander Lee',0x00,NULL,'dolphinsc',0,'',96,0,NULL,NULL,NULL,'open',12345678,1,0,1),
(1473,0,'J4','','Samuel Uzik',0x00,NULL,'dolphinsc',0,'',213,0,NULL,NULL,NULL,'open',12345678,1,0,1),
(1474,0,'LTS','B','Oisin O Hallaron',0x01,NULL,'dolphinsc',0,'',1082,0,NULL,NULL,NULL,'open',12345678,1,0,1),
(1476,0,'LTS','B','Caoimhe Harris',0x01,NULL,'dolphinsc',0,'',1067,0,NULL,NULL,NULL,'open',12345678,1,0,1),
(1477,0,'LTS','B','Owen Curtin',0x00,NULL,'dolphinsc',0,'',10,0,NULL,NULL,NULL,'open',12345678,1,0,1),
(1481,0,'LTS','B','Rory O Connor',0x01,NULL,'dolphinsc',0,'',869,0,NULL,NULL,NULL,'open',12345678,1,0,1),
(1482,0,'LTS','B','Joe Fitzgerald',0x00,NULL,'dolphinsc',0,'',6,0,NULL,NULL,NULL,'open',12345678,1,0,1),
(1483,0,'J4','','Jack Nyhan',0x00,NULL,'dolphinsc',0,'',200,0,NULL,NULL,NULL,'open',12345678,1,0,1),
(1484,0,'J4','','Finn Nyhan',0x00,NULL,'dolphinsc',0,'',141,0,NULL,NULL,NULL,'open',12345678,1,0,1),
(1485,0,'L5','','Sadie Managan',0x00,NULL,'dolphinsc',0,'',129,0,NULL,NULL,NULL,'open',12345678,1,0,1),
(1486,0,'LTS','C','Leah O Connell',0x00,'10/06/23,11/06/23','dolphinsc',0,'',68,0,NULL,NULL,NULL,'open',12345678,1,0,1),
(1487,0,'LTS','C','Cassie Fortune',0x00,NULL,'dolphinsc',0,'',37,0,NULL,NULL,NULL,'open',12345678,1,0,1),
(1488,0,'LTS','C','Hugo Long',0x01,NULL,'dolphinsc',0,'',864,0,NULL,NULL,NULL,'open',12345678,1,0,1),
(1489,0,'LTS','C','Henry Long',0x01,NULL,'dolphinsc',0,'',838,0,NULL,NULL,NULL,'open',12345678,1,0,1),
(1490,0,'LTS','C','Aisling Feeney',0x00,NULL,'dolphinsc',0,'',14,0,NULL,NULL,NULL,'open',12345678,1,0,1),
(1491,0,'LTS','C','Aibhinn O Riordan',0x01,NULL,'dolphinsc',0,'',803,0,NULL,NULL,NULL,'open',12345678,1,0,1),
(1493,0,'LTS','D','Laura Ostrowski',0x00,NULL,'dolphinsc',0,'',8,0,NULL,NULL,NULL,'open',12345678,1,0,1),
(1494,0,'LTS','D','Donagh Russell',0x00,NULL,'dolphinsc',0,'',5,0,NULL,NULL,NULL,'open',12345678,1,0,1),
(1496,0,'LTS','D','Daven Delahunt',0x00,NULL,'dolphinsc',0,'',802,0,NULL,NULL,NULL,'open',12345678,1,0,1),
(1497,0,'LTS','D','Matthew O Sullivan',0x01,NULL,'dolphinsc',0,'',782,0,NULL,NULL,NULL,'open',12345678,1,0,1),
(1501,0,'G12','','James Buckley',0x00,NULL,'dolphinsc',0,'',202,0,NULL,NULL,NULL,'open',12345678,1,0,1),
(1502,0,'L5','','Adrian Bindemans',0x00,NULL,'dolphinsc',0,'',420,0,NULL,NULL,NULL,'open',12345678,1,0,1),
(1513,0,'G4','','Alannah Mulvihill',0x00,NULL,'dolphinsc',1,'Thursday,Saturday',86,0,NULL,NULL,NULL,'open',12345678,1,0,1),
(1515,0,'G9','A','Madj Hamam',0x00,NULL,'dolphinsc',1,'Monday',106,0,NULL,NULL,NULL,'open',12345678,1,0,0),
(1517,0,'G9','A','Allanah Kelleher',0x00,NULL,'dolphinsc',0,'',27,0,NULL,NULL,NULL,'open',12345678,1,0,1),
(1520,0,'J2','','Alexandra Hayes',0x00,NULL,'dolphinsc',0,'',223,0,NULL,NULL,NULL,'open',12345678,1,0,1),
(1521,0,'J2','','Jacub Juskowak',0x00,NULL,'dolphinsc',0,'',199,0,NULL,NULL,NULL,'open',12345678,1,0,1),
(1523,0,'J2','','Aoife Murphy',0x00,NULL,'dolphinsc',0,'',112,0,NULL,NULL,NULL,'open',12345678,1,0,1),
(1525,0,'J2','','Aoife Sheppard',0x00,NULL,'dolphinsc',0,'',53,0,NULL,NULL,NULL,'open',12345678,1,0,1),
(1527,0,'J3','','Aoife Buckley',0x00,NULL,'dolphinsc',0,'',201,0,NULL,NULL,NULL,'open',12345678,1,0,1),
(1528,0,'J2','','Mia Burke',0x00,NULL,'dolphinsc',0,'',24,0,NULL,NULL,NULL,'open',12345678,1,0,1),
(1529,0,'J3','','Calie Condon',0x00,NULL,'dolphinsc',0,'',189,0,NULL,NULL,NULL,'open',12345678,1,0,1),
(1532,0,'J3','','Caleb O Regan',0x00,NULL,'dolphinsc',0,'',146,0,NULL,NULL,NULL,'open',12345678,1,0,1),
(1538,0,'G8','B','Elise Arrigan',0x00,NULL,'dolphinsc',0,'',25,0,NULL,NULL,NULL,'open',12345678,1,0,0),
(1539,0,'G8','A','Lily Ha',0x00,NULL,'dolphinsc',0,'Saturday',56,0,NULL,NULL,NULL,'open',12345678,1,0,0),
(1541,0,'LTS','D','Abigail O Brien',0x00,NULL,'dolphinsc',0,'',293,0,NULL,NULL,NULL,'open',12345678,1,0,1),
(1543,0,'G9','A','Ward Hamam',0x00,NULL,'dolphinsc',1,'Monday',19,0,NULL,NULL,NULL,'open',12345678,1,0,0),
(1545,0,'J4',NULL,'Sadhbh Kealy',0x00,NULL,'dolphinsc',0,' ',638,0,NULL,NULL,NULL,'open',12345678,1,0,1),
(1546,0,'J3','','Joshua Leoncio',0x00,NULL,'dolphinsc',0,'',230,0,NULL,NULL,NULL,'open',12345678,1,0,1),
(1548,0,'J4','','James Callanan',0x00,NULL,'dolphinsc',0,'',338,0,NULL,NULL,NULL,'open',12345678,1,0,1),
(1549,0,'J4','','Elise Murphy',0x00,NULL,'dolphinsc',0,'',310,0,NULL,NULL,NULL,'open',12345678,1,0,1),
(1550,0,'L5',NULL,'Faye Murphy',0x00,NULL,'dolphinsc',0,' ',306,0,NULL,NULL,NULL,'open',12345678,1,0,1),
(1551,0,'LTS','A','Andrew Shephard',0x01,NULL,'dolphinsc',0,'',1139,0,NULL,NULL,NULL,'open',12345678,1,0,1),
(1552,0,'LTS','A','Ellen O Riordan',0x00,NULL,'dolphinsc',0,'',237,0,NULL,NULL,NULL,'open',12345678,1,0,1),
(1553,0,'LTS','A','Niamh O Riordan',0x00,NULL,'dolphinsc',0,'',183,0,NULL,NULL,NULL,'open',12345678,1,0,1),
(1554,0,'LTS','A','Louai Barketi',0x01,NULL,'dolphinsc',0,'',1139,0,NULL,NULL,NULL,'open',12345678,1,0,1),
(1555,0,'LTS','A','Olivia Lee',0x00,NULL,'dolphinsc',0,'',180,0,NULL,NULL,NULL,'open',12345678,1,0,1),
(1556,0,'LTS','B','Jack Farrell',0x01,NULL,'dolphinsc',0,'',1139,0,NULL,NULL,NULL,'open',12345678,1,0,1),
(1557,0,'LTS','B','Mia Murphy',0x01,NULL,'dolphinsc',0,'',1139,0,NULL,NULL,NULL,'open',12345678,1,0,1),
(1558,0,'LTS','B','James Conroy',0x01,NULL,'dolphinsc',0,'',1139,0,NULL,NULL,NULL,'open',12345678,1,0,1),
(1559,0,'LTS','B','Katie O Leary',0x01,NULL,'dolphinsc',0,'',1139,0,NULL,NULL,NULL,'open',12345678,1,0,1),
(1560,0,'LTS','C','Noah Lynch',0x00,NULL,'dolphinsc',0,'',235,0,NULL,NULL,NULL,'open',12345678,1,0,1),
(1561,0,'LTS','C','Milly De',0x00,NULL,'dolphinsc',0,'',185,0,NULL,NULL,NULL,'open',12345678,1,0,1),
(1562,0,'LTS','C','Leo Gorman',0x00,NULL,'dolphinsc',0,'',178,0,NULL,NULL,NULL,'open',12345678,1,0,1),
(1563,0,'LTS','C','Addison O Brien-Rawley',0x00,NULL,'dolphinsc',0,'',173,0,NULL,NULL,NULL,'open',12345678,1,0,1),
(1564,0,'LTS','C','Benjamin Nash',0x00,NULL,'dolphinsc',0,'',167,0,NULL,NULL,NULL,'open',12345678,1,0,1),
(1565,0,'LTS','C','Anna Moynihan',0x00,NULL,'dolphinsc',0,'',163,0,NULL,NULL,NULL,'open',12345678,1,0,1),
(1566,0,'LTS','C','Sofia O Connell',0x00,NULL,'dolphinsc',0,'',145,0,NULL,NULL,NULL,'open',12345678,1,0,1),
(1567,0,'LTS','D','Daniel Hickey',0x01,NULL,'dolphinsc',0,'',1139,0,NULL,NULL,NULL,'open',12345678,1,0,1),
(1568,0,'LTS','D','Arthur Matuszczyk',0x01,NULL,'dolphinsc',0,'',1139,0,NULL,NULL,NULL,'open',12345678,1,0,1),
(1569,0,'LTS','D','Anna Mahar',0x01,NULL,'dolphinsc',0,'',1139,0,NULL,NULL,NULL,'open',12345678,1,0,1),
(1570,0,'LTS','D','Aoife Twomey',0x00,NULL,'dolphinsc',0,'',144,0,NULL,NULL,NULL,'open',12345678,1,0,1),
(1572,0,'LTS','D','Aoife Moloney',0x00,NULL,'dolphinsc',0,'',123,0,NULL,NULL,NULL,'open',12345678,1,0,1),
(1573,4,'J2',NULL,'Riona Doyle',0x00,NULL,'dolphinsc',0,' ',702,1,'0','2015-05-26',10,'female',12345678,1,0,1),
(1576,0,'G6','B','Caroline Roche',0x00,NULL,'dolphinsc',0,'',46,0,NULL,NULL,NULL,'open',12345678,1,0,0),
(1580,NULL,'G9',NULL,'Kate Mc Cormack',0x00,'10/06/23,11/06/23','',0,' ',0,0,NULL,NULL,NULL,'open',12345678,1,0,1),
(1581,NULL,'G9',NULL,'Adam Mikolaj',0x00,'10/06/23,11/06/23','',0,' ',0,0,NULL,NULL,NULL,'open',12345678,1,0,1),
(1582,NULL,'G9',NULL,'Katie O\'Connor',0x00,'10/06/23,11/06/23','',0,' ',0,0,NULL,NULL,NULL,'open',12345678,1,0,1),
(1583,NULL,'G9',NULL,'Sean O\'Shea',0x00,'10/06/23,11/06/23','',0,' ',0,0,NULL,NULL,NULL,'open',12345678,1,0,1),
(1584,NULL,'G9',NULL,'Arthur Dineen',0x00,'10/06/23,11/06/23','',0,' ',0,0,NULL,NULL,NULL,'open',12345678,1,0,1),
(1585,NULL,'G9',NULL,'Kathleen Brennan Healy',0x00,'10/06/23,11/06/23','',0,' ',0,0,NULL,NULL,NULL,'open',12345678,1,0,1),
(1586,NULL,'G9',NULL,'Sam Horgan',0x00,'10/06/23,11/06/23','',0,' ',0,0,NULL,NULL,NULL,'open',12345678,1,0,1),
(1587,NULL,'G9',NULL,'Aoife McArdle',0x00,'10/06/23,11/06/23','',0,' ',0,0,NULL,NULL,NULL,'open',12345678,1,0,1),
(1588,NULL,'G9',NULL,'Jessica Merrigan',0x00,'10/06/23,11/06/23','',0,' ',0,0,NULL,NULL,NULL,'open',12345678,1,0,1),
(1589,NULL,'G9',NULL,'Charlotte May Costello',0x00,'10/06/23,11/06/23','',0,' ',0,0,NULL,NULL,NULL,'open',12345678,1,0,1),
(1590,NULL,'G9',NULL,'Nina Collins',0x00,'10/06/23,11/06/23','',0,' ',0,0,NULL,NULL,NULL,'open',12345678,1,0,1),
(1591,NULL,'G10',NULL,'Skye Dineen',0x00,'10/06/23,11/06/23','',0,' ',0,0,NULL,NULL,NULL,'open',12345678,1,0,1),
(1592,NULL,'G10',NULL,'Ayla Gilli',0x00,'10/06/23,11/06/23','',0,' ',0,0,NULL,NULL,NULL,'open',12345678,1,0,1),
(1593,NULL,'G10',NULL,'Grace Higgins',0x00,'10/06/23,11/06/23','',0,' ',0,0,NULL,NULL,NULL,'open',12345678,1,0,1),
(1594,NULL,'G10',NULL,'Nessa Martin',0x00,'10/06/23,11/06/23','',0,' ',0,0,NULL,NULL,NULL,'open',12345678,1,0,1),
(1595,NULL,'G9',NULL,'Molly O\'Halloran',0x00,'10/06/23,11/06/23','',0,' ',0,0,NULL,NULL,NULL,'open',12345678,1,0,1),
(1596,NULL,'G10',NULL,'Lara Stocks',0x00,'10/06/23,11/06/23','',0,' ',0,0,NULL,NULL,NULL,'open',12345678,1,0,1),
(1597,NULL,'G10',NULL,'Roisin Cameron',0x00,'10/06/23,11/06/23','',0,' ',0,0,NULL,NULL,NULL,'open',12345678,1,0,1),
(1598,NULL,'G10',NULL,'Aisling Doyle',0x00,'10/06/23,11/06/23','',0,' ',0,0,NULL,NULL,NULL,'open',12345678,1,0,1),
(1599,NULL,'G10',NULL,'M�abh Ni Riain',0x00,'10/06/23,11/06/23','',0,' ',0,0,NULL,NULL,NULL,'open',12345678,1,0,1),
(1600,NULL,'G10',NULL,'Ian Purcell',0x00,'10/06/23,11/06/23','',0,' ',0,0,NULL,NULL,NULL,'open',12345678,1,0,1),
(1601,NULL,'G10',NULL,'Seanna Robinson',0x00,'10/06/23,11/06/23','',0,' ',0,0,NULL,NULL,NULL,'open',12345678,1,0,1),
(1602,NULL,'G9',NULL,'Laura Garcia Villa',0x00,'10/06/23,11/06/23','',0,' ',0,0,NULL,NULL,NULL,'open',12345678,1,0,1),
(1603,NULL,'G11',NULL,'Sophie Brennan',0x00,'10/06/23,11/06/23','',0,' ',0,0,NULL,NULL,NULL,'open',12345678,1,0,1),
(1604,NULL,'G11',NULL,'Skye Collins',0x00,'10/06/23,11/06/23','',0,' ',0,0,NULL,NULL,NULL,'open',12345678,1,0,1),
(1605,NULL,'G10',NULL,'Donnchadh Cullinane',0x00,'10/06/23,11/06/23','',0,' ',0,0,NULL,NULL,NULL,'open',12345678,1,0,1),
(1606,NULL,'G11',NULL,'Sarah Barry',0x00,'10/06/23,11/06/23','',0,' ',0,0,NULL,NULL,NULL,'open',12345678,1,0,1),
(1607,NULL,'G10',NULL,'Elizabeth Mc Sweeney',0x00,'10/06/23,11/06/23','',0,' ',0,0,NULL,NULL,NULL,'open',12345678,1,0,1),
(1608,NULL,'G11',NULL,'Imogen Riordan',0x00,'10/06/23,11/06/23','',0,' ',0,0,NULL,NULL,NULL,'open',12345678,1,0,1),
(1609,NULL,'G11',NULL,'Jessica Ward',0x00,'10/06/23,11/06/23','',0,' ',0,0,NULL,NULL,NULL,'open',12345678,1,0,1),
(1610,NULL,'G11',NULL,'Elin Ward',0x00,'10/06/23,11/06/23','',0,' ',0,0,NULL,NULL,NULL,'open',12345678,1,0,1),
(1611,NULL,'G10',NULL,'Melissa Pinheiro Luz',0x00,'10/06/23,11/06/23','',0,' ',0,0,NULL,NULL,NULL,'open',12345678,1,0,1),
(1612,NULL,'G11',NULL,'Tija Salinskaite',0x00,'10/06/23,11/06/23','',0,' ',0,0,NULL,NULL,NULL,'open',12345678,1,0,1),
(1613,NULL,'G11',NULL,'Freddie Collins',0x00,'10/06/23,11/06/23','',0,' ',0,0,NULL,NULL,NULL,'open',12345678,1,0,1),
(1614,NULL,'G11',NULL,'Scott Moroney',0x00,'10/06/23,11/06/23','',0,' ',0,0,NULL,NULL,NULL,'open',12345678,1,0,1),
(1615,NULL,'G11',NULL,'Kate O\'Shea',0x00,'10/06/23,11/06/23','',0,' ',0,0,NULL,NULL,NULL,'open',12345678,1,0,1),
(2099,4,'Juniors',NULL,'John Doe',0x00,NULL,'CDoyle',0,' ',0,0,NULL,NULL,NULL,'open',12345678,1,0,1),
(2100,4,'Juniors',NULL,'Jane Smith',0x00,NULL,'CDoyle',0,' ',0,0,NULL,NULL,NULL,'open',12345678,1,0,1),
(2101,4,'Juniors',NULL,'Mike Johnson',0x00,NULL,'CDoyle',0,' ',0,0,NULL,NULL,NULL,'open',12345678,1,0,1),
(2102,4,'Intermediate',NULL,'Emily Davis',0x00,NULL,'CDoyle',0,' ',0,0,NULL,NULL,NULL,'open',12345678,1,0,1),
(2103,4,'Intermediate',NULL,'Ryan Thompson',0x00,NULL,'CDoyle',0,' ',0,0,NULL,NULL,NULL,'open',12345678,1,0,1),
(2104,4,'Intermediate',NULL,'Sarah Lee',0x00,NULL,'CDoyle',0,' ',0,0,NULL,NULL,NULL,'open',12345678,1,0,1),
(2105,4,'Senior',NULL,'Michael Brown',0x00,NULL,'CDoyle',0,' ',0,0,NULL,NULL,NULL,'open',12345678,1,0,1),
(2106,4,'Senior',NULL,'Lily Chen',0x00,NULL,'CDoyle',0,' ',0,0,NULL,NULL,NULL,'open',12345678,1,0,1),
(2107,4,'Senior',NULL,'Kevin White',0x00,NULL,'CDoyle',0,' ',0,0,NULL,NULL,NULL,'open',12345678,1,0,1),
(2109,NULL,' ISN-AG-ISN',NULL,'',0x00,NULL,'dolphinsc',0,' ',0,-601,NULL,NULL,NULL,'open',12345678,1,0,1),
(2110,NULL,'ISN-YS-ISN',NULL,'',0x00,NULL,'dolphinsc',0,' ',0,-601,NULL,NULL,NULL,'open',12345678,1,0,1),
(2112,NULL,' ISN-AG-ISN',NULL,' O\'Riordan Oscar',0x00,NULL,'dolphinsc',0,' ',529,0,NULL,NULL,NULL,'open',12345678,1,0,1),
(2113,28,'Juniors',NULL,'John Doe',0x00,NULL,'test008',0,' ',0,0,NULL,NULL,NULL,'open',12345678,1,0,1),
(2114,28,'Juniors',NULL,'Jane Smith',0x00,NULL,'test008',0,' ',0,0,NULL,NULL,NULL,'open',12345678,1,0,1),
(2115,28,'Juniors',NULL,'Mike Johnson',0x00,NULL,'test008',0,' ',0,0,NULL,NULL,NULL,'open',12345678,1,0,1),
(2116,28,'Intermediate',NULL,'Emily Davis',0x00,NULL,'test008',0,' ',0,0,NULL,NULL,NULL,'open',12345678,1,0,1),
(2117,28,'Intermediate',NULL,'Ryan Thompson',0x00,NULL,'test008',0,' ',0,0,NULL,NULL,NULL,'open',12345678,1,0,1),
(2118,28,'Intermediate',NULL,'Sarah Lee',0x00,NULL,'test008',0,' ',0,0,NULL,NULL,NULL,'open',12345678,1,0,1),
(2119,28,'Senior',NULL,'Michael Brown',0x00,NULL,'test008',0,' ',0,0,NULL,NULL,NULL,'open',12345678,1,0,1),
(2120,28,'Senior',NULL,'Lily Chen',0x00,NULL,'test008',0,' ',0,0,NULL,NULL,NULL,'open',12345678,1,0,1),
(2121,28,'Senior',NULL,'Kevin White',0x00,NULL,'test008',0,' ',0,0,NULL,NULL,NULL,'open',12345678,1,0,1),
(2122,NULL,'G5','','Adam Mikolai',0x00,NULL,'dolphinsc',0,'',81,0,NULL,NULL,NULL,'open',12345678,1,0,0),
(2123,NULL,'ISN-YS-ISN',NULL,'Evan Buckley',0x00,NULL,'dolphinsc',0,' ',107,0,NULL,NULL,NULL,'open',12345678,1,0,1),
(2124,NULL,'ISN-YS-ISN',NULL,'Ben Coleman',0x00,NULL,'dolphinsc',0,' ',434,0,NULL,NULL,NULL,'open',12345678,1,0,1),
(2126,NULL,'G2','','Travis Theis',0x00,NULL,'dolphinsc',0,'',78,0,NULL,NULL,NULL,'open',12345678,1,0,0),
(2127,NULL,'G3','B','Poppy Nolan',0x01,NULL,'dolphinsc',0,'',420,0,NULL,NULL,NULL,'open',12345678,1,0,1),
(2128,NULL,'G6','A','Riain Ferriss',0x00,NULL,'dolphinsc',0,'',3,0,NULL,NULL,NULL,'open',12345678,1,0,0),
(2130,NULL,'G1','','David O Leary',0x00,NULL,'dolphinsc',0,'',98,0,NULL,NULL,NULL,'open',12345678,1,0,0),
(2131,NULL,'G6','A','Fionn O Brien',0x00,NULL,'dolphinsc',0,'',114,0,NULL,NULL,NULL,'open',12345678,1,0,1),
(2132,NULL,'G6','A','Jack O Connell',0x00,NULL,'dolphinsc',0,'',108,0,NULL,NULL,NULL,'open',12345678,1,0,1),
(2133,NULL,'G7','B','Tadhg Canning',0x00,NULL,'dolphinsc',0,'',94,0,NULL,NULL,NULL,'open',12345678,1,0,1),
(2134,NULL,'G7','A','Daniel Salamero',0x00,NULL,'dolphinsc',0,'',79,0,NULL,NULL,NULL,'open',12345678,1,0,1),
(2135,NULL,'G7','B','Carter Theis',0x00,NULL,'dolphinsc',0,'',72,0,NULL,NULL,NULL,'open',12345678,1,0,0),
(2136,NULL,'G7','B','Roisin McGrath',0x00,NULL,'dolphinsc',1,'Monday,Wednesday,Saturday',176,0,NULL,NULL,NULL,'open',12345678,1,0,0),
(2137,NULL,'G8','A','Guillermo Salamero',0x00,NULL,'dolphinsc',0,'',18,0,NULL,NULL,NULL,'open',12345678,1,0,0),
(2138,NULL,'J1',NULL,'Carla Salamero',0x00,NULL,'dolphinsc',0,' ',233,0,NULL,NULL,NULL,'open',12345678,1,0,1),
(2139,NULL,'G9','A','Caitriona O Gorman',0x00,NULL,'dolphinsc',0,'',12,0,NULL,NULL,NULL,'open',12345678,1,0,1),
(2140,NULL,'J1',NULL,'Luke Ferriss',0x00,NULL,'dolphinsc',0,' ',226,0,NULL,NULL,NULL,'open',12345678,1,0,1),
(2141,NULL,'L5',NULL,'Jessie Mai Aherne',0x00,NULL,'dolphinsc',0,' ',420,0,NULL,NULL,NULL,'open',12345678,1,0,1),
(2142,NULL,'L5',NULL,'Eirinn Cambridge',0x00,NULL,'dolphinsc',0,' ',420,0,NULL,NULL,NULL,'open',12345678,1,0,1),
(2143,NULL,'L5',NULL,'Cian Fitzgerald',0x00,NULL,'dolphinsc',0,' ',420,0,NULL,NULL,NULL,'open',12345678,1,0,1),
(2144,NULL,'L5',NULL,'Alice Mooney',0x00,NULL,'dolphinsc',0,' ',420,0,NULL,NULL,NULL,'open',12345678,1,0,1),
(2146,NULL,'L5',NULL,'Robin Slowey',0x00,NULL,'dolphinsc',0,' ',420,0,NULL,NULL,NULL,'open',12345678,1,0,1),
(2147,NULL,'L5',NULL,'Harry Stanton',0x00,NULL,'dolphinsc',0,' ',420,0,NULL,NULL,NULL,'open',12345678,1,0,1),
(2148,NULL,'L5',NULL,'Ann-Marie Ulduke',0x00,NULL,'dolphinsc',0,' ',420,0,NULL,NULL,NULL,'open',12345678,1,0,1),
(2149,NULL,'G12',NULL,'Kathleen Brennan',0x00,NULL,'dolphinsc',0,' ',71,0,NULL,NULL,NULL,'open',12345678,1,0,1),
(2150,NULL,'G12',NULL,'Rian Duggan',0x00,NULL,'dolphinsc',0,' ',40,0,NULL,NULL,NULL,'open',12345678,1,0,1),
(2151,NULL,'G12',NULL,'Rianna Hayes',0x00,NULL,'dolphinsc',0,' ',420,0,NULL,NULL,NULL,'open',12345678,1,0,1),
(2152,NULL,'G12',NULL,'Saorla Hayes',0x00,NULL,'dolphinsc',0,' ',420,0,NULL,NULL,NULL,'open',12345678,1,0,1),
(2153,NULL,'G12',NULL,'Cathal Murphy',0x00,NULL,'dolphinsc',0,' ',420,0,NULL,NULL,NULL,'open',12345678,1,0,1),
(2154,NULL,'G12',NULL,'Kelvin O Connell',0x00,NULL,'dolphinsc',0,' ',420,0,NULL,NULL,NULL,'open',12345678,1,0,1),
(2155,NULL,'G12',NULL,'Lily O Connor',0x00,NULL,'dolphinsc',0,' ',420,0,NULL,NULL,NULL,'open',12345678,1,0,1),
(2156,NULL,'G12',NULL,'Ian Purcell',0x00,NULL,'dolphinsc',0,' ',420,0,NULL,NULL,NULL,'open',12345678,1,0,1),
(2157,NULL,'G12',NULL,'Nikhil Sundaram',0x00,NULL,'dolphinsc',0,' ',420,0,NULL,NULL,NULL,'open',12345678,1,0,1),
(2159,NULL,'G8','B','Lucy Donovan',0x00,NULL,'dolphinsc',0,'',135,0,NULL,NULL,NULL,'open',12345678,1,0,0),
(2160,NULL,'J2',NULL,'Ide Ni Rian',0x00,NULL,'dolphinsc',0,' ',225,0,NULL,NULL,NULL,'open',12345678,1,0,1),
(2161,NULL,'J2','','Croiadh Mulvihill',0x00,NULL,'dolphinsc',1,'Thursday,Saturday',193,0,NULL,NULL,NULL,'open',12345678,1,0,1),
(2676,NULL,'G6','B','Matilde Lacava',0x01,NULL,'dolphinsc',0,'',218,0,NULL,NULL,NULL,'open',12345678,1,0,0),
(2677,NULL,'G8','B','Isla Jane Daly',0x00,NULL,'dolphinsc',0,'',134,0,NULL,NULL,NULL,'open',12345678,1,0,0),
(2678,NULL,'G8','B','Olivia Roche',0x00,NULL,'dolphinsc',0,'',131,0,NULL,NULL,NULL,'open',12345678,1,0,0),
(2679,NULL,'G9','B','Affiq Hameed',0x00,NULL,'dolphinsc',0,'',61,0,NULL,NULL,NULL,'open',12345678,1,0,0),
(2680,NULL,'G1','','Charlie Cassidy',0x01,NULL,'dolphinsc',0,'',393,0,NULL,NULL,NULL,'open',12345678,1,0,0),
(2681,NULL,'G3','A','Abaigael Logan',0x01,NULL,'dolphinsc',0,'',217,0,NULL,NULL,NULL,'open',12345678,1,0,0),
(2684,NULL,'J2',NULL,'Con Loughnane',0x00,NULL,'dolphinsc',0,' ',133,0,NULL,NULL,NULL,'open',12345678,1,0,1),
(2685,NULL,'J3',NULL,'Blaithin Kelly',0x00,NULL,'dolphinsc',0,' ',51,0,NULL,NULL,NULL,'open',12345678,1,0,1),
(2686,17,'group1','','Athlete 1',0x00,NULL,'test',0,'',53,1,'0','2014-09-27',11,'female',12345678,1,0,1),
(2687,17,'group1','','Athlete 2',0x00,NULL,'test',0,'',54,6,'0','2013-12-29',12,'open',12345678,1,0,1),
(2688,NULL,'group1','','Athlete 3',0x00,NULL,'test',0,'',11,0,NULL,'2012-09-27',13,'male',12345678,1,0,1),
(2689,NULL,'group1','','Athlete 4',0x00,NULL,'test',0,'',12,0,NULL,'2011-09-27',14,'female',12345678,1,0,1),
(2690,NULL,'group1','','Athlete 5',0x00,NULL,'test',0,'',13,0,NULL,'2010-09-27',15,'open',12345678,1,0,1),
(2691,NULL,'group1','','Athlete 6',0x00,NULL,'test',0,'',14,0,NULL,'2009-09-27',16,'male',12345678,1,0,1),
(2692,NULL,'group1','','Athlete 7',0x00,NULL,'test',0,'',15,0,NULL,'2008-09-27',17,'female',12345678,1,0,1),
(2693,NULL,'group1','','Athlete 8',0x00,NULL,'test',0,'',16,0,NULL,'2007-09-27',18,'open',12345678,1,0,1),
(2694,NULL,'group1','','Athlete 9',0x00,NULL,'test',0,'',17,0,NULL,'2006-09-27',19,'male',12345678,1,0,1),
(2695,NULL,'group1','','Athlete 10',0x00,NULL,'test',0,'',18,0,NULL,'2015-09-27',10,'female',12345678,1,0,1),
(2696,NULL,'group1','','Athlete 11',0x00,NULL,'test',0,'',19,0,NULL,'2014-09-27',11,'open',12345678,1,0,1),
(2697,NULL,'group1','','Athlete 12',0x00,NULL,'test',0,'',20,0,NULL,'2013-09-27',12,'male',12345678,1,0,1),
(2698,NULL,'group1','','Athlete 13',0x00,NULL,'test',0,'',24,0,NULL,'2012-09-27',13,'female',12345678,1,0,1),
(2699,NULL,'group1','','Athlete 14',0x00,NULL,'test',0,'',27,0,NULL,'2011-09-27',14,'open',12345678,1,0,1),
(2700,NULL,'group1','','Athlete 15',0x00,NULL,'test',0,'',3,0,NULL,'2010-09-27',15,'male',12345678,1,0,1),
(2701,NULL,'group1','','Athlete 16',0x00,NULL,'test',0,'',7,0,NULL,'2009-09-27',16,'female',12345678,1,0,1),
(2702,NULL,'group1','','Athlete 17',0x00,NULL,'test',0,'',8,0,NULL,'2008-09-27',17,'open',12345678,1,0,1),
(2703,17,'group1','','Athlete 18',0x00,NULL,'test',0,'',41,5,'0','2007-09-22',18,'male',12345678,1,0,1),
(2704,17,'group1','','Athlete 19',0x00,NULL,'test',0,'',9,4,'0','2006-09-27',19,'female',12345678,1,0,1),
(2705,NULL,'group1','','Athlete 20',0x00,NULL,'test',0,'',10,0,NULL,'2015-09-27',10,'open',12345678,1,0,1),
(2706,NULL,'group2','','Athlete 21',0x00,NULL,'test',0,'',53,0,NULL,'2014-09-27',11,'male',12345678,1,0,1),
(2707,NULL,'group2','','Athlete 22',0x00,NULL,'test',0,'',54,0,NULL,'2013-09-27',12,'female',12345678,1,0,1),
(2708,NULL,'group2','','Athlete 23',0x00,NULL,'test',0,'',55,0,NULL,'2012-09-27',13,'open',12345678,1,0,1),
(2709,NULL,'group2','','Athlete 24',0x00,NULL,'test',0,'',56,0,NULL,'2011-09-27',14,'male',12345678,1,0,1),
(2710,17,'group2','','Athlete 25',0x00,NULL,'test',0,'',57,1,'0','2010-09-27',15,'female',12345678,1,0,1),
(2711,NULL,'group2','','Athlete 26',0x00,NULL,'test',0,'',58,0,NULL,'2009-09-27',16,'open',12345678,1,0,1),
(2712,NULL,'group2','','Athlete 27',0x00,NULL,'test',0,'',59,0,NULL,'2008-09-27',17,'male',12345678,1,0,1),
(2713,NULL,'group2','','Athlete 28',0x00,NULL,'test',0,'',60,0,NULL,'2007-09-27',18,'female',12345678,1,0,1),
(2714,NULL,'group2','','Athlete 29',0x00,NULL,'test',0,'',61,0,NULL,'2006-09-27',19,'open',12345678,1,0,1),
(2715,NULL,'group2','','Athlete 30',0x00,NULL,'test',0,'',62,0,NULL,'2015-09-27',10,'male',12345678,1,0,1),
(2716,NULL,'group2','','Athlete 31',0x00,NULL,'test',0,'',63,0,NULL,'2014-09-27',11,'female',12345678,1,0,1),
(2717,NULL,'group2','','Athlete 32',0x00,NULL,'test',0,'',64,0,NULL,'2013-09-27',12,'open',12345678,1,0,1),
(2718,NULL,'group2','','Athlete 33',0x00,NULL,'test',0,'',2,0,NULL,'2012-09-27',13,'male',12345678,1,0,1),
(2719,NULL,'group2','','Athlete 34',0x00,NULL,'test',0,'',5,0,NULL,'2011-09-27',14,'female',12345678,1,0,1),
(2720,NULL,'group2','','Athlete 35',0x00,NULL,'test',0,'',23,0,NULL,'2010-09-27',15,'open',12345678,1,0,1),
(2721,NULL,'group2','','Athlete 36',0x00,NULL,'test',0,'',26,0,NULL,'2009-09-27',16,'male',12345678,1,0,1),
(2722,NULL,'group2','','Athlete 37',0x00,NULL,'test',0,'',31,0,NULL,'2008-09-27',17,'female',12345678,1,0,1),
(2723,17,'group2','','Athlete 38',0x00,NULL,'test',0,'',40,5,'0','2007-09-27',18,'open',12345678,1,0,1),
(2724,NULL,'group2','','Athlete 39',0x00,NULL,'test',0,'',43,0,NULL,'2006-09-27',19,'male',12345678,1,0,1),
(2725,NULL,'group2','','Athlete 40',0x00,NULL,'test',0,'',48,0,NULL,'2015-09-27',10,'female',12345678,1,0,1),
(2726,NULL,'group3','','Athlete 41',0x00,NULL,'test',0,'',53,0,NULL,'2014-09-27',11,'open',12345678,1,0,1),
(2727,NULL,'group3','','Athlete 42',0x00,NULL,'test',0,'',54,0,NULL,'2013-09-27',12,'male',12345678,1,0,1),
(2728,NULL,'group3','','Athlete 43',0x00,NULL,'test',0,'',55,0,NULL,'2012-09-27',13,'female',12345678,1,0,1),
(2729,NULL,'group3','','Athlete 44',0x00,NULL,'test',0,'',56,0,NULL,'2011-09-27',14,'open',12345678,1,0,1),
(2730,17,'group3','','Athlete 45',0x00,NULL,'test',0,'',57,2,'0','2010-09-27',15,'male',12345678,1,0,1),
(2731,NULL,'group3','','Athlete 46',0x00,NULL,'test',0,'',58,0,NULL,'2009-09-27',16,'female',12345678,1,0,1),
(2732,NULL,'group3','','Athlete 47',0x00,NULL,'test',0,'',59,0,NULL,'2008-09-27',17,'open',12345678,1,0,1),
(2733,NULL,'group3','','Athlete 48',0x00,NULL,'test',0,'',60,0,NULL,'2007-09-27',18,'male',12345678,1,0,1),
(2734,NULL,'group3','','Athlete 49',0x00,NULL,'test',0,'',61,0,NULL,'2006-09-27',19,'female',12345678,1,0,1),
(2735,NULL,'group3','','Athlete 50',0x00,NULL,'test',0,'',62,0,NULL,'2015-09-27',10,'open',12345678,1,0,1),
(2736,NULL,'group3','','Athlete 51',0x00,NULL,'test',0,'',63,0,NULL,'2014-09-27',11,'male',12345678,1,0,1),
(2737,NULL,'group3','','Athlete 52',0x00,NULL,'test',0,'',64,0,NULL,'2013-09-27',12,'female',12345678,1,0,1),
(2738,NULL,'group3','','Athlete 53',0x00,NULL,'test',0,'',1,0,NULL,'2012-09-27',13,'open',12345678,1,0,1),
(2739,NULL,'group3','','Athlete 54',0x00,NULL,'test',0,'',22,0,NULL,'2011-09-27',14,'male',12345678,1,0,1),
(2740,NULL,'group3','','Athlete 55',0x00,NULL,'test',0,'',25,0,NULL,'2010-09-27',15,'female',12345678,1,0,1),
(2741,NULL,'group3','','Athlete 56',0x00,NULL,'test',0,'',30,0,NULL,'2009-09-27',16,'open',12345678,1,0,1),
(2742,NULL,'group3','','Athlete 57',0x00,NULL,'test',0,'',36,0,NULL,'2008-09-27',17,'male',12345678,1,0,1),
(2743,NULL,'group3','','Athlete 58',0x00,NULL,'test',0,'',39,0,NULL,'2007-09-27',18,'female',12345678,1,0,1),
(2744,NULL,'group3','','Athlete 59',0x00,NULL,'test',0,'',47,0,NULL,'2006-09-27',19,'open',12345678,1,0,1),
(2745,NULL,'group3','','Athlete 60',0x00,NULL,'test',0,'',50,0,NULL,'2015-09-27',10,'male',12345678,1,0,1),
(2746,NULL,'group4','','Athlete 61',0x00,NULL,'test',0,'',53,0,NULL,'2014-09-27',11,'female',12345678,1,0,1),
(2747,NULL,'group4','','Athlete 62',0x00,NULL,'test',0,'',54,0,NULL,'2013-09-27',12,'open',12345678,1,0,1),
(2748,NULL,'group4','','Athlete 63',0x00,NULL,'test',0,'',55,0,NULL,'2012-09-27',13,'male',12345678,1,0,1),
(2749,NULL,'group4','','Athlete 64',0x00,NULL,'test',0,'',56,0,NULL,'2011-09-27',14,'female',12345678,1,0,1),
(2750,NULL,'group4','','Athlete 65',0x00,NULL,'test',0,'',57,0,NULL,'2010-09-27',15,'open',12345678,1,0,1),
(2751,NULL,'group4','','Athlete 66',0x00,NULL,'test',0,'',58,0,NULL,'2009-09-27',16,'male',12345678,1,0,1),
(2752,NULL,'group4','','Athlete 67',0x00,NULL,'test',0,'',59,0,NULL,'2008-09-27',17,'female',12345678,1,0,1),
(2753,NULL,'group4','','Athlete 68',0x00,NULL,'test',0,'',60,0,NULL,'2007-09-27',18,'open',12345678,1,0,1),
(2754,NULL,'group4','','Athlete 69',0x00,NULL,'test',0,'',61,0,NULL,'2006-09-27',19,'male',12345678,1,0,1),
(2755,NULL,'group4','','Athlete 70',0x00,NULL,'test',0,'',62,0,NULL,'2015-09-27',10,'female',12345678,1,0,1),
(2756,NULL,'group4','','Athlete 71',0x00,NULL,'test',0,'',63,0,NULL,'2014-09-27',11,'open',12345678,1,0,1),
(2757,NULL,'group4','','Athlete 72',0x00,NULL,'test',0,'',64,0,NULL,'2013-09-27',12,'male',12345678,1,0,1),
(2758,NULL,'group4','','Athlete 73',0x00,NULL,'test',0,'',0,0,NULL,'2012-09-27',13,'female',12345678,1,0,1),
(2759,NULL,'group4','','Athlete 74',0x00,NULL,'test',0,'',21,0,NULL,'2011-09-27',14,'open',12345678,1,0,1),
(2760,17,'group4','','Athlete 75',0x00,NULL,'test',0,'',67,3,'0','2010-09-27',15,'male',12345678,1,0,1),
(2761,NULL,'group4','','Athlete 76',0x00,NULL,'test',0,'',29,0,NULL,'2009-09-27',16,'female',12345678,1,0,1),
(2762,NULL,'group4','','Athlete 77',0x00,NULL,'test',0,'',34,0,NULL,'2008-09-27',17,'open',12345678,1,0,1),
(2763,NULL,'group4','','Athlete 78',0x00,NULL,'test',0,'',38,0,NULL,'2007-09-27',18,'male',12345678,1,0,1),
(2764,NULL,'group4','','Athlete 79',0x00,NULL,'test',0,'',46,0,NULL,'2006-09-27',19,'female',12345678,1,0,1),
(2765,NULL,'group4','','Athlete 80',0x00,NULL,'test',0,'',51,0,NULL,'2015-09-27',10,'open',12345678,1,0,1),
(2766,NULL,'group5','','Athlete 81',0x00,NULL,'test',0,'',53,0,NULL,'2014-09-27',11,'male',12345678,1,0,1),
(2767,NULL,'group5','','Athlete 82',0x00,NULL,'test',0,'',54,0,NULL,'2013-09-27',12,'female',12345678,1,0,1),
(2768,NULL,'group5','','Athlete 83',0x00,NULL,'test',0,'',55,0,NULL,'2012-09-27',13,'open',12345678,1,0,1),
(2769,NULL,'group5','','Athlete 84',0x00,NULL,'test',0,'',56,0,NULL,'2011-09-27',14,'male',12345678,1,0,1),
(2770,NULL,'group5','','Athlete 85',0x00,NULL,'test',0,'',57,0,NULL,'2010-09-27',15,'female',12345678,1,0,1),
(2771,NULL,'group5','','Athlete 86',0x00,NULL,'test',0,'',58,0,NULL,'2009-09-27',16,'open',12345678,1,0,1),
(2772,NULL,'group5','','Athlete 87',0x00,NULL,'test',0,'',59,0,NULL,'2008-09-27',17,'male',12345678,1,0,1),
(2773,NULL,'group5','','Athlete 88',0x00,NULL,'test',0,'',60,0,NULL,'2007-09-27',18,'female',12345678,1,0,1),
(2774,NULL,'group5','','Athlete 89',0x00,NULL,'test',0,'',61,0,NULL,'2006-09-27',19,'open',12345678,1,0,1),
(2775,NULL,'group5','','Athlete 90',0x00,NULL,'test',0,'',62,0,NULL,'2015-09-27',10,'male',12345678,1,0,1),
(2776,NULL,'group5','','Athlete 91',0x00,NULL,'test',0,'',63,0,NULL,'2014-09-27',11,'female',12345678,1,0,1),
(2777,NULL,'group5','','Athlete 92',0x00,NULL,'test',0,'',64,0,NULL,'2013-09-27',12,'open',12345678,1,0,1),
(2778,NULL,'group5','','Athlete 93',0x00,NULL,'test',0,'',65,0,NULL,'2012-09-27',13,'male',12345678,1,0,1),
(2779,NULL,'group5','','Athlete 94',0x00,NULL,'test',0,'',4,0,NULL,'2011-09-27',14,'female',12345678,1,0,1),
(2780,NULL,'group5','','Athlete 95',0x00,NULL,'test',0,'',6,0,NULL,'2010-09-27',15,'open',12345678,1,0,1),
(2781,NULL,'group5','','Athlete 96',0x00,NULL,'test',0,'',28,0,NULL,'2009-09-27',16,'male',12345678,1,0,1),
(2782,NULL,'group5','','Athlete 97',0x00,NULL,'test',0,'',33,0,NULL,'2008-09-27',17,'female',12345678,1,0,1),
(2783,NULL,'group5','','Athlete 98',0x00,NULL,'test',0,'',42,0,NULL,'2007-09-27',18,'open',12345678,1,0,1),
(2784,NULL,'group5','','Athlete 99',0x00,NULL,'test',0,'',45,0,NULL,'2006-09-27',19,'male',12345678,1,0,1),
(2785,17,'group5','','Athlete 100',0x00,NULL,'test',0,'',52,0,'0','2015-09-27',10,'female',12345678,1,0,1),
(2788,NULL,'G9','','Luke Herlihy',0x00,'10/06/23,11/06/23','dolphinsc',0,'',159,0,NULL,NULL,NULL,'open',12345678,1,0,0),
(2789,NULL,'G10',NULL,'Daniel Murray',0x00,'10/06/23,11/06/23','dolphinsc',0,' ',159,0,NULL,NULL,NULL,'open',12345678,1,0,1),
(2790,NULL,'G10',NULL,'M�abh Ni Riain',0x00,'10/06/23,11/06/23','dolphinsc',0,' ',159,0,NULL,NULL,NULL,'open',12345678,1,0,1),
(2791,NULL,'G11',NULL,'George Rafter',0x00,'10/06/23,11/06/23','dolphinsc',0,' ',159,0,NULL,NULL,NULL,'open',12345678,1,0,1),
(2794,NULL,'test1',NULL,'',0x00,NULL,'test',0,' ',0,-183,NULL,NULL,NULL,'open',12345678,1,0,1);
commit;
DELIMITER ;;
/*!50003 CREATE*/ /*!50017 DEFINER=`ciaran`@`%`*/ /*!50003 TRIGGER `SET_AGE_ON_UPDATE` BEFORE UPDATE ON `groups` FOR EACH ROW SET NEW.age = TIMESTAMPDIFF(YEAR, NEW.dob, MAKEDATE(YEAR(CURDATE()), 365)) */;;
DELIMITER ;

--
-- Table structure for table `manual_times`
--

CREATE TABLE `manual_times` (
  `id` int(11) NOT NULL AUTO_INCREMENT,
  `athlete_id` int(11) NOT NULL,
  `event_id` int(11) NOT NULL,
  `time` decimal(10,2) NOT NULL,
  `meet_id` int(11) DEFAULT NULL,
  `date_achieved` date NOT NULL,
  `verified_by` int(10) unsigned DEFAULT NULL,
  `notes` text DEFAULT NULL,
  `created_at` timestamp NOT NULL DEFAULT current_timestamp(),
  PRIMARY KEY (`id`),
  KEY `event_id` (`event_id`),
  KEY `meet_id` (`meet_id`),
  KEY `verified_by` (`verified_by`),
  KEY `manual_times_ibfk_1` (`athlete_id`),
  CONSTRAINT `manual_times_ibfk_1` FOREIGN KEY (`athlete_id`) REFERENCES `groups` (`id`) ON DELETE CASCADE,
  CONSTRAINT `manual_times_ibfk_2` FOREIGN KEY (`event_id`) REFERENCES `meet_events` (`id`) ON DELETE CASCADE,
  CONSTRAINT `manual_times_ibfk_3` FOREIGN KEY (`meet_id`) REFERENCES `meets` (`id`) ON DELETE SET NULL,
  CONSTRAINT `manual_times_ibfk_4` FOREIGN KEY (`verified_by`) REFERENCES `users` (`id`) ON DELETE SET NULL
) ENGINE=InnoDB DEFAULT CHARSET=utf8mb4 COLLATE=utf8mb4_general_ci;

--
-- Dumping data for table `manual_times`
--

set autocommit=0;
commit;

--
-- Table structure for table `meet_entries`
--

CREATE TABLE `meet_entries` (
  `id` int(11) NOT NULL AUTO_INCREMENT,
  `meet_id` int(11) NOT NULL,
  `athlete_id` int(11) NOT NULL,
  `event_id` int(11) NOT NULL,
  `entry_time` time(2) DEFAULT NULL,
  `paid` int(4) NOT NULL,
  `status` enum('pending','accepted','rejected') DEFAULT 'pending',
  `entry_date` timestamp NOT NULL DEFAULT current_timestamp(),
  PRIMARY KEY (`id`),
  KEY `meet_id` (`meet_id`),
  KEY `event_id` (`event_id`),
  KEY `meet_entries_ibfk_2` (`athlete_id`),
  CONSTRAINT `meet_entries_ibfk_1` FOREIGN KEY (`meet_id`) REFERENCES `meets` (`id`) ON DELETE CASCADE,
  CONSTRAINT `meet_entries_ibfk_2` FOREIGN KEY (`athlete_id`) REFERENCES `groups` (`id`) ON DELETE CASCADE,
  CONSTRAINT `meet_entries_ibfk_3` FOREIGN KEY (`event_id`) REFERENCES `meet_events` (`id`) ON DELETE CASCADE
) ENGINE=InnoDB AUTO_INCREMENT=4358 DEFAULT CHARSET=utf8mb4 COLLATE=utf8mb4_general_ci;

--
-- Dumping data for table `meet_entries`
--

set autocommit=0;
INSERT INTO `meet_entries` VALUES
(3872,28,843,919,NULL,8,'pending','2025-09-15 17:57:10'),
(3873,28,843,927,NULL,8,'pending','2025-09-15 17:57:10'),
(3874,28,843,933,NULL,8,'pending','2025-09-15 17:57:10'),
(3875,28,843,939,NULL,8,'pending','2025-09-15 17:57:10'),
(3876,28,843,957,NULL,8,'pending','2025-09-15 17:57:10'),
(3877,28,843,919,NULL,8,'pending','2025-09-15 18:01:16'),
(3878,28,843,920,NULL,8,'pending','2025-09-15 18:01:16'),
(3879,28,843,921,NULL,8,'pending','2025-09-15 18:01:16'),
(3880,28,843,999,NULL,8,'pending','2025-09-15 18:02:51'),
(3881,28,332,904,'00:00:37.35',7,'pending','2025-06-12 14:35:00'),
(3882,32,2686,874,NULL,8,'pending','2025-09-27 13:19:45'),
(3883,32,2686,890,NULL,8,'pending','2025-09-27 13:19:45'),
(3884,32,2686,912,NULL,8,'pending','2025-09-27 13:19:45'),
(3885,37,1580,874,'00:01:35.21',7,'pending','2025-10-01 17:41:14'),
(3886,37,1580,880,'00:00:52.63',7,'pending','2025-10-01 17:41:14'),
(3887,37,1580,888,'00:00:51.23',7,'pending','2025-10-01 17:41:14'),
(3888,37,1580,898,'00:01:46.07',7,'pending','2025-10-01 17:41:14'),
(3889,37,1580,904,'00:00:39.98',7,'pending','2025-10-01 17:41:14'),
(3890,37,1580,912,'00:00:50.69',7,'pending','2025-10-01 17:41:14'),
(3891,37,1581,879,'00:00:39.81',7,'pending','2025-10-01 17:41:14'),
(3892,37,1581,887,'00:00:45.84',7,'pending','2025-10-01 17:41:14'),
(3893,37,1581,903,'00:00:40.59',7,'pending','2025-10-01 17:41:14'),
(3894,37,1581,911,'00:00:53.79',7,'pending','2025-10-01 17:41:14'),
(3895,37,1582,874,'00:01:26.76',7,'pending','2025-10-01 17:41:14'),
(3896,37,1582,888,'00:00:43.07',7,'pending','2025-10-01 17:41:14'),
(3897,37,1582,912,'00:00:47.36',7,'pending','2025-10-01 17:41:14'),
(3898,37,1583,873,'00:01:21.15',7,'pending','2025-10-01 17:41:14'),
(3899,37,1583,879,'00:00:47.59',7,'pending','2025-10-01 17:41:14'),
(3900,37,1583,887,'00:00:43.56',7,'pending','2025-10-01 17:41:14'),
(3901,37,1583,897,'00:01:40.55',7,'pending','2025-10-01 17:41:14'),
(3902,37,1583,903,'00:00:34.95',7,'pending','2025-10-01 17:41:14'),
(3903,37,1583,911,'00:01:00.82',7,'pending','2025-10-01 17:41:14'),
(3904,37,324,881,'00:00:50.45',7,'pending','2025-10-01 17:41:14'),
(3905,37,324,885,'00:01:33.07',7,'pending','2025-10-01 17:41:14'),
(3906,37,324,899,'00:00:45.16',7,'pending','2025-10-01 17:41:14'),
(3907,37,324,905,'00:00:43.78',7,'pending','2025-10-01 17:41:14'),
(3908,37,324,909,'00:01:23.68',7,'pending','2025-10-01 17:41:14'),
(3909,37,331,874,'00:01:31.58',7,'pending','2025-10-01 17:41:14'),
(3910,37,331,880,'00:00:41.82',7,'pending','2025-10-01 17:41:14'),
(3911,37,331,888,'00:00:43.86',7,'pending','2025-10-01 17:41:14'),
(3912,37,331,898,'00:01:36.93',7,'pending','2025-10-01 17:41:14'),
(3913,37,331,904,'00:00:37.35',7,'pending','2025-10-01 17:41:14'),
(3914,37,331,912,'00:00:49.25',7,'pending','2025-10-01 17:41:14'),
(3915,37,1584,873,'00:01:36.81',7,'pending','2025-10-01 17:41:14'),
(3916,37,1584,879,'00:00:54.54',7,'pending','2025-10-01 17:41:14'),
(3917,37,1584,887,'00:00:49.46',7,'pending','2025-10-01 17:41:14'),
(3918,37,1584,897,'00:01:52.27',7,'pending','2025-10-01 17:41:14'),
(3919,37,1584,903,'00:00:40.64',7,'pending','2025-10-01 17:41:14'),
(3920,37,1584,911,'00:01:00.36',7,'pending','2025-10-01 17:41:14'),
(3921,37,334,873,'00:01:26.00',7,'pending','2025-10-01 17:41:14'),
(3922,37,334,879,'00:00:47.63',7,'pending','2025-10-01 17:41:14'),
(3923,37,334,887,'00:00:39.52',7,'pending','2025-10-01 17:41:14'),
(3924,37,334,897,'00:01:31.16',7,'pending','2025-10-01 17:41:14'),
(3925,37,334,903,'00:00:42.11',7,'pending','2025-10-01 17:41:14'),
(3926,37,334,911,'00:00:46.57',7,'pending','2025-10-01 17:41:14'),
(3933,37,1585,874,'00:01:32.34',7,'pending','2025-10-01 17:41:14'),
(3934,37,1585,880,'00:00:58.68',7,'pending','2025-10-01 17:41:14'),
(3935,37,1585,888,'00:00:49.77',7,'pending','2025-10-01 17:41:14'),
(3936,37,1585,898,'00:01:48.84',7,'pending','2025-10-01 17:41:14'),
(3937,37,1585,904,'00:00:41.22',7,'pending','2025-10-01 17:41:14'),
(3938,37,1585,912,'00:01:01.18',7,'pending','2025-10-01 17:41:14'),
(3939,37,461,874,'00:01:33.65',7,'pending','2025-10-01 17:41:14'),
(3940,37,461,880,'00:00:53.23',7,'pending','2025-10-01 17:41:14'),
(3941,37,461,888,'00:01:02.09',7,'pending','2025-10-01 17:41:14'),
(3942,37,2788,875,'00:00:39.74',7,'pending','2025-10-01 17:41:14'),
(3943,37,2788,881,'00:00:52.15',7,'pending','2025-10-01 17:41:14'),
(3944,37,2788,885,'00:01:46.73',7,'pending','2025-10-01 17:41:14'),
(3945,37,2788,899,'00:00:48.87',7,'pending','2025-10-01 17:41:14'),
(3946,37,2788,905,'00:00:50.25',7,'pending','2025-10-01 17:41:14'),
(3947,37,2788,909,'00:00:00.00',7,'pending','2025-10-01 17:41:14'),
(3948,37,1586,873,'00:01:27.83',7,'pending','2025-10-01 17:41:14'),
(3949,37,1586,879,'00:00:48.51',7,'pending','2025-10-01 17:41:14'),
(3950,37,1586,887,'00:00:49.12',7,'pending','2025-10-01 17:41:14'),
(3951,37,1586,897,'00:01:44.03',7,'pending','2025-10-01 17:41:14'),
(3952,37,1586,903,'00:00:41.27',7,'pending','2025-10-01 17:41:14'),
(3953,37,1586,911,'00:01:03.62',7,'pending','2025-10-01 17:41:14'),
(3954,37,1587,898,'00:01:47.41',7,'pending','2025-10-01 17:41:14'),
(3955,37,1587,904,'00:00:39.62',7,'pending','2025-10-01 17:41:14'),
(3956,37,1587,912,'00:00:59.53',7,'pending','2025-10-01 17:41:14'),
(3957,37,1588,874,'00:01:18.37',7,'pending','2025-10-01 17:41:14'),
(3958,37,1588,880,'00:00:49.10',7,'pending','2025-10-01 17:41:14'),
(3959,37,1588,888,'00:00:40.57',7,'pending','2025-10-01 17:41:14'),
(3960,37,1588,898,'00:01:31.76',7,'pending','2025-10-01 17:41:14'),
(3961,37,1588,912,'00:00:48.04',7,'pending','2025-10-01 17:41:14'),
(3962,37,353,876,'00:00:40.59',7,'pending','2025-10-01 17:41:14'),
(3963,37,353,882,'00:00:52.84',7,'pending','2025-10-01 17:41:14'),
(3964,37,353,886,'00:01:43.48',7,'pending','2025-10-01 17:41:14'),
(3965,37,353,900,'00:00:54.33',7,'pending','2025-10-01 17:41:14'),
(3966,37,353,906,'00:00:50.24',7,'pending','2025-10-01 17:41:14'),
(3967,37,353,910,'00:01:36.19',7,'pending','2025-10-01 17:41:14'),
(3968,37,1589,876,'00:00:39.05',7,'pending','2025-10-01 17:41:14'),
(3969,37,1589,882,'00:00:55.56',7,'pending','2025-10-01 17:41:14'),
(3970,37,1589,886,'00:01:37.81',7,'pending','2025-10-01 17:41:14'),
(3971,37,1589,900,'00:00:46.86',7,'pending','2025-10-01 17:41:14'),
(3972,37,1589,906,'00:00:49.43',7,'pending','2025-10-01 17:41:14'),
(3973,37,1589,910,'00:01:34.07',7,'pending','2025-10-01 17:41:14'),
(3974,37,1590,874,'00:01:41.17',7,'pending','2025-10-01 17:41:14'),
(3975,37,1590,880,'00:00:53.48',7,'pending','2025-10-01 17:41:14'),
(3976,37,1590,888,'00:00:52.74',7,'pending','2025-10-01 17:41:14'),
(3977,37,1590,898,'00:01:51.90',7,'pending','2025-10-01 17:41:14'),
(3978,37,1590,904,'00:00:38.46',7,'pending','2025-10-01 17:41:14'),
(3979,37,1590,912,'00:00:47.39',7,'pending','2025-10-01 17:41:14'),
(3980,37,323,882,'00:00:55.09',7,'pending','2025-10-01 17:41:14'),
(3981,37,323,886,'00:01:32.20',7,'pending','2025-10-01 17:41:14'),
(3982,37,323,900,'00:00:44.35',7,'pending','2025-10-01 17:41:14'),
(3983,37,323,910,'00:01:24.21',7,'pending','2025-10-01 17:41:14'),
(3984,37,1591,874,'00:02:05.38',7,'pending','2025-10-01 17:41:14'),
(3985,37,1591,880,'00:01:12.82',7,'pending','2025-10-01 17:41:14'),
(3986,37,1591,888,'00:00:56.33',7,'pending','2025-10-01 17:41:14'),
(3987,37,1591,898,'00:02:12.18',7,'pending','2025-10-01 17:41:14'),
(3988,37,1591,904,'00:00:52.75',7,'pending','2025-10-01 17:41:14'),
(3989,37,1591,912,'00:00:59.05',7,'pending','2025-10-01 17:41:14'),
(3990,37,1592,874,'00:01:40.74',7,'pending','2025-10-01 17:41:14'),
(3991,37,1592,880,'00:01:00.07',7,'pending','2025-10-01 17:41:14'),
(3992,37,1592,888,'00:00:51.63',7,'pending','2025-10-01 17:41:14'),
(3993,37,1593,874,'00:01:48.44',7,'pending','2025-10-01 17:41:14'),
(3994,37,1593,880,'00:01:06.67',7,'pending','2025-10-01 17:41:14'),
(3995,37,1593,888,'00:00:51.66',7,'pending','2025-10-01 17:41:14'),
(3996,37,1593,898,'00:02:02.47',7,'pending','2025-10-01 17:41:14'),
(3997,37,1593,904,'00:00:46.86',7,'pending','2025-10-01 17:41:14'),
(3998,37,1593,912,'00:01:00.07',7,'pending','2025-10-01 17:41:14'),
(3999,37,332,875,'00:00:39.02',7,'pending','2025-10-01 17:41:14'),
(4000,37,332,881,'00:00:55.13',7,'pending','2025-10-01 17:41:14'),
(4001,37,332,885,'00:01:46.70',7,'pending','2025-10-01 17:41:14'),
(4002,37,332,899,'00:00:50.20',7,'pending','2025-10-01 17:41:14'),
(4003,37,332,905,'00:00:50.33',7,'pending','2025-10-01 17:41:14'),
(4004,37,332,909,'00:01:31.19',7,'pending','2025-10-01 17:41:14'),
(4005,37,1594,876,'00:00:48.86',7,'pending','2025-10-01 17:41:14'),
(4006,37,1594,882,'00:01:01.16',7,'pending','2025-10-01 17:41:14'),
(4007,37,1594,886,'00:02:06.71',7,'pending','2025-10-01 17:41:14'),
(4008,37,1594,900,'00:01:11.79',7,'pending','2025-10-01 17:41:14'),
(4009,37,1594,906,'00:00:58.05',7,'pending','2025-10-01 17:41:14'),
(4010,37,1594,910,'00:01:53.02',7,'pending','2025-10-01 17:41:14'),
(4011,37,341,874,'00:01:34.70',7,'pending','2025-10-01 17:41:14'),
(4012,37,341,880,'00:00:57.69',7,'pending','2025-10-01 17:41:14'),
(4013,37,341,888,'00:00:55.79',7,'pending','2025-10-01 17:41:14'),
(4014,37,341,898,'00:01:43.68',7,'pending','2025-10-01 17:41:14'),
(4015,37,341,904,'00:00:41.15',7,'pending','2025-10-01 17:41:14'),
(4016,37,341,912,'00:00:53.36',7,'pending','2025-10-01 17:41:14'),
(4017,37,2789,873,'00:01:54.92',7,'pending','2025-10-01 17:41:14'),
(4018,37,2789,879,'00:00:54.56',7,'pending','2025-10-01 17:41:14'),
(4019,37,2789,887,'00:00:53.24',7,'pending','2025-10-01 17:41:14'),
(4020,37,2789,897,'00:02:09.32',7,'pending','2025-10-01 17:41:14'),
(4021,37,2789,903,'00:00:50.14',7,'pending','2025-10-01 17:41:14'),
(4022,37,2789,911,'00:00:57.66',7,'pending','2025-10-01 17:41:14'),
(4023,37,1595,874,'00:01:20.58',7,'pending','2025-10-01 17:41:14'),
(4024,37,1595,880,'00:00:55.18',7,'pending','2025-10-01 17:41:14'),
(4025,37,1595,888,'00:00:48.38',7,'pending','2025-10-01 17:41:14'),
(4026,37,1595,898,'00:01:36.28',7,'pending','2025-10-01 17:41:14'),
(4027,37,1595,904,'00:00:35.41',7,'pending','2025-10-01 17:41:14'),
(4028,37,1595,912,'00:00:47.68',7,'pending','2025-10-01 17:41:14'),
(4029,37,339,874,'00:01:34.62',7,'pending','2025-10-01 17:41:14'),
(4030,37,339,880,'00:00:48.06',7,'pending','2025-10-01 17:41:14'),
(4031,37,339,888,'00:00:46.61',7,'pending','2025-10-01 17:41:14'),
(4032,37,339,898,'00:01:53.02',7,'pending','2025-10-01 17:41:14'),
(4033,37,339,904,'00:00:37.46',7,'pending','2025-10-01 17:41:14'),
(4034,37,339,912,'00:00:53.83',7,'pending','2025-10-01 17:41:14'),
(4035,37,1596,898,'00:01:52.10',7,'pending','2025-10-01 17:41:14'),
(4036,37,1596,904,'00:00:40.90',7,'pending','2025-10-01 17:41:14'),
(4037,37,1596,912,'00:00:55.95',7,'pending','2025-10-01 17:41:14'),
(4038,37,354,874,'00:02:22.95',7,'pending','2025-10-01 17:41:14'),
(4039,37,354,880,'00:01:22.45',7,'pending','2025-10-01 17:41:14'),
(4040,37,354,888,'00:00:59.34',7,'pending','2025-10-01 17:41:14'),
(4041,37,354,898,'00:02:34.91',7,'pending','2025-10-01 17:41:14'),
(4042,37,354,904,'00:00:40.58',7,'pending','2025-10-01 17:41:14'),
(4043,37,354,912,'00:01:05.34',7,'pending','2025-10-01 17:41:14'),
(4044,37,1597,876,'00:01:01.90',7,'pending','2025-10-01 17:41:14'),
(4045,37,1597,882,'00:00:00.00',7,'pending','2025-10-01 17:41:14'),
(4046,37,1597,886,'00:02:43.64',7,'pending','2025-10-01 17:41:14'),
(4047,37,1597,900,'00:01:27.63',7,'pending','2025-10-01 17:41:14'),
(4048,37,1597,906,'00:00:00.00',7,'pending','2025-10-01 17:41:14'),
(4049,37,1597,910,'00:02:36.87',7,'pending','2025-10-01 17:41:14'),
(4050,37,346,874,'00:01:49.08',7,'pending','2025-10-01 17:41:14'),
(4051,37,346,880,'00:00:54.11',7,'pending','2025-10-01 17:41:14'),
(4052,37,346,888,'00:00:51.18',7,'pending','2025-10-01 17:41:14'),
(4053,37,346,898,'00:01:56.97',7,'pending','2025-10-01 17:41:14'),
(4054,37,346,904,'00:00:43.71',7,'pending','2025-10-01 17:41:14'),
(4055,37,346,912,'00:00:56.85',7,'pending','2025-10-01 17:41:14'),
(4056,37,1598,874,'00:01:46.33',7,'pending','2025-10-01 17:41:14'),
(4057,37,1598,880,'00:01:01.38',7,'pending','2025-10-01 17:41:14'),
(4058,37,1598,888,'00:00:50.97',7,'pending','2025-10-01 17:41:14'),
(4059,37,1598,898,'00:02:15.08',7,'pending','2025-10-01 17:41:14'),
(4060,37,1598,904,'00:00:44.62',7,'pending','2025-10-01 17:41:14'),
(4061,37,1598,912,'00:01:00.43',7,'pending','2025-10-01 17:41:14'),
(4062,37,2790,876,'00:00:51.24',7,'pending','2025-10-01 17:41:14'),
(4063,37,2790,882,'00:01:09.79',7,'pending','2025-10-01 17:41:14'),
(4064,37,2790,886,'00:02:09.05',7,'pending','2025-10-01 17:41:14'),
(4065,37,2790,900,'00:01:04.02',7,'pending','2025-10-01 17:41:14'),
(4066,37,2790,906,'00:00:59.95',7,'pending','2025-10-01 17:41:14'),
(4067,37,2790,910,'00:01:58.43',7,'pending','2025-10-01 17:41:14'),
(4068,37,1600,873,'00:02:03.75',7,'pending','2025-10-01 17:41:14'),
(4069,37,1600,879,'00:01:09.15',7,'pending','2025-10-01 17:41:14'),
(4070,37,1600,887,'00:01:03.65',7,'pending','2025-10-01 17:41:14'),
(4071,37,1600,897,'00:00:00.00',7,'pending','2025-10-01 17:41:14'),
(4072,37,1600,903,'00:00:56.94',7,'pending','2025-10-01 17:41:14'),
(4073,37,1600,911,'00:01:05.92',7,'pending','2025-10-01 17:41:14'),
(4074,37,1601,874,'00:02:07.29',7,'pending','2025-10-01 17:41:14'),
(4075,37,1601,880,'00:01:21.02',7,'pending','2025-10-01 17:41:15'),
(4076,37,1601,888,'00:01:14.01',7,'pending','2025-10-01 17:41:15'),
(4077,37,1601,898,'00:02:15.18',7,'pending','2025-10-01 17:41:15'),
(4078,37,1601,904,'00:00:53.40',7,'pending','2025-10-01 17:41:15'),
(4079,37,1601,912,'00:01:20.02',7,'pending','2025-10-01 17:41:15'),
(4080,37,1602,880,'00:00:46.33',7,'pending','2025-10-01 17:41:15'),
(4081,37,1602,888,'00:00:38.28',7,'pending','2025-10-01 17:41:15'),
(4082,37,1602,912,'00:00:45.64',7,'pending','2025-10-01 17:41:15'),
(4083,37,318,874,'00:01:16.88',7,'pending','2025-10-01 17:41:15'),
(4084,37,318,880,'00:00:43.74',7,'pending','2025-10-01 17:41:15'),
(4085,37,318,888,'00:00:41.23',7,'pending','2025-10-01 17:41:15'),
(4086,37,318,898,'00:01:34.63',7,'pending','2025-10-01 17:41:15'),
(4087,37,318,912,'00:00:46.86',7,'pending','2025-10-01 17:41:15'),
(4088,37,1603,898,'00:00:00.00',7,'pending','2025-10-01 17:41:15'),
(4089,37,1603,904,'00:00:44.84',7,'pending','2025-10-01 17:41:15'),
(4090,37,1603,912,'00:01:01.74',7,'pending','2025-10-01 17:41:15'),
(4091,37,173,873,'00:00:00.00',7,'pending','2025-10-01 17:41:15'),
(4092,37,173,879,'00:00:00.00',7,'pending','2025-10-01 17:41:15'),
(4093,37,173,887,'00:00:00.00',7,'pending','2025-10-01 17:41:15'),
(4094,37,173,897,'00:00:00.00',7,'pending','2025-10-01 17:41:15'),
(4095,37,173,903,'00:00:00.00',7,'pending','2025-10-01 17:41:15'),
(4096,37,173,911,'00:00:00.00',7,'pending','2025-10-01 17:41:15'),
(4097,37,1604,876,'00:00:00.00',7,'pending','2025-10-01 17:41:15'),
(4098,37,1604,882,'00:00:00.00',7,'pending','2025-10-01 17:41:15'),
(4099,37,1604,886,'00:00:00.00',7,'pending','2025-10-01 17:41:15'),
(4100,37,1604,900,'00:00:00.00',7,'pending','2025-10-01 17:41:15'),
(4101,37,1604,906,'00:00:00.00',7,'pending','2025-10-01 17:41:15'),
(4102,37,1604,910,'00:00:00.00',7,'pending','2025-10-01 17:41:15'),
(4103,37,1605,873,'00:00:00.00',7,'pending','2025-10-01 17:41:15'),
(4104,37,1605,879,'00:00:00.00',7,'pending','2025-10-01 17:41:15'),
(4105,37,1605,887,'00:00:56.43',7,'pending','2025-10-01 17:41:15'),
(4106,37,1605,897,'00:00:00.00',7,'pending','2025-10-01 17:41:15'),
(4107,37,1605,903,'00:00:00.00',7,'pending','2025-10-01 17:41:15'),
(4108,37,1605,911,'00:00:00.00',7,'pending','2025-10-01 17:41:15'),
(4109,37,347,874,'00:00:00.00',7,'pending','2025-10-01 17:41:15'),
(4110,37,347,880,'00:00:00.00',7,'pending','2025-10-01 17:41:15'),
(4111,37,347,888,'00:00:00.00',7,'pending','2025-10-01 17:41:15'),
(4112,37,347,898,'00:00:00.00',7,'pending','2025-10-01 17:41:15'),
(4113,37,347,904,'00:00:00.00',7,'pending','2025-10-01 17:41:15'),
(4114,37,347,912,'00:00:00.00',7,'pending','2025-10-01 17:41:15'),
(4115,37,1606,884,'00:00:00.00',7,'pending','2025-10-01 17:41:15'),
(4116,37,1606,902,'00:00:00.00',7,'pending','2025-10-01 17:41:15'),
(4117,37,1606,908,'00:00:00.00',7,'pending','2025-10-01 17:41:15'),
(4118,37,1606,910,'00:00:00.00',7,'pending','2025-10-01 17:41:15'),
(4119,37,348,883,'00:00:00.00',7,'pending','2025-10-01 17:41:15'),
(4120,37,348,885,'00:00:00.00',7,'pending','2025-10-01 17:41:15'),
(4121,37,348,901,'00:00:00.00',7,'pending','2025-10-01 17:41:15'),
(4122,37,348,907,'00:00:00.00',7,'pending','2025-10-01 17:41:15'),
(4123,37,348,909,'00:00:00.00',7,'pending','2025-10-01 17:41:15'),
(4124,37,1607,874,'00:00:00.00',7,'pending','2025-10-01 17:41:15'),
(4125,37,1607,880,'00:00:00.00',7,'pending','2025-10-01 17:41:15'),
(4126,37,1607,888,'00:01:04.98',7,'pending','2025-10-01 17:41:15'),
(4127,37,1607,898,'00:00:00.00',7,'pending','2025-10-01 17:41:15'),
(4128,37,1607,904,'00:00:00.00',7,'pending','2025-10-01 17:41:15'),
(4129,37,1607,912,'00:01:26.70',7,'pending','2025-10-01 17:41:15'),
(4130,37,1486,876,'00:00:00.00',7,'pending','2025-10-01 17:41:15'),
(4131,37,1486,882,'00:01:11.46',7,'pending','2025-10-01 17:41:15'),
(4132,37,1486,886,'00:00:00.00',7,'pending','2025-10-01 17:41:15'),
(4133,37,1486,900,'00:01:12.62',7,'pending','2025-10-01 17:41:15'),
(4134,37,1486,906,'00:00:56.13',7,'pending','2025-10-01 17:41:15'),
(4135,37,1486,910,'00:00:00.00',7,'pending','2025-10-01 17:41:15'),
(4136,37,1608,878,'00:00:00.00',7,'pending','2025-10-01 17:41:15'),
(4137,37,1608,884,'00:00:00.00',7,'pending','2025-10-01 17:41:15'),
(4138,37,1608,886,'00:00:00.00',7,'pending','2025-10-01 17:41:15'),
(4139,37,1608,902,'00:00:00.00',7,'pending','2025-10-01 17:41:15'),
(4140,37,1608,908,'00:00:00.00',7,'pending','2025-10-01 17:41:15'),
(4141,37,1608,910,'00:00:00.00',7,'pending','2025-10-01 17:41:15'),
(4142,37,1609,876,'00:00:00.00',7,'pending','2025-10-01 17:41:15'),
(4143,37,1609,882,'00:01:15.00',7,'pending','2025-10-01 17:41:15'),
(4144,37,1609,906,'00:00:53.84',7,'pending','2025-10-01 17:41:15'),
(4145,37,1609,910,'00:00:00.00',7,'pending','2025-10-01 17:41:15'),
(4146,37,1610,876,'00:00:00.00',7,'pending','2025-10-01 17:41:15'),
(4147,37,1610,882,'00:01:22.08',7,'pending','2025-10-01 17:41:15'),
(4148,37,1610,906,'00:01:00.10',7,'pending','2025-10-01 17:41:15'),
(4149,37,1610,910,'00:00:00.00',7,'pending','2025-10-01 17:41:15'),
(4150,37,1611,874,'00:00:00.00',7,'pending','2025-10-01 17:41:15'),
(4151,37,1611,880,'00:00:00.00',7,'pending','2025-10-01 17:41:15'),
(4152,37,1611,888,'00:00:00.00',7,'pending','2025-10-01 17:41:15'),
(4153,37,1611,898,'00:00:00.00',7,'pending','2025-10-01 17:41:15'),
(4154,37,1612,874,'00:00:00.00',7,'pending','2025-10-01 17:41:15'),
(4155,37,1612,880,'00:00:00.00',7,'pending','2025-10-01 17:41:15'),
(4156,37,1612,888,'00:00:00.00',7,'pending','2025-10-01 17:41:15'),
(4157,37,1612,898,'00:00:00.00',7,'pending','2025-10-01 17:41:15'),
(4158,37,1612,904,'00:00:00.00',7,'pending','2025-10-01 17:41:15'),
(4159,37,1612,912,'00:00:00.00',7,'pending','2025-10-01 17:41:15'),
(4160,37,1613,883,'00:00:00.00',7,'pending','2025-10-01 17:41:15'),
(4161,37,1613,901,'00:00:00.00',7,'pending','2025-10-01 17:41:15'),
(4162,37,1613,907,'00:00:00.00',7,'pending','2025-10-01 17:41:15'),
(4163,37,357,873,'00:00:00.00',7,'pending','2025-10-01 17:41:15'),
(4164,37,357,887,'00:00:00.00',7,'pending','2025-10-01 17:41:15'),
(4165,37,357,903,'00:00:00.00',7,'pending','2025-10-01 17:41:15'),
(4166,37,357,911,'00:00:00.00',7,'pending','2025-10-01 17:41:15'),
(4167,37,358,876,'00:00:00.00',7,'pending','2025-10-01 17:41:15'),
(4168,37,358,882,'00:00:00.00',7,'pending','2025-10-01 17:41:15'),
(4169,37,358,906,'00:00:00.00',7,'pending','2025-10-01 17:41:15'),
(4170,37,1614,887,'00:00:00.00',7,'pending','2025-10-01 17:41:15'),
(4171,37,1614,903,'00:00:00.00',7,'pending','2025-10-01 17:41:15'),
(4172,37,1614,911,'00:00:00.00',7,'pending','2025-10-01 17:41:15'),
(4173,37,2791,883,'00:00:00.00',7,'pending','2025-10-01 17:41:15'),
(4174,37,2791,901,'00:00:00.00',7,'pending','2025-10-01 17:41:15'),
(4175,37,2791,907,'00:00:00.00',7,'pending','2025-10-01 17:41:15'),
(4176,37,1615,874,'00:00:00.00',7,'pending','2025-10-01 17:41:15'),
(4177,37,1615,888,'00:00:00.00',7,'pending','2025-10-01 17:41:15'),
(4178,37,1615,904,'00:00:00.00',7,'pending','2025-10-01 17:41:15'),
(4179,37,1615,912,'00:00:00.00',7,'pending','2025-10-01 17:41:15');
commit;

--
-- Table structure for table `meet_events`
--

CREATE TABLE `meet_events` (
  `id` int(11) NOT NULL AUTO_INCREMENT,
  `meet_id` int(11) NOT NULL,
  `event_number` varchar(10) NOT NULL,
  `event_name` varchar(255) NOT NULL,
  `entry_fee` int(255) NOT NULL,
  `gender` enum('male','female','mixed') DEFAULT NULL,
  `ageHigh` int(2) NOT NULL DEFAULT 99,
  `ageLow` int(2) NOT NULL DEFAULT 0,
  `distance` int(11) DEFAULT NULL,
  `stroke` varchar(50) DEFAULT NULL,
  `qt` time(2) NOT NULL,
  PRIMARY KEY (`id`),
  KEY `meet_id` (`meet_id`),
  CONSTRAINT `meet_events_ibfk_1` FOREIGN KEY (`meet_id`) REFERENCES `meets` (`id`) ON DELETE CASCADE
) ENGINE=InnoDB AUTO_INCREMENT=1336 DEFAULT CHARSET=utf8mb4 COLLATE=utf8mb4_general_ci;

--
-- Dumping data for table `meet_events`
--

set autocommit=0;
INSERT INTO `meet_events` VALUES
(873,32,'1','100m free (12-13 male)',0,'male',99,0,100,'free','00:00:00.00'),
(874,32,'2','100m free (12-13 female)',0,'female',99,0,100,'free','00:00:00.00'),
(875,32,'3','50m free (10-11 male)',0,'male',99,0,50,'free','00:00:00.00'),
(876,32,'4','50m free (10-11 female)',0,'female',99,0,50,'free','00:00:00.00'),
(877,32,'5','50m fly (8-9 male)',0,'male',99,0,50,'fly','00:00:00.00'),
(878,32,'6','50m fly (8-9 female)',0,'female',99,0,50,'fly','00:00:00.00'),
(879,32,'7','50m fly (12-13 male)',0,'male',99,0,50,'fly','00:00:00.00'),
(880,32,'8','50m fly (12-13 female)',0,'female',99,0,50,'fly','00:00:00.00'),
(881,32,'9','50m breast (10-11 male)',0,'male',99,0,50,'breast','00:00:00.00'),
(882,32,'10','50m breast (10-11 female)',0,'female',99,0,50,'breast','00:00:00.00'),
(883,32,'11','50m free (8-9 male)',0,'male',99,0,50,'free','00:00:00.00'),
(884,32,'12','50m free (8-9 female)',0,'female',99,0,50,'free','00:00:00.00'),
(885,32,'13','100m im (8-11 male)',0,'male',99,0,100,'im','00:00:00.00'),
(886,32,'14','100m im (9-11 female)',0,'female',99,0,100,'im','00:00:00.00'),
(887,32,'15','50m back (12-13 male)',0,'male',99,0,50,'back','00:00:00.00'),
(888,32,'16','50m back (12-13 female)',0,'female',99,0,50,'back','00:00:00.00'),
(889,32,'17','200m free ( male)',0,'male',99,0,200,'free','00:00:00.00'),
(890,32,'18','200m free ( female)',0,'female',99,0,200,'free','00:00:00.00'),
(891,32,'19','200m im (11-13 mixed)',0,'mixed',99,0,200,'im','00:00:00.00'),
(892,32,'20','200m free (8-10 male)',0,'male',99,0,200,'free','00:00:00.00'),
(893,32,'21','200m free (8-10 female)',0,'female',99,0,200,'free','00:00:00.00'),
(894,32,'22','200m free (11-13 male)',0,'male',99,0,200,'free','00:00:00.00'),
(895,32,'23','200m free (11-13 female)',0,'female',99,0,200,'free','00:00:00.00'),
(896,32,'24','200m free (11-13 mixed)',0,'mixed',99,0,200,'free','00:00:00.00'),
(897,32,'25','100m im (12-13 male)',0,'male',99,0,100,'im','00:00:00.00'),
(898,32,'26','100m im (12-13 female)',0,'female',99,0,100,'im','00:00:00.00'),
(899,32,'27','50m fly (10-11 male)',0,'male',99,0,50,'fly','00:00:00.00'),
(900,32,'28','50m fly (10-11 female)',0,'female',99,0,50,'fly','00:00:00.00'),
(901,32,'29','50m breast (8-9 male)',0,'male',99,0,50,'breast','00:00:00.00'),
(902,32,'30','50m breast (8-9 female)',0,'female',99,0,50,'breast','00:00:00.00'),
(903,32,'31','50m free (12-13 male)',0,'male',99,0,50,'free','00:00:00.00'),
(904,32,'32','50m free (12-13 female)',0,'female',99,0,50,'free','00:00:00.00'),
(905,32,'33','50m back (10-11 male)',0,'male',99,0,50,'back','00:00:00.00'),
(906,32,'34','50m back (10-11 female)',0,'female',99,0,50,'back','00:00:00.00'),
(907,32,'35','50m back (8-9 male)',0,'male',99,0,50,'back','00:00:00.00'),
(908,32,'36','50m back (8-9 female)',0,'female',99,0,50,'back','00:00:00.00'),
(909,32,'37','100m free (8-11 male)',0,'male',99,0,100,'free','00:00:00.00'),
(910,32,'38','100m free (9-11 female)',0,'female',99,0,100,'free','00:00:00.00'),
(911,32,'39','50m breast (12-13 male)',0,'male',99,0,50,'breast','00:00:00.00'),
(912,32,'40','50m breast (12-13 female)',0,'female',99,0,50,'breast','00:00:00.00'),
(913,32,'41','100m free ( mixed)',0,'mixed',99,0,100,'free','00:00:00.00'),
(914,32,'42','200m im (8-10 male)',0,'male',99,0,200,'im','00:00:00.00'),
(915,32,'43','200m im (8-10 female)',0,'female',99,0,200,'im','00:00:00.00'),
(916,32,'44','200m im (11-13 male)',0,'male',99,0,200,'im','00:00:00.00'),
(917,32,'45','200m im (11-13 female)',0,'female',99,0,200,'im','00:00:00.00'),
(918,32,'46','200m free (11-13 mixed)',0,'mixed',99,0,200,'free','00:00:00.00'),
(919,28,'1','50m fly (10-10 male)',0,'male',99,0,50,'fly','00:00:00.00'),
(920,28,'1','50m fly (11-11 male)',0,'male',99,0,50,'fly','00:00:00.00'),
(921,28,'1','50m fly (12-12 male)',0,'male',99,0,50,'fly','00:00:00.00'),
(922,28,'2','50m fly (10-10 female)',0,'female',99,0,50,'fly','00:00:00.00'),
(923,28,'2','50m fly (11-11 female)',0,'female',99,0,50,'fly','00:00:00.00'),
(924,28,'2','50m fly (12-12 female)',0,'female',99,0,50,'fly','00:00:00.00'),
(925,28,'3','50m back (10-10 male)',0,'male',99,0,50,'back','00:00:00.00'),
(926,28,'3','50m back (11-11 male)',0,'male',99,0,50,'back','00:00:00.00'),
(927,28,'3','50m back (12-12 male)',0,'male',99,0,50,'back','00:00:00.00'),
(928,28,'4','50m back (10-10 female)',0,'female',99,0,50,'back','00:00:00.00'),
(929,28,'4','50m back (11-11 female)',0,'female',99,0,50,'back','00:00:00.00'),
(930,28,'4','50m back (12-12 female)',0,'female',99,0,50,'back','00:00:00.00'),
(931,28,'5','100m back (10-10 male)',0,'male',99,0,100,'back','00:00:00.00'),
(932,28,'5','100m back (11-11 male)',0,'male',99,0,100,'back','00:00:00.00'),
(933,28,'5','100m back (12-12 male)',0,'male',99,0,100,'back','00:00:00.00'),
(934,28,'6','100m back (10-10 female)',0,'female',99,0,100,'back','00:00:00.00'),
(935,28,'6','100m back (11-11 female)',0,'female',99,0,100,'back','00:00:00.00'),
(936,28,'6','100m back (12-12 female)',0,'female',99,0,100,'back','00:00:00.00'),
(937,28,'7','50m breast (10-10 male)',0,'male',99,0,50,'breast','00:00:00.00'),
(938,28,'7','50m breast (11-11 male)',0,'male',99,0,50,'breast','00:00:00.00'),
(939,28,'7','50m breast (12-12 male)',0,'male',99,0,50,'breast','00:00:00.00'),
(940,28,'8','50m breast (10-10 female)',0,'female',99,0,50,'breast','00:00:00.00'),
(941,28,'8','50m breast (11-11 female)',0,'female',99,0,50,'breast','00:00:00.00'),
(942,28,'8','50m breast (12-12 female)',0,'female',99,0,50,'breast','00:00:00.00'),
(943,28,'9','100m breast (10-10 male)',0,'male',99,0,100,'breast','00:00:00.00'),
(944,28,'9','100m breast (11-11 male)',0,'male',99,0,100,'breast','00:00:00.00'),
(945,28,'9','100m breast (12-12 male)',0,'male',99,0,100,'breast','00:00:00.00'),
(946,28,'10','100m breast (10-10 female)',0,'female',99,0,100,'breast','00:00:00.00'),
(947,28,'10','100m breast (11-11 female)',0,'female',99,0,100,'breast','00:00:00.00'),
(948,28,'10','100m breast (12-12 female)',0,'female',99,0,100,'breast','00:00:00.00'),
(949,28,'11','50m free (10-10 male)',0,'male',99,0,50,'free','00:00:00.00'),
(950,28,'11','50m free (11-11 male)',0,'male',99,0,50,'free','00:00:00.00'),
(951,28,'11','50m free (12-12 male)',0,'male',99,0,50,'free','00:00:00.00'),
(952,28,'12','50m free (10-10 female)',0,'female',99,0,50,'free','00:00:00.00'),
(953,28,'12','50m free (11-11 female)',0,'female',99,0,50,'free','00:00:00.00'),
(954,28,'12','50m free (12-12 female)',0,'female',99,0,50,'free','00:00:00.00'),
(955,28,'13','100m free (10-10 male)',0,'male',99,0,100,'free','00:00:00.00'),
(956,28,'13','100m free (11-11 male)',0,'male',99,0,100,'free','00:00:00.00'),
(957,28,'13','100m free (12-12 male)',0,'male',99,0,100,'free','00:00:00.00'),
(958,28,'14','100m free (10-10 female)',0,'female',99,0,100,'free','00:00:00.00'),
(959,28,'14','100m free (11-11 female)',0,'female',99,0,100,'free','00:00:00.00'),
(960,28,'14','100m free (12-12 female)',0,'female',99,0,100,'free','00:00:00.00'),
(961,28,'15','100m free (10-12 female)',0,'female',99,0,100,'free','00:00:00.00'),
(962,28,'15','100m free (10-12 male)',0,'male',99,0,100,'free','00:00:00.00'),
(963,28,'15','100m free (10-12 mixed)',0,'mixed',99,0,100,'free','00:00:00.00'),
(964,28,'20','100m im (13-14 male)',0,'male',99,0,100,'im','00:00:00.00'),
(965,28,'20','100m im (15+ male)',0,'male',99,0,100,'im','00:00:00.00'),
(966,28,'21','100m im (13-14 female)',0,'female',99,0,100,'im','00:00:00.00'),
(967,28,'21','100m im (15+ female)',0,'female',99,0,100,'im','00:00:00.00'),
(968,28,'22','200m free (13-13 male)',0,'male',99,0,200,'free','00:00:00.00'),
(969,28,'22','200m free (14-14 male)',0,'male',99,0,200,'free','00:00:00.00'),
(970,28,'22','200m free (15+ male)',0,'male',99,0,200,'free','00:00:00.00'),
(971,28,'23','200m free (13-13 female)',0,'female',99,0,200,'free','00:00:00.00'),
(972,28,'23','200m free (14-14 female)',0,'female',99,0,200,'free','00:00:00.00'),
(973,28,'23','200m free (15+ female)',0,'female',99,0,200,'free','00:00:00.00'),
(974,28,'24','50m fly (13-13 male)',0,'male',99,0,50,'fly','00:00:00.00'),
(975,28,'24','50m fly (14-14 male)',0,'male',99,0,50,'fly','00:00:00.00'),
(976,28,'24','50m fly (15+ male)',0,'male',99,0,50,'fly','00:00:00.00'),
(977,28,'25','50m fly (13-13 female)',0,'female',99,0,50,'fly','00:00:00.00'),
(978,28,'25','50m fly (14-14 female)',0,'female',99,0,50,'fly','00:00:00.00'),
(979,28,'25','50m fly (15+ female)',0,'female',99,0,50,'fly','00:00:00.00'),
(980,28,'26','100m back (13-13 male)',0,'male',99,0,100,'back','00:00:00.00'),
(981,28,'26','100m back (14-14 male)',0,'male',99,0,100,'back','00:00:00.00'),
(982,28,'26','100m back (15+ male)',0,'male',99,0,100,'back','00:00:00.00'),
(983,28,'27','100m back (13-13 female)',0,'female',99,0,100,'back','00:00:00.00'),
(984,28,'27','100m back (14-14 female)',0,'female',99,0,100,'back','00:00:00.00'),
(985,28,'27','100m back (15+ female)',0,'female',99,0,100,'back','00:00:00.00'),
(986,28,'28','100m breast (13-13 male)',0,'male',99,0,100,'breast','00:00:00.00'),
(987,28,'28','100m breast (14-14 male)',0,'male',99,0,100,'breast','00:00:00.00'),
(988,28,'28','100m breast (15+ male)',0,'male',99,0,100,'breast','00:00:00.00'),
(989,28,'29','100m breast (13-13 female)',0,'female',99,0,100,'breast','00:00:00.00'),
(990,28,'29','100m breast (14-14 female)',0,'female',99,0,100,'breast','00:00:00.00'),
(991,28,'29','100m breast (15+ female)',0,'female',99,0,100,'breast','00:00:00.00'),
(992,28,'30','100m free (13-13 male)',0,'male',99,0,100,'free','00:00:00.00'),
(993,28,'30','100m free (14-14 male)',0,'male',99,0,100,'free','00:00:00.00'),
(994,28,'30','100m free (15+ male)',0,'male',99,0,100,'free','00:00:00.00'),
(995,28,'31','100m free (13-13 female)',0,'female',99,0,100,'free','00:00:00.00'),
(996,28,'31','100m free (14-14 female)',0,'female',99,0,100,'free','00:00:00.00'),
(997,28,'31','100m free (15+ female)',0,'female',99,0,100,'free','00:00:00.00'),
(998,28,'32','250m free (13+ female)',0,'female',99,0,250,'free','00:00:00.00'),
(999,28,'32','250m free (13+ male)',0,'male',99,0,250,'free','00:00:00.00'),
(1000,28,'32','250m free (13+ mixed)',0,'mixed',99,0,250,'free','00:00:00.00'),
(1001,29,'1','50m fly (10-10 male)',0,'male',99,0,50,'fly','00:00:00.00'),
(1002,29,'1','50m fly (11-11 male)',0,'male',99,0,50,'fly','00:00:00.00'),
(1003,29,'1','50m fly (12-12 male)',0,'male',99,0,50,'fly','00:00:00.00'),
(1004,29,'2','50m fly (10-10 female)',0,'female',99,0,50,'fly','00:00:00.00'),
(1005,29,'2','50m fly (11-11 female)',0,'female',99,0,50,'fly','00:00:00.00'),
(1006,29,'2','50m fly (12-12 female)',0,'female',99,0,50,'fly','00:00:00.00'),
(1007,29,'3','50m back (10-10 male)',0,'male',99,0,50,'back','00:00:00.00'),
(1008,29,'3','50m back (11-11 male)',0,'male',99,0,50,'back','00:00:00.00'),
(1009,29,'3','50m back (12-12 male)',0,'male',99,0,50,'back','00:00:00.00'),
(1010,29,'4','50m back (10-10 female)',0,'female',99,0,50,'back','00:00:00.00'),
(1011,29,'4','50m back (11-11 female)',0,'female',99,0,50,'back','00:00:00.00'),
(1012,29,'4','50m back (12-12 female)',0,'female',99,0,50,'back','00:00:00.00'),
(1013,29,'5','100m back (10-10 male)',0,'male',99,0,100,'back','00:00:00.00'),
(1014,29,'5','100m back (11-11 male)',0,'male',99,0,100,'back','00:00:00.00'),
(1015,29,'5','100m back (12-12 male)',0,'male',99,0,100,'back','00:00:00.00'),
(1016,29,'6','100m back (10-10 female)',0,'female',99,0,100,'back','00:00:00.00'),
(1017,29,'6','100m back (11-11 female)',0,'female',99,0,100,'back','00:00:00.00'),
(1018,29,'6','100m back (12-12 female)',0,'female',99,0,100,'back','00:00:00.00'),
(1019,29,'7','50m breast (10-10 male)',0,'male',99,0,50,'breast','00:00:00.00'),
(1020,29,'7','50m breast (11-11 male)',0,'male',99,0,50,'breast','00:00:00.00'),
(1021,29,'7','50m breast (12-12 male)',0,'male',99,0,50,'breast','00:00:00.00'),
(1022,29,'8','50m breast (10-10 female)',0,'female',99,0,50,'breast','00:00:00.00'),
(1023,29,'8','50m breast (11-11 female)',0,'female',99,0,50,'breast','00:00:00.00'),
(1024,29,'8','50m breast (12-12 female)',0,'female',99,0,50,'breast','00:00:00.00'),
(1025,29,'9','100m breast (10-10 male)',0,'male',99,0,100,'breast','00:00:00.00'),
(1026,29,'9','100m breast (11-11 male)',0,'male',99,0,100,'breast','00:00:00.00'),
(1027,29,'9','100m breast (12-12 male)',0,'male',99,0,100,'breast','00:00:00.00'),
(1028,29,'10','100m breast (10-10 female)',0,'female',99,0,100,'breast','00:00:00.00'),
(1029,29,'10','100m breast (11-11 female)',0,'female',99,0,100,'breast','00:00:00.00'),
(1030,29,'10','100m breast (12-12 female)',0,'female',99,0,100,'breast','00:00:00.00'),
(1031,29,'11','50m free (10-10 male)',0,'male',99,0,50,'free','00:00:00.00'),
(1032,29,'11','50m free (11-11 male)',0,'male',99,0,50,'free','00:00:00.00'),
(1033,29,'11','50m free (12-12 male)',0,'male',99,0,50,'free','00:00:00.00'),
(1034,29,'12','50m free (10-10 female)',0,'female',99,0,50,'free','00:00:00.00'),
(1035,29,'12','50m free (11-11 female)',0,'female',99,0,50,'free','00:00:00.00'),
(1036,29,'12','50m free (12-12 female)',0,'female',99,0,50,'free','00:00:00.00'),
(1037,29,'13','100m free (10-10 male)',0,'male',99,0,100,'free','00:00:00.00'),
(1038,29,'13','100m free (11-11 male)',0,'male',99,0,100,'free','00:00:00.00'),
(1039,29,'13','100m free (12-12 male)',0,'male',99,0,100,'free','00:00:00.00'),
(1040,29,'14','100m free (10-10 female)',0,'female',99,0,100,'free','00:00:00.00'),
(1041,29,'14','100m free (11-11 female)',0,'female',99,0,100,'free','00:00:00.00'),
(1042,29,'14','100m free (12-12 female)',0,'female',99,0,100,'free','00:00:00.00'),
(1043,29,'15','100m free (10-12 female)',0,'female',99,0,100,'free','00:00:00.00'),
(1044,29,'15','100m free (10-12 male)',0,'male',99,0,100,'free','00:00:00.00'),
(1045,29,'15','100m free (10-12 mixed)',0,'mixed',99,0,100,'free','00:00:00.00'),
(1046,29,'20','100m im (13-14 male)',0,'male',99,0,100,'im','00:00:00.00'),
(1047,29,'20','100m im (15+ male)',0,'male',99,0,100,'im','00:00:00.00'),
(1048,29,'21','100m im (13-14 female)',0,'female',99,0,100,'im','00:00:00.00'),
(1049,29,'21','100m im (15+ female)',0,'female',99,0,100,'im','00:00:00.00'),
(1050,29,'22','200m free (13-13 male)',0,'male',99,0,200,'free','00:00:00.00'),
(1051,29,'22','200m free (14-14 male)',0,'male',99,0,200,'free','00:00:00.00'),
(1052,29,'22','200m free (15+ male)',0,'male',99,0,200,'free','00:00:00.00'),
(1053,29,'23','200m free (13-13 female)',0,'female',99,0,200,'free','00:00:00.00'),
(1054,29,'23','200m free (14-14 female)',0,'female',99,0,200,'free','00:00:00.00'),
(1055,29,'23','200m free (15+ female)',0,'female',99,0,200,'free','00:00:00.00'),
(1056,29,'24','50m fly (13-13 male)',0,'male',99,0,50,'fly','00:00:00.00'),
(1057,29,'24','50m fly (14-14 male)',0,'male',99,0,50,'fly','00:00:00.00'),
(1058,29,'24','50m fly (15+ male)',0,'male',99,0,50,'fly','00:00:00.00'),
(1059,29,'25','50m fly (13-13 female)',0,'female',99,0,50,'fly','00:00:00.00'),
(1060,29,'25','50m fly (14-14 female)',0,'female',99,0,50,'fly','00:00:00.00'),
(1061,29,'25','50m fly (15+ female)',0,'female',99,0,50,'fly','00:00:00.00'),
(1062,29,'26','100m back (13-13 male)',0,'male',99,0,100,'back','00:00:00.00'),
(1063,29,'26','100m back (14-14 male)',0,'male',99,0,100,'back','00:00:00.00'),
(1064,29,'26','100m back (15+ male)',0,'male',99,0,100,'back','00:00:00.00'),
(1065,29,'27','100m back (13-13 female)',0,'female',99,0,100,'back','00:00:00.00'),
(1066,29,'27','100m back (14-14 female)',0,'female',99,0,100,'back','00:00:00.00'),
(1067,29,'27','100m back (15+ female)',0,'female',99,0,100,'back','00:00:00.00'),
(1068,29,'28','100m breast (13-13 male)',0,'male',99,0,100,'breast','00:00:00.00'),
(1069,29,'28','100m breast (14-14 male)',0,'male',99,0,100,'breast','00:00:00.00'),
(1070,29,'28','100m breast (15+ male)',0,'male',99,0,100,'breast','00:00:00.00'),
(1071,29,'29','100m breast (13-13 female)',0,'female',99,0,100,'breast','00:00:00.00'),
(1072,29,'29','100m breast (14-14 female)',0,'female',99,0,100,'breast','00:00:00.00'),
(1073,29,'29','100m breast (15+ female)',0,'female',99,0,100,'breast','00:00:00.00'),
(1074,29,'30','100m free (13-13 male)',0,'male',99,0,100,'free','00:00:00.00'),
(1075,29,'30','100m free (14-14 male)',0,'male',99,0,100,'free','00:00:00.00'),
(1076,29,'30','100m free (15+ male)',0,'male',99,0,100,'free','00:00:00.00'),
(1077,29,'31','100m free (13-13 female)',0,'female',99,0,100,'free','00:00:00.00'),
(1078,29,'31','100m free (14-14 female)',0,'female',99,0,100,'free','00:00:00.00'),
(1079,29,'31','100m free (15+ female)',0,'female',99,0,100,'free','00:00:00.00'),
(1080,29,'32','250m free (13+ female)',0,'female',99,0,250,'free','00:00:00.00'),
(1081,29,'32','250m free (13+ male)',0,'male',99,0,250,'free','00:00:00.00'),
(1082,29,'32','250m free (13+ mixed)',0,'mixed',99,0,250,'free','00:00:00.00'),
(1083,42,'1A','400m im (15-15 male)',12,'male',15,15,400,'im','00:00:00.00'),
(1084,42,'1B','400m im (16-16 male)',12,'male',16,16,400,'im','00:00:00.00'),
(1085,42,'1C','400m im (17-17 male)',12,'male',17,17,400,'im','00:00:00.00'),
(1086,42,'1D','400m im (18-18 male)',12,'male',18,18,400,'im','00:00:00.00'),
(1087,42,'1E','400m im (19+ male)',12,'male',99,19,400,'im','00:00:00.00'),
(1088,42,'2A','200m fly (15-15 female)',12,'female',15,15,200,'fly','00:00:00.00'),
(1089,42,'2B','200m fly (16-16 female)',12,'female',16,16,200,'fly','00:00:00.00'),
(1090,42,'2C','200m fly (17-17 female)',12,'female',17,17,200,'fly','00:00:00.00'),
(1091,42,'2D','200m fly (18+ female)',12,'female',99,18,200,'fly','00:00:00.00'),
(1092,42,'3A','200m free (15-15 male)',12,'male',15,15,200,'free','00:00:00.00'),
(1093,42,'3B','200m free (16-16 male)',12,'male',16,16,200,'free','00:00:00.00'),
(1094,42,'3C','200m free (17-17 male)',12,'male',17,17,200,'free','00:00:00.00'),
(1095,42,'3D','200m free (18-18 male)',12,'male',18,18,200,'free','00:00:00.00'),
(1096,42,'3E','200m free (19+ male)',12,'male',99,19,200,'free','00:00:00.00'),
(1097,42,'4A','200m free (15-15 female)',12,'female',15,15,200,'free','00:00:00.00'),
(1098,42,'4B','200m free (16-16 female)',12,'female',16,16,200,'free','00:00:00.00'),
(1099,42,'4C','200m free (17-17 female)',12,'female',17,17,200,'free','00:00:00.00'),
(1100,42,'4D','200m free (18+ female)',12,'female',99,18,200,'free','00:00:00.00'),
(1101,42,'5A','100m breast (15-15 male)',12,'male',15,15,100,'breast','00:00:00.00'),
(1102,42,'5B','100m breast (16-16 male)',12,'male',16,16,100,'breast','00:00:00.00'),
(1103,42,'5C','100m breast (17-17 male)',12,'male',17,17,100,'breast','00:00:00.00'),
(1104,42,'5D','100m breast (18-18 male)',12,'male',18,18,100,'breast','00:00:00.00'),
(1105,42,'5E','100m breast (19+ male)',12,'male',99,19,100,'breast','00:00:00.00'),
(1106,42,'6A','100m breast (15-15 female)',12,'female',15,15,100,'breast','00:00:00.00'),
(1107,42,'6B','100m breast (16-16 female)',12,'female',16,16,100,'breast','00:00:00.00'),
(1108,42,'6C','100m breast (17-17 female)',12,'female',17,17,100,'breast','00:00:00.00'),
(1109,42,'6D','100m breast (18+ female)',12,'female',99,18,100,'breast','00:00:00.00'),
(1110,42,'7','400m free (15+ male)',27,'male',99,15,400,'free','00:00:00.00'),
(1111,42,'8','400m free (15+ female)',27,'female',99,15,400,'free','00:00:00.00'),
(1112,42,'9A','800m free (15-15 male)',12,'male',15,15,800,'free','00:00:00.00'),
(1113,42,'9B','800m free (16-16 male)',12,'male',16,16,800,'free','00:00:00.00'),
(1114,42,'9C','800m free (17-17 male)',12,'male',17,17,800,'free','00:00:00.00'),
(1115,42,'9D','800m free (18-18 male)',12,'male',18,18,800,'free','00:00:00.00'),
(1116,42,'9E','800m free (19+ male)',12,'male',99,19,800,'free','00:00:00.00'),
(1117,42,'10A','50m free (15-15 female)',12,'female',15,15,50,'free','00:00:00.00'),
(1118,42,'10B','50m free (16-16 female)',12,'female',16,16,50,'free','00:00:00.00'),
(1119,42,'10C','50m free (17-17 female)',12,'female',17,17,50,'free','00:00:00.00'),
(1120,42,'10D','50m free (18+ female)',12,'female',99,18,50,'free','00:00:00.00'),
(1121,42,'11A','200m back (15-15 male)',12,'male',15,15,200,'back','00:00:00.00'),
(1122,42,'11B','200m back (16-16 male)',12,'male',16,16,200,'back','00:00:00.00'),
(1123,42,'11C','200m back (17-17 male)',12,'male',17,17,200,'back','00:00:00.00'),
(1124,42,'11D','200m back (18-18 male)',12,'male',18,18,200,'back','00:00:00.00'),
(1125,42,'11E','200m back (19+ male)',12,'male',99,19,200,'back','00:00:00.00'),
(1126,42,'12A','100m fly (15-15 female)',12,'female',15,15,100,'fly','00:00:00.00'),
(1127,42,'12B','100m fly (16-16 female)',12,'female',16,16,100,'fly','00:00:00.00'),
(1128,42,'12C','100m fly (17-17 female)',12,'female',17,17,100,'fly','00:00:00.00'),
(1129,42,'12D','100m fly (18+ female)',12,'female',99,18,100,'fly','00:00:00.00'),
(1130,42,'13A','50m free (15-15 male)',12,'male',15,15,50,'free','00:00:00.00'),
(1131,42,'13B','50m free (16-16 male)',12,'male',16,16,50,'free','00:00:00.00'),
(1132,42,'13C','50m free (17-17 male)',12,'male',17,17,50,'free','00:00:00.00'),
(1133,42,'13D','50m free (18-18 male)',12,'male',18,18,50,'free','00:00:00.00'),
(1134,42,'13E','50m free (19+ male)',12,'male',99,19,50,'free','00:00:00.00'),
(1135,42,'14A','200m im (15-15 female)',12,'female',15,15,200,'im','00:00:00.00'),
(1136,42,'14B','200m im (16-16 female)',12,'female',16,16,200,'im','00:00:00.00'),
(1137,42,'14C','200m im (17-17 female)',12,'female',17,17,200,'im','00:00:00.00'),
(1138,42,'14D','200m im (18+ female)',12,'female',99,18,200,'im','00:00:00.00'),
(1139,42,'15A','100m fly (15-15 male)',12,'male',15,15,100,'fly','00:00:00.00'),
(1140,42,'15B','100m fly (16-16 male)',12,'male',16,16,100,'fly','00:00:00.00'),
(1141,42,'15C','100m fly (17-17 male)',12,'male',17,17,100,'fly','00:00:00.00'),
(1142,42,'15D','100m fly (18-18 male)',12,'male',18,18,100,'fly','00:00:00.00'),
(1143,42,'15E','100m fly (19+ male)',12,'male',99,19,100,'fly','00:00:00.00'),
(1144,42,'16','400m im (15+ mixed)',27,'mixed',99,15,400,'im','00:00:00.00'),
(1145,42,'17A','1500m free (15-15 female)',12,'female',15,15,1500,'free','00:00:00.00'),
(1146,42,'17B','1500m free (16-16 female)',12,'female',16,16,1500,'free','00:00:00.00'),
(1147,42,'17C','1500m free (17-17 female)',12,'female',17,17,1500,'free','00:00:00.00'),
(1148,42,'17D','1500m free (18+ female)',12,'female',99,18,1500,'free','00:00:00.00'),
(1149,42,'18','50m back (15+ male)',12,'male',99,15,50,'back','00:00:00.00'),
(1150,42,'19','50m back (15+ female)',12,'female',99,15,50,'back','00:00:00.00'),
(1151,42,'20A','200m breast (15-15 male)',12,'male',15,15,200,'breast','00:00:00.00'),
(1152,42,'20B','200m breast (16-16 male)',12,'male',16,16,200,'breast','00:00:00.00'),
(1153,42,'20C','200m breast (17-17 male)',12,'male',17,17,200,'breast','00:00:00.00'),
(1154,42,'20D','200m breast (18-18 male)',12,'male',18,18,200,'breast','00:00:00.00'),
(1155,42,'20E','200m breast (19+ male)',12,'male',99,19,200,'breast','00:00:00.00'),
(1156,42,'21A','200m breast (15-15 female)',12,'female',15,15,200,'breast','00:00:00.00'),
(1157,42,'21B','200m breast (16-16 female)',12,'female',16,16,200,'breast','00:00:00.00'),
(1158,42,'21C','200m breast (17-17 female)',12,'female',17,17,200,'breast','00:00:00.00'),
(1159,42,'21D','200m breast (18+ female)',12,'female',99,18,200,'breast','00:00:00.00'),
(1160,42,'22A','100m free (15-15 male)',12,'male',15,15,100,'free','00:00:00.00'),
(1161,42,'22B','100m free (16-16 male)',12,'male',16,16,100,'free','00:00:00.00'),
(1162,42,'22C','100m free (17-17 male)',12,'male',17,17,100,'free','00:00:00.00'),
(1163,42,'22D','100m free (18-18 male)',12,'male',18,18,100,'free','00:00:00.00'),
(1164,42,'22E','100m free (19+ male)',12,'male',99,19,100,'free','00:00:00.00'),
(1165,42,'23A','100m free (15-15 female)',12,'female',15,15,100,'free','00:00:00.00'),
(1166,42,'23B','100m free (16-16 female)',12,'female',16,16,100,'free','00:00:00.00'),
(1167,42,'23C','100m free (17-17 female)',12,'female',17,17,100,'free','00:00:00.00'),
(1168,42,'23D','100m free (18+ female)',12,'female',99,18,100,'free','00:00:00.00'),
(1169,42,'24','800m free (15+ male)',27,'male',99,15,800,'free','00:00:00.00'),
(1170,42,'25A','1500m free (15-15 male)',12,'male',15,15,1500,'free','00:00:00.00'),
(1171,42,'25B','1500m free (16-16 male)',12,'male',16,16,1500,'free','00:00:00.00'),
(1172,42,'25C','1500m free (17-17 male)',12,'male',17,17,1500,'free','00:00:00.00'),
(1173,42,'25D','1500m free (18-18 male)',12,'male',18,18,1500,'free','00:00:00.00'),
(1174,42,'25E','1500m free (19+ male)',12,'male',99,19,1500,'free','00:00:00.00'),
(1175,42,'26A','200m im (15-15 male)',12,'male',15,15,200,'im','00:00:00.00'),
(1176,42,'26B','200m im (16-16 male)',12,'male',16,16,200,'im','00:00:00.00'),
(1177,42,'26C','200m im (17-17 male)',12,'male',17,17,200,'im','00:00:00.00'),
(1178,42,'26D','200m im (18-18 male)',12,'male',18,18,200,'im','00:00:00.00'),
(1179,42,'26E','200m im (19+ male)',12,'male',99,19,200,'im','00:00:00.00'),
(1180,42,'27A','200m back (15-15 female)',12,'female',15,15,200,'back','00:00:00.00'),
(1181,42,'27B','200m back (16-16 female)',12,'female',16,16,200,'back','00:00:00.00'),
(1182,42,'27C','200m back (17-17 female)',12,'female',17,17,200,'back','00:00:00.00'),
(1183,42,'27D','200m back (18+ female)',12,'female',99,18,200,'back','00:00:00.00'),
(1184,42,'28A','400m free (15-15 male)',12,'male',15,15,400,'free','00:00:00.00'),
(1185,42,'28B','400m free (16-16 male)',12,'male',16,16,400,'free','00:00:00.00'),
(1186,42,'28C','400m free (17-17 male)',12,'male',17,17,400,'free','00:00:00.00'),
(1187,42,'28D','400m free (18-18 male)',12,'male',18,18,400,'free','00:00:00.00'),
(1188,42,'28E','400m free (19+ male)',12,'male',99,19,400,'free','00:00:00.00'),
(1189,42,'29A','400m free (15-15 female)',12,'female',15,15,400,'free','00:00:00.00'),
(1190,42,'29B','400m free (16-16 female)',12,'female',16,16,400,'free','00:00:00.00'),
(1191,42,'29C','400m free (17-17 female)',12,'female',17,17,400,'free','00:00:00.00'),
(1192,42,'29D','400m free (18+ female)',12,'female',99,18,400,'free','00:00:00.00'),
(1193,42,'30A','200m fly (15-15 male)',12,'male',15,15,200,'fly','00:00:00.00'),
(1194,42,'30B','200m fly (16-16 male)',12,'male',16,16,200,'fly','00:00:00.00'),
(1195,42,'30C','200m fly (17-17 male)',12,'male',17,17,200,'fly','00:00:00.00'),
(1196,42,'30D','200m fly (18-18 male)',12,'male',18,18,200,'fly','00:00:00.00'),
(1197,42,'30E','200m fly (19+ male)',12,'male',99,19,200,'fly','00:00:00.00'),
(1198,42,'31','800m free (15+ female)',27,'female',99,15,800,'free','00:00:00.00'),
(1199,42,'32A','100m back (15-15 female)',12,'female',15,15,100,'back','00:00:00.00'),
(1200,42,'32B','100m back (16-16 female)',12,'female',16,16,100,'back','00:00:00.00'),
(1201,42,'32C','100m back (17-17 female)',12,'female',17,17,100,'back','00:00:00.00'),
(1202,42,'32D','100m back (18+ female)',12,'female',99,18,100,'back','00:00:00.00'),
(1203,42,'33A','100m back (15-15 male)',12,'male',15,15,100,'back','00:00:00.00'),
(1204,42,'33B','100m back (16-16 male)',12,'male',16,16,100,'back','00:00:00.00'),
(1205,42,'33C','100m back (17-17 male)',12,'male',17,17,100,'back','00:00:00.00'),
(1206,42,'33D','100m back (18-18 male)',12,'male',18,18,100,'back','00:00:00.00'),
(1207,42,'33E','100m back (19+ male)',12,'male',99,19,100,'back','00:00:00.00'),
(1208,42,'34A','400m im (15-15 female)',12,'female',15,15,400,'im','00:00:00.00'),
(1209,42,'34B','400m im (16-16 female)',12,'female',16,16,400,'im','00:00:00.00'),
(1210,42,'34C','400m im (17-17 female)',12,'female',17,17,400,'im','00:00:00.00'),
(1211,42,'34D','400m im (18+ female)',12,'female',99,18,400,'im','00:00:00.00'),
(1212,42,'35','50m fly (15+ male)',12,'male',99,15,50,'fly','00:00:00.00'),
(1213,42,'36','50m fly (15+ female)',12,'female',99,15,50,'fly','00:00:00.00'),
(1214,42,'37','50m breast (15+ male)',12,'male',99,15,50,'breast','00:00:00.00'),
(1215,42,'38','50m breast (15+ female)',12,'female',99,15,50,'breast','00:00:00.00'),
(1216,42,'39','400m im (15+ male)',27,'male',99,15,400,'im','00:00:00.00'),
(1217,42,'40','400m im (15+ female)',27,'female',99,15,400,'im','00:00:00.00'),
(1218,42,'41A','800m free (15-15 female)',12,'female',15,15,800,'free','00:00:00.00'),
(1219,42,'41B','800m free (16-16 female)',12,'female',16,16,800,'free','00:00:00.00'),
(1220,42,'41C','800m free (17-17 female)',12,'female',17,17,800,'free','00:00:00.00'),
(1221,42,'41D','800m free (18+ female)',12,'female',99,18,800,'free','00:00:00.00'),
(1222,43,'1A','50m back (13-16 male)',10,'male',16,13,50,'back','00:00:00.00'),
(1223,43,'1B','50m back (17-18 male)',10,'male',18,17,50,'back','00:00:00.00'),
(1224,43,'1C','50m back (19+ male)',10,'male',99,19,50,'back','00:00:00.00'),
(1225,43,'2A','50m back (13-16 female)',10,'female',16,13,50,'back','00:00:00.00'),
(1226,43,'2B','50m back (17-18 female)',10,'female',18,17,50,'back','00:00:00.00'),
(1227,43,'2C','50m back (19+ female)',10,'female',99,19,50,'back','00:00:00.00'),
(1228,43,'3A','100m breast (13-16 male)',10,'male',16,13,100,'breast','00:00:00.00'),
(1229,43,'3B','100m breast (17-18 male)',10,'male',18,17,100,'breast','00:00:00.00'),
(1230,43,'3C','100m breast (19+ male)',10,'male',99,19,100,'breast','00:00:00.00'),
(1231,43,'4A','100m breast (13-16 female)',10,'female',16,13,100,'breast','00:00:00.00'),
(1232,43,'4B','100m breast (17-18 female)',10,'female',18,17,100,'breast','00:00:00.00'),
(1233,43,'4C','100m breast (19+ female)',10,'female',99,19,100,'breast','00:00:00.00'),
(1234,43,'5A','100m free (13-16 male)',10,'male',16,13,100,'free','00:00:00.00'),
(1235,43,'5B','100m free (17-18 male)',10,'male',18,17,100,'free','00:00:00.00'),
(1236,43,'5C','100m free (19+ male)',10,'male',99,19,100,'free','00:00:00.00'),
(1237,43,'6A','100m free (13-16 female)',10,'female',16,13,100,'free','00:00:00.00'),
(1238,43,'6B','100m free (17-18 female)',10,'female',18,17,100,'free','00:00:00.00'),
(1239,43,'6C','100m free (19+ female)',10,'female',99,19,100,'free','00:00:00.00'),
(1240,43,'7A','200m fly (13-16 male)',10,'male',16,13,200,'fly','00:00:00.00'),
(1241,43,'7B','200m fly (17-18 male)',10,'male',18,17,200,'fly','00:00:00.00'),
(1242,43,'7C','200m fly (19+ male)',10,'male',99,19,200,'fly','00:00:00.00'),
(1243,43,'8A','200m fly (13-16 female)',10,'female',16,13,200,'fly','00:00:00.00'),
(1244,43,'8B','200m fly (17-18 female)',10,'female',18,17,200,'fly','00:00:00.00'),
(1245,43,'8C','200m fly (19+ female)',10,'female',99,19,200,'fly','00:00:00.00'),
(1246,43,'9A','200m im (13-16 male)',10,'male',16,13,200,'im','00:00:00.00'),
(1247,43,'9B','200m im (17-18 male)',10,'male',18,17,200,'im','00:00:00.00'),
(1248,43,'9C','200m im (19+ male)',10,'male',99,19,200,'im','00:00:00.00'),
(1249,43,'10A','200m im (13-16 female)',10,'female',16,13,200,'im','00:00:00.00'),
(1250,43,'10B','200m im (17-18 female)',10,'female',18,17,200,'im','00:00:00.00'),
(1251,43,'10C','200m im (19+ female)',10,'female',99,19,200,'im','00:00:00.00'),
(1252,43,'11A','800m free (13-16 female)',10,'female',16,13,800,'free','00:00:00.00'),
(1253,43,'11B','800m free (13-16 male)',10,'male',16,13,800,'free','00:00:00.00'),
(1254,43,'11C','800m free (17-18 female)',10,'female',18,17,800,'free','00:00:00.00'),
(1255,43,'11D','800m free (17-18 male)',10,'male',18,17,800,'free','00:00:00.00'),
(1256,43,'11E','800m free (19+ female)',10,'female',99,19,800,'free','00:00:00.00'),
(1257,43,'11F','800m free (19+ male)',10,'male',99,19,800,'free','00:00:00.00'),
(1258,43,'12','200m free (13+ male)',25,'male',99,13,200,'free','00:00:00.00'),
(1259,43,'13','200m free (13+ female)',25,'female',99,13,200,'free','00:00:00.00'),
(1260,43,'14','200m im (13+ mixed)',25,'mixed',99,13,200,'im','00:00:00.00'),
(1261,43,'15A','100m back (13-16 female)',10,'female',16,13,100,'back','00:00:00.00'),
(1262,43,'15B','100m back (17-18 female)',10,'female',18,17,100,'back','00:00:00.00'),
(1263,43,'15C','100m back (19+ female)',10,'female',99,19,100,'back','00:00:00.00'),
(1264,43,'16A','100m back (13-16 male)',10,'male',16,13,100,'back','00:00:00.00'),
(1265,43,'16B','100m back (17-18 male)',10,'male',18,17,100,'back','00:00:00.00'),
(1266,43,'16C','100m back (19+ male)',10,'male',99,19,100,'back','00:00:00.00'),
(1267,43,'17A','400m im (13-16 female)',10,'female',16,13,400,'im','00:00:00.00'),
(1268,43,'17B','400m im (17-18 female)',10,'female',18,17,400,'im','00:00:00.00'),
(1269,43,'17C','400m im (19+ female)',10,'female',99,19,400,'im','00:00:00.00'),
(1270,43,'18A','400m im (13-16 male)',10,'male',16,13,400,'im','00:00:00.00'),
(1271,43,'18B','400m im (17-18 male)',10,'male',18,17,400,'im','00:00:00.00'),
(1272,43,'18C','400m im (19+ male)',10,'male',99,19,400,'im','00:00:00.00'),
(1273,43,'19A','50m fly (13-16 female)',10,'female',16,13,50,'fly','00:00:00.00'),
(1274,43,'19B','50m fly (17-18 female)',10,'female',18,17,50,'fly','00:00:00.00'),
(1275,43,'19C','50m fly (19+ female)',10,'female',99,19,50,'fly','00:00:00.00'),
(1276,43,'20A','50m fly (13-16 male)',10,'male',16,13,50,'fly','00:00:00.00'),
(1277,43,'20B','50m fly (17-18 male)',10,'male',18,17,50,'fly','00:00:00.00'),
(1278,43,'20C','50m fly (19+ male)',10,'male',99,19,50,'fly','00:00:00.00'),
(1279,43,'21A','200m free (13-16 female)',10,'female',16,13,200,'free','00:00:00.00'),
(1280,43,'21B','200m free (17-18 female)',10,'female',18,17,200,'free','00:00:00.00'),
(1281,43,'21C','200m free (19+ female)',10,'female',99,19,200,'free','00:00:00.00'),
(1282,43,'22A','200m free (13-16 male)',10,'male',16,13,200,'free','00:00:00.00'),
(1283,43,'22B','200m free (17-18 male)',10,'male',18,17,200,'free','00:00:00.00'),
(1284,43,'22C','200m free (19+ male)',10,'male',99,19,200,'free','00:00:00.00'),
(1285,43,'23A','200m breast (13-16 female)',10,'female',16,13,200,'breast','00:00:00.00'),
(1286,43,'23B','200m breast (17-18 female)',10,'female',18,17,200,'breast','00:00:00.00'),
(1287,43,'23C','200m breast (19+ female)',10,'female',99,19,200,'breast','00:00:00.00'),
(1288,43,'24A','200m breast (13-16 male)',10,'male',16,13,200,'breast','00:00:00.00'),
(1289,43,'24B','200m breast (17-18 male)',10,'male',18,17,200,'breast','00:00:00.00'),
(1290,43,'24C','200m breast (19+ male)',10,'male',99,19,200,'breast','00:00:00.00'),
(1291,43,'25A','1500m free (13-16 female)',10,'female',16,13,1500,'free','00:00:00.00'),
(1292,43,'25B','1500m free (13-16 male)',10,'male',16,13,1500,'free','00:00:00.00'),
(1293,43,'25C','1500m free (17-18 female)',10,'female',18,17,1500,'free','00:00:00.00'),
(1294,43,'25D','1500m free (17-18 male)',10,'male',18,17,1500,'free','00:00:00.00'),
(1295,43,'25E','1500m free (19+ female)',10,'female',99,19,1500,'free','00:00:00.00'),
(1296,43,'25F','1500m free (19+ male)',10,'male',99,19,1500,'free','00:00:00.00'),
(1297,43,'26','200m free (13+ mixed)',25,'mixed',99,13,200,'free','00:00:00.00'),
(1298,43,'27A','200m back (13-16 male)',10,'male',16,13,200,'back','00:00:00.00'),
(1299,43,'27B','200m back (17-18 male)',10,'male',18,17,200,'back','00:00:00.00'),
(1300,43,'27C','200m back (19+ male)',10,'male',99,19,200,'back','00:00:00.00'),
(1301,43,'28A','200m back (13-16 female)',10,'female',16,13,200,'back','00:00:00.00'),
(1302,43,'28B','200m back (17-18 female)',10,'female',18,17,200,'back','00:00:00.00'),
(1303,43,'28C','200m back (19+ female)',10,'female',99,19,200,'back','00:00:00.00'),
(1304,43,'29A','50m free (13-16 male)',10,'male',16,13,50,'free','00:00:00.00'),
(1305,43,'29B','50m free (17-18 male)',10,'male',18,17,50,'free','00:00:00.00'),
(1306,43,'29C','50m free (19+ male)',10,'male',99,19,50,'free','00:00:00.00'),
(1307,43,'30A','50m free (13-16 female)',10,'female',16,13,50,'free','00:00:00.00'),
(1308,43,'30B','50m free (17-18 female)',10,'female',18,17,50,'free','00:00:00.00'),
(1309,43,'30C','50m free (19+ female)',10,'female',99,19,50,'free','00:00:00.00'),
(1310,43,'31A','50m breast (13-16 male)',10,'male',16,13,50,'breast','00:00:00.00'),
(1311,43,'31B','50m breast (17-18 male)',10,'male',18,17,50,'breast','00:00:00.00'),
(1312,43,'31C','50m breast (19+ male)',10,'male',99,19,50,'breast','00:00:00.00'),
(1313,43,'32A','50m breast (13-16 female)',10,'female',16,13,50,'breast','00:00:00.00'),
(1314,43,'32B','50m breast (17-18 female)',10,'female',18,17,50,'breast','00:00:00.00'),
(1315,43,'32C','50m breast (19+ female)',10,'female',99,19,50,'breast','00:00:00.00'),
(1316,43,'33A','100m fly (13-16 male)',10,'male',16,13,100,'fly','00:00:00.00'),
(1317,43,'33B','100m fly (17-18 male)',10,'male',18,17,100,'fly','00:00:00.00'),
(1318,43,'33C','100m fly (19+ male)',10,'male',99,19,100,'fly','00:00:00.00'),
(1319,43,'34A','100m fly (13-16 female)',10,'female',16,13,100,'fly','00:00:00.00'),
(1320,43,'34B','100m fly (17-18 female)',10,'female',18,17,100,'fly','00:00:00.00'),
(1321,43,'34C','100m fly (19+ female)',10,'female',99,19,100,'fly','00:00:00.00'),
(1322,43,'35A','100m im (13-16 male)',10,'male',16,13,100,'im','00:00:00.00'),
(1323,43,'35B','100m im (17-18 male)',10,'male',18,17,100,'im','00:00:00.00'),
(1324,43,'35C','100m im (19+ male)',10,'male',99,19,100,'im','00:00:00.00'),
(1325,43,'36A','100m im (13-16 female)',10,'female',16,13,100,'im','00:00:00.00'),
(1326,43,'36B','100m im (17-18 female)',10,'female',18,17,100,'im','00:00:00.00'),
(1327,43,'36C','100m im (19+ female)',10,'female',99,19,100,'im','00:00:00.00'),
(1328,43,'37A','400m free (13-16 male)',10,'male',16,13,400,'free','00:00:00.00'),
(1329,43,'37B','400m free (17-18 male)',10,'male',18,17,400,'free','00:00:00.00'),
(1330,43,'37C','400m free (19+ male)',10,'male',99,19,400,'free','00:00:00.00'),
(1331,43,'38A','400m free (13-16 female)',10,'female',16,13,400,'free','00:00:00.00'),
(1332,43,'38B','400m free (17-18 female)',10,'female',18,17,400,'free','00:00:00.00'),
(1333,43,'38C','400m free (19+ female)',10,'female',99,19,400,'free','00:00:00.00'),
(1334,43,'39','200m im (13+ male)',25,'male',99,13,200,'im','00:00:00.00'),
(1335,43,'40','200m im (13+ female)',25,'female',99,13,200,'im','00:00:00.00');
commit;

--
-- Table structure for table `meet_results`
--

CREATE TABLE `meet_results` (
  `id` int(11) NOT NULL AUTO_INCREMENT,
  `entry_id` int(11) NOT NULL,
  `heat_number` int(11) DEFAULT NULL,
  `lane_number` int(11) DEFAULT NULL,
  `dq_reason` varchar(255) DEFAULT NULL,
  `result_type` enum('heat','final','semi-final') NOT NULL DEFAULT 'final',
  `result_date` timestamp NOT NULL DEFAULT current_timestamp(),
  `result_time` time(2) DEFAULT NULL,
  `position` int(11) DEFAULT NULL,
  `disqualified` tinyint(1) NOT NULL DEFAULT 0,
  `disqualification_reason` text DEFAULT NULL,
  `created_at` timestamp NOT NULL DEFAULT current_timestamp(),
  PRIMARY KEY (`id`),
  KEY `entry_id` (`entry_id`),
  CONSTRAINT `meet_results_ibfk_1` FOREIGN KEY (`entry_id`) REFERENCES `meet_entries` (`id`) ON DELETE CASCADE
) ENGINE=InnoDB DEFAULT CHARSET=utf8mb4 COLLATE=utf8mb4_general_ci;

--
-- Dumping data for table `meet_results`
--

set autocommit=0;
commit;

--
-- Table structure for table `meets`
--

CREATE TABLE `meets` (
  `id` int(11) NOT NULL AUTO_INCREMENT,
  `club` varchar(255) NOT NULL,
  `name` varchar(255) NOT NULL,
  `start_date` date NOT NULL,
  `end_date` date NOT NULL,
  `course` text NOT NULL,
  `venue` varchar(255) NOT NULL,
  `age_up_date` date NOT NULL,
  `meet_file_path` varchar(255) DEFAULT NULL,
  `meet_file_type` enum('hyv','hy3','ev3','cl2') DEFAULT NULL,
  `status` enum('upcoming','open','closed','completed') DEFAULT 'upcoming',
  `created_at` timestamp NOT NULL DEFAULT current_timestamp(),
  `updated_at` timestamp NOT NULL DEFAULT current_timestamp() ON UPDATE current_timestamp(),
  PRIMARY KEY (`id`),
  KEY `club_4` (`club`)
) ENGINE=InnoDB AUTO_INCREMENT=45 DEFAULT CHARSET=utf8mb4 COLLATE=utf8mb4_general_ci;

--
-- Dumping data for table `meets`
--

set autocommit=0;
INSERT INTO `meets` VALUES
(28,'dolphinsc','Munster Swim Festival 2025','2025-06-22','2025-06-22','S','UL Sports Arena','2025-02-28','6850434fd2dab.hyv','hyv','upcoming','2025-06-16 16:16:15','2025-09-17 14:35:49'),
(29,'dolphinsc','Munster Swim Festival 2025','2025-06-22','2025-06-22','S','UL Sports Arena','2025-12-31','6850437e6b7a0.hyv','hyv','upcoming','2025-06-16 16:17:02','2025-06-16 16:17:02'),
(32,'test','Dolphin Minnows','2026-10-31','2023-06-11','S','Mayfield','2025-09-27','686ba8c1df844.hyv','hyv','upcoming','2025-07-07 11:00:17','2025-10-20 17:00:04'),
(33,'test','Eddie Campion Meet 2022','2022-10-28','2022-10-30','S','Mayfield Sports Centre','2022-12-31','68dd66396c3be.hyv','hyv','upcoming','2025-10-01 17:34:49','2025-10-01 17:34:49'),
(34,'test','Eddie Campion Meet 2022','2022-10-28','2022-10-30','S','Mayfield Sports Centre','2022-12-31','68dd665894acd.hyv','hyv','upcoming','2025-10-01 17:35:20','2025-10-01 17:35:20'),
(35,'test','Eddie Campion Meet 2022','2022-10-28','2022-10-30','S','Mayfield Sports Centre','2022-12-31','68dd665ab58b1.hyv','hyv','upcoming','2025-10-01 17:35:22','2025-10-01 17:35:22'),
(36,'test','Dolphin Minnows','2023-06-10','2023-06-11','S','Mayfield','2023-12-31','68dd669195465.hyv','hyv','upcoming','2025-10-01 17:36:17','2025-10-01 17:36:17'),
(37,'dolphinsc','Dolphin Minnows','2023-06-10','2023-06-11','S','Mayfield','2023-12-31','68dd671198301.hyv','hyv','upcoming','2025-10-01 17:38:25','2025-10-01 17:38:25'),
(38,'dolphinsc','MinnowsGala2025','2025-09-21','2025-09-21','S','Mayfield Sports Centre','2025-12-31','68dfb5cf67a52.hyv','hyv','upcoming','2025-10-03 11:38:55','2025-10-03 11:38:55'),
(39,'test','Irish Youth and Senior Summer Nationals 2024','2024-07-23','2024-07-27','L','NAC','2024-12-31','68f8efca70d3a.hyv','hyv','upcoming','2025-10-22 14:52:58','2025-10-22 14:52:58'),
(40,'test','Irish Youth and Senior Summer Nationals 2024','2024-07-23','2024-07-27','L','NAC','2024-12-31','68f8efdbb9b5e.hyv','hyv','upcoming','2025-10-22 14:53:15','2025-10-22 14:53:15'),
(41,'test','Irish Youth and Senior Summer Nationals 2024','2024-07-23','2024-07-27','L','NAC','2024-12-31','68f8effd2b4c8.hyv','hyv','upcoming','2025-10-22 14:53:49','2025-10-22 14:53:49'),
(42,'test','Irish Youth and Senior Summer Nationals 2024','2024-07-23','2024-07-27','L','NAC','2024-12-31','68f91394e7f25.hyv','hyv','upcoming','2025-10-22 17:25:41','2025-10-22 17:25:41'),
(43,'test','2025 Irish National Winter Championships','2025-12-12','2025-12-14','S','NAC','2025-12-31','68fa07b917f8f.hyv','hyv','upcoming','2025-10-23 10:47:21','2025-10-23 10:47:21'),
(44,'dolphinsc','Eddie Campion Meet 2025','2025-10-24','2025-10-26','S','Mayfield Sports Centre','2025-12-31','68fd34a6ddf2c.hyv','hyv','upcoming','2025-10-25 20:35:50','2025-10-25 20:35:50');
commit;

--
-- Table structure for table `memberships`
--

CREATE TABLE `memberships` (
  `userId` int(6) unsigned NOT NULL,
  `invoices` text NOT NULL,
  `club` varchar(255) NOT NULL,
  `unpaid` decimal(10,2) NOT NULL DEFAULT 0.00,
  `paid` decimal(10,2) NOT NULL DEFAULT 0.00,
  `athleteData` text NOT NULL,
  `last_invoice_date` timestamp NULL DEFAULT NULL,
  `last_payment_date` timestamp NULL DEFAULT NULL,
  PRIMARY KEY (`userId`),
  UNIQUE KEY `userId` (`userId`),
  KEY `idx_club` (`club`),
  KEY `idx_unpaid` (`unpaid`),
  KEY `idx_paid` (`paid`),
  CONSTRAINT `club_3` FOREIGN KEY (`club`) REFERENCES `clubSecrets` (`club`)
) ENGINE=InnoDB DEFAULT CHARSET=utf8mb4 COLLATE=utf8mb4_general_ci;

--
-- Dumping data for table `memberships`
--

set autocommit=0;
INSERT INTO `memberships` VALUES
(17,'{\"invoices\":[{\"id\":\"69051594479af\",\"amount\":6,\"quantity\":1,\"total\":6,\"due_date\":\"2025-10-31\",\"payment_method\":\"stripe\",\"status\":\"draft\",\"created_at\":\"2025-10-31 20:01:24\",\"bank_details\":null,\"payment_id\":\"in_1SOOVj00D9NldbeXpJaV2m3l\"}]}','test',6.00,0.00,'{\"last_invoice\":{\"id\":\"69051594479af\",\"amount\":6,\"quantity\":1,\"total\":6,\"due_date\":\"2025-10-31\",\"payment_method\":\"stripe\",\"status\":\"draft\",\"created_at\":\"2025-10-31 20:01:24\",\"bank_details\":null,\"payment_id\":\"in_1SOOVj00D9NldbeXpJaV2m3l\"},\"swimmer\":\"Athlete 100, Athlete 25, Athlete 45, Athlete 75\",\"email\":\"test005@test.com\"}',NULL,NULL);
commit;

--
-- Table structure for table `presave`
--

CREATE TABLE `presave` (
  `id` int(11) NOT NULL AUTO_INCREMENT,
  `user_id` int(11) NOT NULL,
  `name` varchar(250) NOT NULL,
  `sessions` text NOT NULL,
  `club` varchar(255) NOT NULL,
  `created_at` timestamp NOT NULL DEFAULT current_timestamp(),
  PRIMARY KEY (`id`),
  KEY `club_2` (`club`),
  CONSTRAINT `club_2` FOREIGN KEY (`club`) REFERENCES `clubSecrets` (`club`)
) ENGINE=InnoDB AUTO_INCREMENT=59 DEFAULT CHARSET=utf8mb4 COLLATE=utf8mb4_general_ci;

--
-- Dumping data for table `presave`
--

set autocommit=0;
INSERT INTO `presave` VALUES
(25,7,'24/25 season','[{\"sessionId\":\"4294968335\",\"day\":\"Monday 19\\/08\\/24\",\"time\":\"05:00\",\"group\":\"G1, G2, G4, G5\",\"location\":\"Mayfield\",\"stime\":\"05:25\",\"etime\":\"07:30\"},{\"sessionId\":\"4294968336\",\"day\":\"Tuesday 20\\/08\\/24\",\"time\":\"05:00\",\"group\":\"G1, G3, G6\",\"location\":\"Mayfield\",\"stime\":\"05:25\",\"etime\":\"07:30\"},{\"sessionId\":\"4294968337\",\"day\":\"Wednesday 21\\/08\\/24\",\"time\":\"05:00\",\"group\":\"G1, G2, G3, G7\",\"location\":\"Mayfield\",\"stime\":\"05:25\",\"etime\":\"07:30\"},{\"sessionId\":\"4294968338\",\"day\":\"Thursday 22\\/08\\/24\",\"time\":\"05:00\",\"group\":\"G1, G2, G4, G5\",\"location\":\"Mayfield\",\"stime\":\"05:25\",\"etime\":\"07:30\"},{\"sessionId\":\"4294968339\",\"day\":\"Friday 23\\/08\\/24\",\"time\":\"05:00\",\"group\":\"G1, G2, G4, G5\",\"location\":\"Mayfield\",\"stime\":\"05:25\",\"etime\":\"07:30\"},{\"sessionId\":\"4294968340\",\"day\":\"Saturday 24\\/08\\/24\",\"time\":\"05:00\",\"group\":\"G1, G2, G3, G4, G5\",\"location\":\"Mayfield\",\"stime\":\"05:40\",\"etime\":\"07:40\"},{\"sessionId\":\"4294968341\",\"day\":\"Sunday 25\\/08\\/24\",\"time\":\"05:00\",\"group\":\"G1, G2, G3, G4, G5\",\"location\":\"Mayfield\",\"stime\":\"05:40\",\"etime\":\"07:50\"},{\"sessionId\":\"4294968342\",\"day\":\"Saturday 24\\/08\\/24\",\"time\":\"06:00\",\"group\":\"G6, G7, G8, G9, G10\",\"location\":\"Mayfield - Gym\",\"stime\":\"06:30\",\"etime\":\"07:30\"},{\"sessionId\":\"4294968343\",\"day\":\"Sunday 25\\/08\\/24\",\"time\":\"06:00\",\"group\":\"G6, G7, G8, G9, G10\",\"location\":\"Brookfield UCC\",\"stime\":\"06:00\",\"etime\":\"08:00\"},{\"sessionId\":\"4294968344\",\"day\":\"Saturday 24\\/08\\/24\",\"time\":\"07:00\",\"group\":\"G1, G2, G3, G4, G5\",\"location\":\"Mayfield - Gym\",\"stime\":\"08:00\",\"etime\":\"09:00\"},{\"sessionId\":\"4294968345\",\"day\":\"Sunday 25\\/08\\/24\",\"time\":\"07:00\",\"group\":\"G12\",\"location\":\"Mayfield\",\"stime\":\"07:50\",\"etime\":\"08:50\"},{\"sessionId\":\"4294968346\",\"day\":\"Saturday 24\\/08\\/24\",\"time\":\"08:00\",\"group\":\"G6, G7, G8, G9, G10\",\"location\":\"Mayfield - Gym\",\"stime\":\"07:40\",\"etime\":\"09:50\"},{\"sessionId\":\"4294968347\",\"day\":\"Sunday 25\\/08\\/24\",\"time\":\"08:00\",\"group\":\"J1, J2\",\"location\":\"Mayfield\",\"stime\":\"08:00\",\"etime\":\"09:50\"},{\"sessionId\":\"4294968348\",\"day\":\"Sunday 25\\/08\\/24\",\"time\":\"12:00\",\"group\":\"LTS C\",\"location\":\"Mayfield\",\"stime\":\"12:40\",\"etime\":\"13:15\"},{\"sessionId\":\"4294968349\",\"day\":\"Sunday 25\\/08\\/24\",\"time\":\"13:00\",\"group\":\"LTS D\",\"location\":\"Mayfield\",\"stime\":\"13:25\",\"etime\":\"14:00\"},{\"sessionId\":\"4294968350\",\"day\":\"Saturday 24\\/08\\/24\",\"time\":\"14:00\",\"group\":\"LTS A\",\"location\":\"Mayfield\",\"stime\":\"14:30\",\"etime\":\"15:05\"},{\"sessionId\":\"4294968351\",\"day\":\"Saturday 24\\/08\\/24\",\"time\":\"15:00\",\"group\":\"LTS B\",\"location\":\"Mayfield\",\"stime\":\"15:15\",\"etime\":\"15:50\"},{\"sessionId\":\"4294968352\",\"day\":\"Sunday 25\\/08\\/24\",\"time\":\"15:00\",\"group\":\"J3, J4\",\"location\":\"Mayfield\",\"stime\":\"15:50\",\"etime\":\"17:30\"},{\"sessionId\":\"4294968353\",\"day\":\"Saturday 24\\/08\\/24\",\"time\":\"16:00\",\"group\":\"G6, G7, G8, G9, G10\",\"location\":\"Mayfield\",\"stime\":\"16:40\",\"etime\":\"18:50\"},{\"sessionId\":\"4294968366\",\"day\":\"Monday 19\\/08\\/24\",\"time\":\"17:00\",\"group\":\"G1, G2, G3, G4, G5\",\"location\":\"More & Co Gym\",\"stime\":\"18:00\",\"etime\":\"18:50\"},{\"sessionId\":\"4294968354\",\"day\":\"Tuesday 20\\/08\\/24\",\"time\":\"17:00\",\"group\":\"G6, G7, G8, G9\",\"location\":\"More & Co Gym\",\"stime\":\"18:00\",\"etime\":\"18:50\"},{\"sessionId\":\"4294968355\",\"day\":\"Thursday 22\\/08\\/24\",\"time\":\"17:00\",\"group\":\"G1, G2, G3, G4, G5\",\"location\":\"Pilates in the gym\",\"stime\":\"17:30\",\"etime\":\"18:15\"},{\"sessionId\":\"4294968356\",\"day\":\"Friday 23\\/08\\/24\",\"time\":\"17:00\",\"group\":\"J1, J2, J3\",\"location\":\"Mayfield\",\"stime\":\"17:40\",\"etime\":\"19:30\"},{\"sessionId\":\"4294968357\",\"day\":\"Saturday 24\\/08\\/24\",\"time\":\"17:00\",\"group\":\"J1, J2, J3, J4\",\"location\":\"Mayfield - Gym\",\"stime\":\"17:30\",\"etime\":\"18:30\"},{\"sessionId\":\"4294968358\",\"day\":\"Sunday 25\\/08\\/24\",\"time\":\"17:00\",\"group\":\"L5\",\"location\":\"Mayfield\",\"stime\":\"17:30\",\"etime\":\"18:20\"},{\"sessionId\":\"4294968368\",\"day\":\"Monday 19\\/08\\/24\",\"time\":\"18:00\",\"group\":\"G1, G2, G3, G4, G5\",\"location\":\"More & Co Gym\",\"stime\":\"19:00\",\"etime\":\"19:50\"},{\"sessionId\":\"4294968359\",\"day\":\"Tuesday 20\\/08\\/24\",\"time\":\"18:00\",\"group\":\"G6, G7, G8, G9\",\"location\":\"More & Co Gym\",\"stime\":\"19:00\",\"etime\":\"19:50\"},{\"sessionId\":\"4294968360\",\"day\":\"Thursday 22\\/08\\/24\",\"time\":\"18:00\",\"group\":\"G1, G2, G3, G4, G5\",\"location\":\"Mayfield\",\"stime\":\"18:30\",\"etime\":\"20:00\"},{\"sessionId\":\"4294968361\",\"day\":\"Friday 23\\/08\\/24\",\"time\":\"18:00\",\"group\":\"G1, G2, G3\",\"location\":\"Brookfield UCC\",\"stime\":\"17:50\",\"etime\":\"19:00\"},{\"sessionId\":\"4294968362\",\"day\":\"Saturday 24\\/08\\/24\",\"time\":\"18:00\",\"group\":\"J1, J2, J3\",\"location\":\"Mayfield - Gym\",\"stime\":\"18:50\",\"etime\":\"20:30\"},{\"sessionId\":\"4294968363\",\"day\":\"Monday 19\\/08\\/24\",\"time\":\"19:00\",\"group\":\"G6, G7, G9\",\"location\":\"LW Churchfield\",\"stime\":\"19:00\",\"etime\":\"20:30\"},{\"sessionId\":\"4294968364\",\"day\":\"Tuesday 20\\/08\\/24\",\"time\":\"19:00\",\"group\":\"J1, J2, J3\",\"location\":\"Mayfield\",\"stime\":\"19:00\",\"etime\":\"00:00\"},{\"sessionId\":\"4294968365\",\"day\":\"Thursday 22\\/08\\/24\",\"time\":\"19:00\",\"group\":\"G6, G7, G8, G9\",\"location\":\"LW Bishopstown\",\"stime\":\"18:00\",\"etime\":\"20:00\"}]','dolphinsc','2024-08-23 20:44:03'),
(26,7,'25 AUGUST 2024','[{\"sessionId\":\"4294968532\",\"day\":\"Monday 02\\/09\\/24\",\"time\":\"05:00\",\"group\":\"G1, G2, G4, G5\",\"location\":\"Mayfield\",\"stime\":\"05:25\",\"etime\":\"07:30\"},{\"sessionId\":\"4294968533\",\"day\":\"Tuesday 03\\/09\\/24\",\"time\":\"05:00\",\"group\":\"G1, G3, G6\",\"location\":\"Mayfield\",\"stime\":\"05:25\",\"etime\":\"07:30\"},{\"sessionId\":\"4294968534\",\"day\":\"Wednesday 04\\/09\\/24\",\"time\":\"05:00\",\"group\":\"G1, G2, G3, G7\",\"location\":\"Mayfield\",\"stime\":\"05:25\",\"etime\":\"07:30\"},{\"sessionId\":\"4294968535\",\"day\":\"Thursday 05\\/09\\/24\",\"time\":\"05:00\",\"group\":\"G1, G2, G4, G5\",\"location\":\"Mayfield\",\"stime\":\"05:25\",\"etime\":\"07:30\"},{\"sessionId\":\"4294968536\",\"day\":\"Friday 06\\/09\\/24\",\"time\":\"05:00\",\"group\":\"G1, G2, G4, G5\",\"location\":\"Mayfield\",\"stime\":\"05:25\",\"etime\":\"07:30\"},{\"sessionId\":\"4294968537\",\"day\":\"Saturday 07\\/09\\/24\",\"time\":\"05:00\",\"group\":\"G1, G2, G3, G4, G5\",\"location\":\"Mayfield\",\"stime\":\"05:30\",\"etime\":\"07:40\"},{\"sessionId\":\"4294968538\",\"day\":\"Sunday 08\\/09\\/24\",\"time\":\"05:00\",\"group\":\"G1, G2, G3, G4, G5\",\"location\":\"Mayfield\",\"stime\":\"05:40\",\"etime\":\"07:50\"},{\"sessionId\":\"4294968539\",\"day\":\"Saturday 07\\/09\\/24\",\"time\":\"06:00\",\"group\":\"G6, G7, G8, G9, G10\",\"location\":\"Mayfield - Gym\",\"stime\":\"06:30\",\"etime\":\"07:30\"},{\"sessionId\":\"4294968540\",\"day\":\"Sunday 08\\/09\\/24\",\"time\":\"06:00\",\"group\":\"G6, G7, G8, G9, G10\",\"location\":\"Brookfield UCC\",\"stime\":\"06:00\",\"etime\":\"08:00\"},{\"sessionId\":\"4294968541\",\"day\":\"Saturday 07\\/09\\/24\",\"time\":\"07:00\",\"group\":\"G1, G2, G3, G4, G5\",\"location\":\"Mayfield - Gym\",\"stime\":\"08:00\",\"etime\":\"09:00\"},{\"sessionId\":\"4294968542\",\"day\":\"Sunday 08\\/09\\/24\",\"time\":\"07:00\",\"group\":\"G12\",\"location\":\"Mayfield\",\"stime\":\"07:50\",\"etime\":\"08:50\"},{\"sessionId\":\"4294968543\",\"day\":\"Saturday 07\\/09\\/24\",\"time\":\"08:00\",\"group\":\"G6, G7, G8, G9, G10\",\"location\":\"Mayfield - Gym\",\"stime\":\"07:40\",\"etime\":\"09:50\"},{\"sessionId\":\"4294968544\",\"day\":\"Sunday 08\\/09\\/24\",\"time\":\"08:00\",\"group\":\"J1\",\"location\":\"Mayfield\",\"stime\":\"07:50\",\"etime\":\"09:50\"},{\"sessionId\":\"4294968633\",\"day\":\"Sunday 08\\/09\\/24\",\"time\":\"09:00\",\"group\":\"J2\",\"location\":\"Mayfield \",\"stime\":\"08:50\",\"etime\":\"09:50\"},{\"sessionId\":\"4294968545\",\"day\":\"Sunday 08\\/09\\/24\",\"time\":\"12:00\",\"group\":\"LTS C\",\"location\":\"Mayfield\",\"stime\":\"12:40\",\"etime\":\"13:15\"},{\"sessionId\":\"4294968546\",\"day\":\"Sunday 08\\/09\\/24\",\"time\":\"13:00\",\"group\":\"LTS D\",\"location\":\"Mayfield\",\"stime\":\"13:25\",\"etime\":\"14:00\"},{\"sessionId\":\"4294968547\",\"day\":\"Saturday 07\\/09\\/24\",\"time\":\"14:00\",\"group\":\"LTS A\",\"location\":\"Mayfield\",\"stime\":\"14:30\",\"etime\":\"15:05\"},{\"sessionId\":\"4294968548\",\"day\":\"Saturday 07\\/09\\/24\",\"time\":\"15:00\",\"group\":\"LTS B\",\"location\":\"Mayfield\",\"stime\":\"15:15\",\"etime\":\"15:50\"},{\"sessionId\":\"4294968549\",\"day\":\"Sunday 08\\/09\\/24\",\"time\":\"15:00\",\"group\":\"J3, J4\",\"location\":\"Mayfield\",\"stime\":\"15:50\",\"etime\":\"17:30\"},{\"sessionId\":\"4294968550\",\"day\":\"Saturday 07\\/09\\/24\",\"time\":\"16:00\",\"group\":\"G6, G7, G8, G9, G10\",\"location\":\"Mayfield\",\"stime\":\"16:40\",\"etime\":\"18:50\"},{\"sessionId\":\"4294968551\",\"day\":\"Monday 02\\/09\\/24\",\"time\":\"17:00\",\"group\":\"G1, G2, G3, G4, G5\",\"location\":\"More & Co Gym\",\"stime\":\"18:00\",\"etime\":\"18:50\"},{\"sessionId\":\"4294968552\",\"day\":\"Tuesday 03\\/09\\/24\",\"time\":\"17:00\",\"group\":\"G6, G7, G8, G9, G10\",\"location\":\"More & Co Gym\",\"stime\":\"18:00\",\"etime\":\"18:50\"},{\"sessionId\":\"4294968553\",\"day\":\"Thursday 05\\/09\\/24\",\"time\":\"17:00\",\"group\":\"G1, G2, G3, G4, G5\",\"location\":\"Pilates in the gym\",\"stime\":\"17:20\",\"etime\":\"18:10\"},{\"sessionId\":\"4294968554\",\"day\":\"Friday 06\\/09\\/24\",\"time\":\"17:00\",\"group\":\"J1, J2, J3-B\",\"location\":\"Mayfield\",\"stime\":\"17:40\",\"etime\":\"19:30\"},{\"sessionId\":\"4294968555\",\"day\":\"Saturday 07\\/09\\/24\",\"time\":\"17:00\",\"group\":\"J1, J2, J3, J4\",\"location\":\"Mayfield - Gym\",\"stime\":\"17:30\",\"etime\":\"18:30\"},{\"sessionId\":\"4294968556\",\"day\":\"Sunday 08\\/09\\/24\",\"time\":\"17:00\",\"group\":\"L5\",\"location\":\"Mayfield\",\"stime\":\"17:30\",\"etime\":\"18:20\"},{\"sessionId\":\"4294968557\",\"day\":\"Monday 02\\/09\\/24\",\"time\":\"18:00\",\"group\":\"G1, G2, G3, G4, G5\",\"location\":\"More & Co Gym\",\"stime\":\"19:00\",\"etime\":\"19:50\"},{\"sessionId\":\"4294968558\",\"day\":\"Tuesday 03\\/09\\/24\",\"time\":\"18:00\",\"group\":\"G6, G7, G8, G9, G10\",\"location\":\"More & Co Gym\",\"stime\":\"19:00\",\"etime\":\"19:50\"},{\"sessionId\":\"4294968559\",\"day\":\"Thursday 05\\/09\\/24\",\"time\":\"18:00\",\"group\":\"G1, G2, G3, G4, G5\",\"location\":\"Mayfield\",\"stime\":\"18:20\",\"etime\":\"20:00\"},{\"sessionId\":\"4294968560\",\"day\":\"Friday 06\\/09\\/24\",\"time\":\"18:00\",\"group\":\"G1, G2, G3\",\"location\":\"Brookfield UCC\",\"stime\":\"16:50\",\"etime\":\"19:00\"},{\"sessionId\":\"4294968561\",\"day\":\"Saturday 07\\/09\\/24\",\"time\":\"18:00\",\"group\":\"J1, J2, J3\",\"location\":\"Mayfield - Gym\",\"stime\":\"18:50\",\"etime\":\"20:30\"},{\"sessionId\":\"4294968562\",\"day\":\"Monday 02\\/09\\/24\",\"time\":\"19:00\",\"group\":\"G6, G7, G9\",\"location\":\"LW Churchfield\",\"stime\":\"19:00\",\"etime\":\"20:30\"},{\"sessionId\":\"4294968563\",\"day\":\"Tuesday 03\\/09\\/24\",\"time\":\"19:00\",\"group\":\"J1, J2, J3-A\",\"location\":\"Mayfield\",\"stime\":\"18:40\",\"etime\":\"20:30\"},{\"sessionId\":\"4294968564\",\"day\":\"Thursday 05\\/09\\/24\",\"time\":\"19:00\",\"group\":\"G6, G7, G8, G9\",\"location\":\"LW Bishopstown\",\"stime\":\"18:00\",\"etime\":\"20:00\"}]','dolphinsc','2024-08-24 23:17:49'),
(27,7,'26 AUGUST 2024','[{\"sessionId\":\"4294968634\",\"day\":\"Monday 09\\/09\\/24\",\"time\":\"05:00\",\"group\":\"G1, G2, G4, G5\",\"location\":\"Mayfield\",\"stime\":\"05:25\",\"etime\":\"07:30\"},{\"sessionId\":\"4294968635\",\"day\":\"Tuesday 10\\/09\\/24\",\"time\":\"05:00\",\"group\":\"G1, G3, G6\",\"location\":\"Mayfield\",\"stime\":\"05:25\",\"etime\":\"07:30\"},{\"sessionId\":\"4294968636\",\"day\":\"Wednesday 11\\/09\\/24\",\"time\":\"05:00\",\"group\":\"G1, G2, G3, G7\",\"location\":\"Mayfield\",\"stime\":\"05:25\",\"etime\":\"07:30\"},{\"sessionId\":\"4294968637\",\"day\":\"Thursday 12\\/09\\/24\",\"time\":\"05:00\",\"group\":\"G1, G2, G4, G5\",\"location\":\"Mayfield\",\"stime\":\"05:25\",\"etime\":\"07:30\"},{\"sessionId\":\"4294968638\",\"day\":\"Friday 13\\/09\\/24\",\"time\":\"05:00\",\"group\":\"G1, G2, G4, G5\",\"location\":\"Mayfield\",\"stime\":\"05:25\",\"etime\":\"07:30\"},{\"sessionId\":\"4294968639\",\"day\":\"Saturday 14\\/09\\/24\",\"time\":\"05:00\",\"group\":\"G1, G2, G3, G4, G5\",\"location\":\"Mayfield\",\"stime\":\"05:30\",\"etime\":\"07:40\"},{\"sessionId\":\"4294968640\",\"day\":\"Sunday 15\\/09\\/24\",\"time\":\"05:00\",\"group\":\"G1, G2, G3, G4, G5\",\"location\":\"Mayfield\",\"stime\":\"05:40\",\"etime\":\"07:50\"},{\"sessionId\":\"4294968641\",\"day\":\"Saturday 14\\/09\\/24\",\"time\":\"06:00\",\"group\":\"G6, G7, G8, G9, G10\",\"location\":\"Mayfield - Gym\",\"stime\":\"06:30\",\"etime\":\"07:30\"},{\"sessionId\":\"4294968642\",\"day\":\"Sunday 15\\/09\\/24\",\"time\":\"06:00\",\"group\":\"G6, G7, G8, G9, G10\",\"location\":\"Brookfield UCC\",\"stime\":\"06:00\",\"etime\":\"08:00\"},{\"sessionId\":\"4294968645\",\"day\":\"Saturday 14\\/09\\/24\",\"time\":\"07:00\",\"group\":\"G6, G7, G8, G9, G10\",\"location\":\"Mayfield - Gym\",\"stime\":\"07:40\",\"etime\":\"09:50\"},{\"sessionId\":\"4294968644\",\"day\":\"Sunday 15\\/09\\/24\",\"time\":\"07:00\",\"group\":\"G12\",\"location\":\"Mayfield\",\"stime\":\"07:50\",\"etime\":\"08:50\"},{\"sessionId\":\"4294968643\",\"day\":\"Saturday 14\\/09\\/24\",\"time\":\"08:00\",\"group\":\"G1, G2, G3, G4, G5\",\"location\":\"Mayfield - Gym\",\"stime\":\"08:00\",\"etime\":\"09:00\"},{\"sessionId\":\"4294968646\",\"day\":\"Sunday 15\\/09\\/24\",\"time\":\"08:00\",\"group\":\"J1\",\"location\":\"Mayfield\",\"stime\":\"07:50\",\"etime\":\"09:50\"},{\"sessionId\":\"4294968647\",\"day\":\"Sunday 15\\/09\\/24\",\"time\":\"09:00\",\"group\":\"J2\",\"location\":\"Mayfield \",\"stime\":\"08:50\",\"etime\":\"09:50\"},{\"sessionId\":\"4294968648\",\"day\":\"Sunday 15\\/09\\/24\",\"time\":\"12:00\",\"group\":\"LTS C\",\"location\":\"Mayfield\",\"stime\":\"12:40\",\"etime\":\"13:15\"},{\"sessionId\":\"4294968649\",\"day\":\"Sunday 15\\/09\\/24\",\"time\":\"13:00\",\"group\":\"LTS D\",\"location\":\"Mayfield\",\"stime\":\"13:25\",\"etime\":\"14:00\"},{\"sessionId\":\"4294968650\",\"day\":\"Saturday 14\\/09\\/24\",\"time\":\"14:00\",\"group\":\"LTS A\",\"location\":\"Mayfield\",\"stime\":\"14:30\",\"etime\":\"15:05\"},{\"sessionId\":\"4294968651\",\"day\":\"Saturday 14\\/09\\/24\",\"time\":\"15:00\",\"group\":\"LTS B\",\"location\":\"Mayfield\",\"stime\":\"15:15\",\"etime\":\"15:50\"},{\"sessionId\":\"4294968652\",\"day\":\"Sunday 15\\/09\\/24\",\"time\":\"15:00\",\"group\":\"J3, J4\",\"location\":\"Mayfield\",\"stime\":\"15:50\",\"etime\":\"17:30\"},{\"sessionId\":\"4294968653\",\"day\":\"Saturday 14\\/09\\/24\",\"time\":\"16:00\",\"group\":\"G6, G7, G8, G9, G10\",\"location\":\"Mayfield\",\"stime\":\"16:40\",\"etime\":\"18:50\"},{\"sessionId\":\"4294968654\",\"day\":\"Monday 09\\/09\\/24\",\"time\":\"17:00\",\"group\":\"G1, G2, G3, G4, G5\",\"location\":\"More & Co Gym\",\"stime\":\"18:00\",\"etime\":\"18:50\"},{\"sessionId\":\"4294968655\",\"day\":\"Tuesday 10\\/09\\/24\",\"time\":\"17:00\",\"group\":\"G6, G7, G8, G9, G10\",\"location\":\"More & Co Gym\",\"stime\":\"18:00\",\"etime\":\"18:50\"},{\"sessionId\":\"4294968656\",\"day\":\"Thursday 12\\/09\\/24\",\"time\":\"17:00\",\"group\":\"G1, G2, G3, G4, G5\",\"location\":\"Pilates in the gym\",\"stime\":\"17:20\",\"etime\":\"18:10\"},{\"sessionId\":\"4294968657\",\"day\":\"Friday 13\\/09\\/24\",\"time\":\"17:00\",\"group\":\"J1, J2, J3-B\",\"location\":\"Mayfield\",\"stime\":\"17:40\",\"etime\":\"19:30\"},{\"sessionId\":\"4294968658\",\"day\":\"Saturday 14\\/09\\/24\",\"time\":\"17:00\",\"group\":\"J1, J2, J3, J4\",\"location\":\"Mayfield - Gym\",\"stime\":\"17:30\",\"etime\":\"18:30\"},{\"sessionId\":\"4294968659\",\"day\":\"Sunday 15\\/09\\/24\",\"time\":\"17:00\",\"group\":\"L5\",\"location\":\"Mayfield\",\"stime\":\"17:30\",\"etime\":\"18:20\"},{\"sessionId\":\"4294968660\",\"day\":\"Monday 09\\/09\\/24\",\"time\":\"18:00\",\"group\":\"G1, G2, G3, G4, G5\",\"location\":\"More & Co Gym\",\"stime\":\"19:00\",\"etime\":\"19:50\"},{\"sessionId\":\"4294968661\",\"day\":\"Tuesday 10\\/09\\/24\",\"time\":\"18:00\",\"group\":\"G6, G7, G8, G9, G10\",\"location\":\"More & Co Gym\",\"stime\":\"19:00\",\"etime\":\"19:50\"},{\"sessionId\":\"4294968662\",\"day\":\"Thursday 12\\/09\\/24\",\"time\":\"18:00\",\"group\":\"G1, G2, G3, G4, G5\",\"location\":\"Mayfield\",\"stime\":\"18:20\",\"etime\":\"20:00\"},{\"sessionId\":\"4294968663\",\"day\":\"Friday 13\\/09\\/24\",\"time\":\"18:00\",\"group\":\"G1, G2, G3\",\"location\":\"Brookfield UCC\",\"stime\":\"16:50\",\"etime\":\"19:00\"},{\"sessionId\":\"4294968664\",\"day\":\"Saturday 14\\/09\\/24\",\"time\":\"18:00\",\"group\":\"J1, J2, J3\",\"location\":\"Mayfield - Gym\",\"stime\":\"18:50\",\"etime\":\"20:30\"},{\"sessionId\":\"4294968665\",\"day\":\"Monday 09\\/09\\/24\",\"time\":\"19:00\",\"group\":\"G6, G7, G9\",\"location\":\"LW Churchfield\",\"stime\":\"19:00\",\"etime\":\"20:30\"},{\"sessionId\":\"4294968666\",\"day\":\"Tuesday 10\\/09\\/24\",\"time\":\"19:00\",\"group\":\"J1, J2, J3-A\",\"location\":\"Mayfield\",\"stime\":\"18:40\",\"etime\":\"20:30\"},{\"sessionId\":\"4294968667\",\"day\":\"Thursday 12\\/09\\/24\",\"time\":\"19:00\",\"group\":\"G6, G7, G8, G9\",\"location\":\"LW Bishopstown\",\"stime\":\"18:00\",\"etime\":\"20:00\"}]','dolphinsc','2024-08-25 23:29:29'),
(28,7,'30 AUGUST 2024','[{\"sessionId\":\"4294968532\",\"day\":\"Monday 02\\/09\\/24\",\"time\":\"05:00\",\"group\":\"G1, G2, G4, G5\",\"location\":\"Mayfield\",\"stime\":\"05:25\",\"etime\":\"07:30\"},{\"sessionId\":\"4294968533\",\"day\":\"Tuesday 03\\/09\\/24\",\"time\":\"05:00\",\"group\":\"G1, G3, G6\",\"location\":\"Mayfield\",\"stime\":\"05:25\",\"etime\":\"07:30\"},{\"sessionId\":\"4294968534\",\"day\":\"Wednesday 04\\/09\\/24\",\"time\":\"05:00\",\"group\":\"G1, G2, G3, G7\",\"location\":\"Mayfield\",\"stime\":\"05:25\",\"etime\":\"07:30\"},{\"sessionId\":\"4294968535\",\"day\":\"Thursday 05\\/09\\/24\",\"time\":\"05:00\",\"group\":\"G1, G2, G4, G5\",\"location\":\"Mayfield\",\"stime\":\"05:25\",\"etime\":\"07:30\"},{\"sessionId\":\"4294968536\",\"day\":\"Friday 06\\/09\\/24\",\"time\":\"05:00\",\"group\":\"G1, G2, G4, G5\",\"location\":\"Mayfield\",\"stime\":\"05:25\",\"etime\":\"07:30\"},{\"sessionId\":\"4294968537\",\"day\":\"Saturday 07\\/09\\/24\",\"time\":\"05:00\",\"group\":\"G1, G2, G3, G4, G5\",\"location\":\"Mayfield\",\"stime\":\"05:30\",\"etime\":\"07:40\"},{\"sessionId\":\"4294968538\",\"day\":\"Sunday 08\\/09\\/24\",\"time\":\"05:00\",\"group\":\"G1, G2, G3, G4, G5\",\"location\":\"Mayfield\",\"stime\":\"05:40\",\"etime\":\"07:50\"},{\"sessionId\":\"4294968539\",\"day\":\"Saturday 07\\/09\\/24\",\"time\":\"06:00\",\"group\":\"G6, G7, G8, G9, G10\",\"location\":\"Mayfield - Gym\",\"stime\":\"06:30\",\"etime\":\"07:30\"},{\"sessionId\":\"4294968540\",\"day\":\"Sunday 08\\/09\\/24\",\"time\":\"06:00\",\"group\":\"G6, G7, G8, G9, G10\",\"location\":\"Brookfield UCC\",\"stime\":\"06:00\",\"etime\":\"08:00\"},{\"sessionId\":\"4294968543\",\"day\":\"Saturday 07\\/09\\/24\",\"time\":\"07:00\",\"group\":\"G6, G7, G8, G9, G10\",\"location\":\"Mayfield \",\"stime\":\"07:40\",\"etime\":\"09:50\"},{\"sessionId\":\"4294968542\",\"day\":\"Sunday 08\\/09\\/24\",\"time\":\"07:00\",\"group\":\"G12\",\"location\":\"Mayfield\",\"stime\":\"07:50\",\"etime\":\"08:50\"},{\"sessionId\":\"4294968541\",\"day\":\"Saturday 07\\/09\\/24\",\"time\":\"08:00\",\"group\":\"G1, G2, G3, G4, G5\",\"location\":\"Mayfield - Gym\",\"stime\":\"08:00\",\"etime\":\"09:00\"},{\"sessionId\":\"4294968544\",\"day\":\"Sunday 08\\/09\\/24\",\"time\":\"08:00\",\"group\":\"J1\",\"location\":\"Mayfield\",\"stime\":\"07:50\",\"etime\":\"09:50\"},{\"sessionId\":\"4294968633\",\"day\":\"Sunday 08\\/09\\/24\",\"time\":\"09:00\",\"group\":\"J2\",\"location\":\"Mayfield \",\"stime\":\"08:50\",\"etime\":\"09:50\"},{\"sessionId\":\"4294968545\",\"day\":\"Sunday 08\\/09\\/24\",\"time\":\"12:00\",\"group\":\"LTS C\",\"location\":\"Mayfield\",\"stime\":\"12:40\",\"etime\":\"13:15\"},{\"sessionId\":\"4294968546\",\"day\":\"Sunday 08\\/09\\/24\",\"time\":\"13:00\",\"group\":\"LTS D\",\"location\":\"Mayfield\",\"stime\":\"13:25\",\"etime\":\"14:00\"},{\"sessionId\":\"4294968547\",\"day\":\"Saturday 07\\/09\\/24\",\"time\":\"14:00\",\"group\":\"LTS A\",\"location\":\"Mayfield\",\"stime\":\"14:30\",\"etime\":\"15:05\"},{\"sessionId\":\"4294968548\",\"day\":\"Saturday 07\\/09\\/24\",\"time\":\"15:00\",\"group\":\"LTS B\",\"location\":\"Mayfield\",\"stime\":\"15:15\",\"etime\":\"15:50\"},{\"sessionId\":\"4294968549\",\"day\":\"Sunday 08\\/09\\/24\",\"time\":\"15:00\",\"group\":\"J3, J4\",\"location\":\"Mayfield\",\"stime\":\"15:50\",\"etime\":\"17:30\"},{\"sessionId\":\"4294968550\",\"day\":\"Saturday 07\\/09\\/24\",\"time\":\"16:00\",\"group\":\"G6, G7, G8, G9, G10\",\"location\":\"Mayfield\",\"stime\":\"16:40\",\"etime\":\"18:50\"},{\"sessionId\":\"4294968551\",\"day\":\"Monday 02\\/09\\/24\",\"time\":\"17:00\",\"group\":\"G1, G2, G3, G4, G5\",\"location\":\"More & Co Gym\",\"stime\":\"18:00\",\"etime\":\"18:50\"},{\"sessionId\":\"4294968552\",\"day\":\"Tuesday 03\\/09\\/24\",\"time\":\"17:00\",\"group\":\"G6, G7, G8, G9, G10\",\"location\":\"More & Co Gym\",\"stime\":\"18:00\",\"etime\":\"18:50\"},{\"sessionId\":\"4294968553\",\"day\":\"Thursday 05\\/09\\/24\",\"time\":\"17:00\",\"group\":\"G1, G2, G3, G4, G5\",\"location\":\"Pilates in the gym\",\"stime\":\"17:20\",\"etime\":\"18:10\"},{\"sessionId\":\"4294968554\",\"day\":\"Friday 06\\/09\\/24\",\"time\":\"17:00\",\"group\":\"J1, J2, J3-B\",\"location\":\"Mayfield\",\"stime\":\"17:40\",\"etime\":\"19:30\"},{\"sessionId\":\"4294968555\",\"day\":\"Saturday 07\\/09\\/24\",\"time\":\"17:00\",\"group\":\"J1, J2, J3, J4\",\"location\":\"Mayfield - Gym\",\"stime\":\"17:30\",\"etime\":\"18:30\"},{\"sessionId\":\"4294968556\",\"day\":\"Sunday 08\\/09\\/24\",\"time\":\"17:00\",\"group\":\"L5\",\"location\":\"Mayfield\",\"stime\":\"17:30\",\"etime\":\"18:20\"},{\"sessionId\":\"4294968557\",\"day\":\"Monday 02\\/09\\/24\",\"time\":\"18:00\",\"group\":\"G1, G2, G3, G4, G5\",\"location\":\"More & Co Gym\",\"stime\":\"19:00\",\"etime\":\"19:50\"},{\"sessionId\":\"4294968558\",\"day\":\"Tuesday 03\\/09\\/24\",\"time\":\"18:00\",\"group\":\"G6, G7, G8, G9, G10\",\"location\":\"More & Co Gym\",\"stime\":\"19:00\",\"etime\":\"19:50\"},{\"sessionId\":\"4294968559\",\"day\":\"Thursday 05\\/09\\/24\",\"time\":\"18:00\",\"group\":\"G1, G2, G3, G4, G5\",\"location\":\"Mayfield\",\"stime\":\"18:20\",\"etime\":\"20:00\"},{\"sessionId\":\"4294968560\",\"day\":\"Friday 06\\/09\\/24\",\"time\":\"18:00\",\"group\":\"G1, G2, G3\",\"location\":\"Brookfield UCC\",\"stime\":\"16:50\",\"etime\":\"19:00\"},{\"sessionId\":\"4294968561\",\"day\":\"Saturday 07\\/09\\/24\",\"time\":\"18:00\",\"group\":\"J1, J2, J3\",\"location\":\"Mayfield \",\"stime\":\"18:50\",\"etime\":\"20:30\"},{\"sessionId\":\"4294968562\",\"day\":\"Monday 02\\/09\\/24\",\"time\":\"19:00\",\"group\":\"G6, G7, G8, G9\",\"location\":\"LW Churchfield\",\"stime\":\"19:00\",\"etime\":\"20:30\"},{\"sessionId\":\"4294968563\",\"day\":\"Tuesday 03\\/09\\/24\",\"time\":\"19:00\",\"group\":\"J1, J2, J3-A\",\"location\":\"Mayfield\",\"stime\":\"18:40\",\"etime\":\"20:30\"},{\"sessionId\":\"4294968564\",\"day\":\"Thursday 05\\/09\\/24\",\"time\":\"19:00\",\"group\":\"G6, G7, G8, G9\",\"location\":\"LW Bishopstown\",\"stime\":\"18:00\",\"etime\":\"20:00\"}]','dolphinsc','2024-08-30 13:11:10'),
(29,7,'09 SEP 2024','[{\"sessionId\":\"4294968780\",\"day\":\"Monday 09\\/09\\/24\",\"time\":\"05:00\",\"group\":\"G1, G2, G4, G5\",\"location\":\"Mayfield\",\"stime\":\"05:25\",\"etime\":\"07:30\",\"coach\":\"Warren\"},{\"sessionId\":\"4294968781\",\"day\":\"Tuesday 10\\/09\\/24\",\"time\":\"05:00\",\"group\":\"G1, G3, G6\",\"location\":\"Mayfield\",\"stime\":\"05:25\",\"etime\":\"07:30\",\"coach\":\"Warren\"},{\"sessionId\":\"4294968782\",\"day\":\"Wednesday 11\\/09\\/24\",\"time\":\"05:00\",\"group\":\"G1, G2, G3, G7\",\"location\":\"Mayfield\",\"stime\":\"05:25\",\"etime\":\"07:30\",\"coach\":\"Warren\"},{\"sessionId\":\"4294968783\",\"day\":\"Thursday 12\\/09\\/24\",\"time\":\"05:00\",\"group\":\"G1, G2, G4, G5\",\"location\":\"Mayfield\",\"stime\":\"05:25\",\"etime\":\"07:30\",\"coach\":\"N\\/A\"},{\"sessionId\":\"4294968784\",\"day\":\"Friday 13\\/09\\/24\",\"time\":\"05:00\",\"group\":\"G1, G2, G4, G5\",\"location\":\"Mayfield\",\"stime\":\"05:25\",\"etime\":\"07:30\",\"coach\":\"N\\/A\"},{\"sessionId\":\"4294968785\",\"day\":\"Saturday 14\\/09\\/24\",\"time\":\"05:00\",\"group\":\"G1, G2, G3, G4, G5\",\"location\":\"Mayfield\",\"stime\":\"05:30\",\"etime\":\"07:40\",\"coach\":\"N\\/A\"},{\"sessionId\":\"4294968786\",\"day\":\"Sunday 15\\/09\\/24\",\"time\":\"05:00\",\"group\":\"G1, G2, G3, G4, G5\",\"location\":\"Mayfield\",\"stime\":\"05:40\",\"etime\":\"07:50\",\"coach\":\"N\\/A\"},{\"sessionId\":\"4294968787\",\"day\":\"Saturday 14\\/09\\/24\",\"time\":\"06:00\",\"group\":\"G6, G7, G8, G9, G10\",\"location\":\"Mayfield - Gym\",\"stime\":\"06:30\",\"etime\":\"07:30\",\"coach\":\"N\\/A\"},{\"sessionId\":\"4294968788\",\"day\":\"Sunday 15\\/09\\/24\",\"time\":\"06:00\",\"group\":\"G6, G7, G8, G9, G10\",\"location\":\"Brookfield UCC\",\"stime\":\"06:00\",\"etime\":\"08:00\",\"coach\":\"N\\/A\"},{\"sessionId\":\"4294968789\",\"day\":\"Saturday 14\\/09\\/24\",\"time\":\"07:00\",\"group\":\"G6, G7, G8, G9, G10\",\"location\":\"Mayfield \",\"stime\":\"07:40\",\"etime\":\"09:50\",\"coach\":\"N\\/A\"},{\"sessionId\":\"4294968790\",\"day\":\"Sunday 15\\/09\\/24\",\"time\":\"07:00\",\"group\":\"G12\",\"location\":\"Mayfield\",\"stime\":\"07:50\",\"etime\":\"08:50\",\"coach\":\"N\\/A\"},{\"sessionId\":\"4294968791\",\"day\":\"Saturday 14\\/09\\/24\",\"time\":\"08:00\",\"group\":\"G1, G2, G3, G4, G5\",\"location\":\"Mayfield - Gym\",\"stime\":\"08:00\",\"etime\":\"09:00\",\"coach\":\"N\\/A\"},{\"sessionId\":\"4294968792\",\"day\":\"Sunday 15\\/09\\/24\",\"time\":\"08:00\",\"group\":\"J1\",\"location\":\"Mayfield\",\"stime\":\"07:50\",\"etime\":\"09:50\",\"coach\":\"N\\/A\"},{\"sessionId\":\"4294968798\",\"day\":\"Sunday 15\\/09\\/24\",\"time\":\"15:00\",\"group\":\"J3, J4\",\"location\":\"Mayfield\",\"stime\":\"15:50\",\"etime\":\"17:30\",\"coach\":\"N\\/A\"},{\"sessionId\":\"4294968799\",\"day\":\"Saturday 14\\/09\\/24\",\"time\":\"16:00\",\"group\":\"G6, G7, G8, G9, G10\",\"location\":\"Mayfield\",\"stime\":\"16:40\",\"etime\":\"18:50\",\"coach\":\"N\\/A\"},{\"sessionId\":\"4294968802\",\"day\":\"Thursday 12\\/09\\/24\",\"time\":\"17:00\",\"group\":\"G1, G2, G3, G4, G5\",\"location\":\"Pilates in the gym\",\"stime\":\"17:20\",\"etime\":\"18:10\",\"coach\":\"N\\/A\"},{\"sessionId\":\"4294968803\",\"day\":\"Friday 13\\/09\\/24\",\"time\":\"17:00\",\"group\":\"J1, J2, J3-B\",\"location\":\"Mayfield\",\"stime\":\"17:40\",\"etime\":\"19:30\",\"coach\":\"N\\/A\"},{\"sessionId\":\"4294968804\",\"day\":\"Saturday 14\\/09\\/24\",\"time\":\"17:00\",\"group\":\"J1, J2, J3, J4\",\"location\":\"Mayfield - Gym\",\"stime\":\"17:30\",\"etime\":\"18:30\",\"coach\":\"N\\/A\"},{\"sessionId\":\"4294968659\",\"day\":\"Sunday 15\\/09\\/24\",\"time\":\"17:00\",\"group\":\"L5\",\"location\":\"Mayfield\",\"stime\":\"17:30\",\"etime\":\"18:20\",\"coach\":\"N\\/A\"},{\"sessionId\":\"4294968661\",\"day\":\"Tuesday 10\\/09\\/24\",\"time\":\"18:00\",\"group\":\"G6, G7, G8, G9, G4\",\"location\":\"More & Co Gym\",\"stime\":\"19:00\",\"etime\":\"19:50\",\"coach\":\"Shane\\/ Adrian\"},{\"sessionId\":\"4294968808\",\"day\":\"Thursday 12\\/09\\/24\",\"time\":\"18:00\",\"group\":\"G1, G2, G3, G4, G5\",\"location\":\"Mayfield\",\"stime\":\"18:20\",\"etime\":\"20:00\",\"coach\":\"N\\/A\"},{\"sessionId\":\"4294968809\",\"day\":\"Friday 13\\/09\\/24\",\"time\":\"18:00\",\"group\":\"G1, G2, G3\",\"location\":\"Brookfield UCC\",\"stime\":\"16:50\",\"etime\":\"19:00\",\"coach\":\"N\\/A\"},{\"sessionId\":\"4294968810\",\"day\":\"Saturday 14\\/09\\/24\",\"time\":\"18:00\",\"group\":\"J1, J2, J3\",\"location\":\"Mayfield \",\"stime\":\"18:50\",\"etime\":\"20:30\",\"coach\":\"N\\/A\"},{\"sessionId\":\"4294968811\",\"day\":\"Monday 09\\/09\\/24\",\"time\":\"19:00\",\"group\":\"G6, G7, G8, G9\",\"location\":\"LW Churchfield\",\"stime\":\"19:00\",\"etime\":\"20:30\",\"coach\":\"N\\/A\"},{\"sessionId\":\"4294968812\",\"day\":\"Tuesday 10\\/09\\/24\",\"time\":\"19:00\",\"group\":\"J1, J2, J3-A\",\"location\":\"Mayfield\",\"stime\":\"18:40\",\"etime\":\"20:30\",\"coach\":\"N\\/A\"},{\"sessionId\":\"4294968813\",\"day\":\"Thursday 12\\/09\\/24\",\"time\":\"19:00\",\"group\":\"G6, G7, G8, G9\",\"location\":\"LW Bishopstown\",\"stime\":\"18:00\",\"etime\":\"20:00\",\"coach\":\"N\\/A\"}]','dolphinsc','2024-09-09 08:54:38'),
(30,7,'26 SEP 2024','[{\"sessionId\":\"4294969017\",\"day\":\"Monday 30\\/09\\/24\",\"time\":\"05:00\",\"group\":\"G1, G2, G4, G5\",\"location\":\"Mayfield\",\"stime\":\"05:25\",\"etime\":\"07:30\",\"coach\":\"Warren\\/Mark\"},{\"sessionId\":\"4294969018\",\"day\":\"Tuesday 01\\/10\\/24\",\"time\":\"05:00\",\"group\":\"G1, G3, G6, G7\",\"location\":\"Mayfield\",\"stime\":\"05:25\",\"etime\":\"07:30\",\"coach\":\"Warren\\/Mark\"},{\"sessionId\":\"4294969019\",\"day\":\"Wednesday 02\\/10\\/24\",\"time\":\"05:00\",\"group\":\"G1, G2, G3, G6, G7\",\"location\":\"Mayfield\",\"stime\":\"05:25\",\"etime\":\"07:30\",\"coach\":\"Warren\\/Mark\"},{\"sessionId\":\"4294969020\",\"day\":\"Thursday 03\\/10\\/24\",\"time\":\"05:00\",\"group\":\"G1, G2, G4, G5\",\"location\":\"Mayfield\",\"stime\":\"05:25\",\"etime\":\"07:30\",\"coach\":\"Warren\\/Mark\"},{\"sessionId\":\"4294969021\",\"day\":\"Friday 04\\/10\\/24\",\"time\":\"05:00\",\"group\":\"G1, G2, G4, G5\",\"location\":\"Mayfield\",\"stime\":\"05:25\",\"etime\":\"07:30\",\"coach\":\"Warren\"},{\"sessionId\":\"4294969022\",\"day\":\"Saturday 05\\/10\\/24\",\"time\":\"05:00\",\"group\":\"G1, G2, G3, G4, G5\",\"location\":\"Mayfield\",\"stime\":\"05:30\",\"etime\":\"07:40\",\"coach\":\"Warren\"},{\"sessionId\":\"4294969023\",\"day\":\"Sunday 06\\/10\\/24\",\"time\":\"05:00\",\"group\":\"G1, G2, G3, G4, G5\",\"location\":\"Mayfield\",\"stime\":\"05:40\",\"etime\":\"07:50\",\"coach\":\"Warren\"},{\"sessionId\":\"4294969024\",\"day\":\"Saturday 05\\/10\\/24\",\"time\":\"06:00\",\"group\":\"G6, G7, G8, G9, G10\",\"location\":\"Mayfield - Gym\",\"stime\":\"06:30\",\"etime\":\"07:30\",\"coach\":\"Mayfield\"},{\"sessionId\":\"4294969025\",\"day\":\"Sunday 06\\/10\\/24\",\"time\":\"06:00\",\"group\":\"G6, G7, G8, G9, G10\",\"location\":\"Brookfield UCC\",\"stime\":\"06:00\",\"etime\":\"08:00\",\"coach\":\"Seamus\\/Niamh\"},{\"sessionId\":\"4294969026\",\"day\":\"Saturday 05\\/10\\/24\",\"time\":\"07:00\",\"group\":\"G6, G7, G8, G9, G10\",\"location\":\"Mayfield \",\"stime\":\"07:40\",\"etime\":\"09:50\",\"coach\":\"Warren\"},{\"sessionId\":\"4294969027\",\"day\":\"Sunday 06\\/10\\/24\",\"time\":\"07:00\",\"group\":\"G12\",\"location\":\"Mayfield\",\"stime\":\"07:50\",\"etime\":\"08:50\",\"coach\":\"N\\/A\"},{\"sessionId\":\"4294969028\",\"day\":\"Saturday 05\\/10\\/24\",\"time\":\"08:00\",\"group\":\"G1, G2, G3, G4, G5\",\"location\":\"Mayfield - Gym\",\"stime\":\"08:00\",\"etime\":\"09:00\",\"coach\":\"Mayfield\"},{\"sessionId\":\"4294969029\",\"day\":\"Sunday 06\\/10\\/24\",\"time\":\"08:00\",\"group\":\"J1\",\"location\":\"Mayfield\",\"stime\":\"07:50\",\"etime\":\"09:50\",\"coach\":\"N\\/A\"},{\"sessionId\":\"4294969046\",\"day\":\"Sunday 06\\/10\\/24\",\"time\":\"12:00\",\"group\":\"LTS-C\",\"location\":\"Mayfield\",\"stime\":\"12:40\",\"etime\":\"13:15\",\"coach\":\"Rachel\\/Hugh\"},{\"sessionId\":\"4294969047\",\"day\":\"Sunday 06\\/10\\/24\",\"time\":\"13:00\",\"group\":\"LTS-D\",\"location\":\"Mayfield\",\"stime\":\"13:25\",\"etime\":\"14:00\",\"coach\":\"Rachel\\/Hugh\"},{\"sessionId\":\"4294969044\",\"day\":\"Saturday 05\\/10\\/24\",\"time\":\"14:00\",\"group\":\"LTS-A\",\"location\":\"Mayfield\",\"stime\":\"14:30\",\"etime\":\"15:05\",\"coach\":\"Rachel\\/Hugh\"},{\"sessionId\":\"4294969045\",\"day\":\"Saturday 05\\/10\\/24\",\"time\":\"15:00\",\"group\":\"LTS-B\",\"location\":\"Mayfield\",\"stime\":\"15:15\",\"etime\":\"15:50\",\"coach\":\"Rachael\\/Hugh\"},{\"sessionId\":\"4294969030\",\"day\":\"Sunday 06\\/10\\/24\",\"time\":\"15:00\",\"group\":\"J3, J4\",\"location\":\"Mayfield\",\"stime\":\"15:50\",\"etime\":\"17:30\",\"coach\":\"Rachel\\/Hugh\"},{\"sessionId\":\"4294969032\",\"day\":\"Thursday 03\\/10\\/24\",\"time\":\"17:00\",\"group\":\"G1, G2, G3, G4, G5\",\"location\":\"Pilates in the gym\",\"stime\":\"17:20\",\"etime\":\"18:10\",\"coach\":\"Grace\"},{\"sessionId\":\"4294969033\",\"day\":\"Friday 04\\/10\\/24\",\"time\":\"17:00\",\"group\":\"J1, J2, J3-B\",\"location\":\"Mayfield\",\"stime\":\"17:40\",\"etime\":\"19:30\",\"coach\":\"Niamh\\/Debra\"},{\"sessionId\":\"4294969034\",\"day\":\"Saturday 05\\/10\\/24\",\"time\":\"17:00\",\"group\":\"J1, J2, J3, J4\",\"location\":\"Mayfield - Gym\",\"stime\":\"17:30\",\"etime\":\"18:30\",\"coach\":\"Mayfield\"},{\"sessionId\":\"4294969035\",\"day\":\"Sunday 06\\/10\\/24\",\"time\":\"17:00\",\"group\":\"L5\",\"location\":\"Mayfield\",\"stime\":\"17:30\",\"etime\":\"18:20\",\"coach\":\"Rachel\\/Hugh\"},{\"sessionId\":\"4294969036\",\"day\":\"Tuesday 01\\/10\\/24\",\"time\":\"18:00\",\"group\":\"G6, G7, G8, G9, G4\",\"location\":\"More & Co Gym\",\"stime\":\"18:45\",\"etime\":\"19:30\",\"coach\":\"More & Co\"},{\"sessionId\":\"4294969037\",\"day\":\"Thursday 03\\/10\\/24\",\"time\":\"18:00\",\"group\":\"G1, G2, G3, G4, G5\",\"location\":\"Mayfield\",\"stime\":\"18:20\",\"etime\":\"20:00\",\"coach\":\"Warren\\/Mark\"},{\"sessionId\":\"4294969038\",\"day\":\"Friday 04\\/10\\/24\",\"time\":\"18:00\",\"group\":\"G1, G2, G3\",\"location\":\"Brookfield UCC\",\"stime\":\"16:50\",\"etime\":\"19:00\",\"coach\":\"Rob Lamb\"},{\"sessionId\":\"4294969039\",\"day\":\"Saturday 05\\/10\\/24\",\"time\":\"18:00\",\"group\":\"J1, J2, J3\",\"location\":\"Mayfield \",\"stime\":\"18:50\",\"etime\":\"20:30\",\"coach\":\"Niamh\"},{\"sessionId\":\"4294969040\",\"day\":\"Monday 30\\/09\\/24\",\"time\":\"19:00\",\"group\":\"G6, G7, G8, G9\",\"location\":\"LW Churchfield\",\"stime\":\"19:00\",\"etime\":\"20:30\",\"coach\":\"Deirdre\\/Terry\"},{\"sessionId\":\"4294969041\",\"day\":\"Tuesday 01\\/10\\/24\",\"time\":\"19:00\",\"group\":\"J1, J2, J3-A\",\"location\":\"Mayfield\",\"stime\":\"18:40\",\"etime\":\"20:30\",\"coach\":\"Niamh\\/Debra\"},{\"sessionId\":\"4294969042\",\"day\":\"Thursday 03\\/10\\/24\",\"time\":\"19:00\",\"group\":\"G6, G7, G8, G9\",\"location\":\"LW Bishopstown\",\"stime\":\"18:00\",\"etime\":\"20:00\",\"coach\":\"Niamh\\/Seamus\"}]','dolphinsc','2024-09-26 09:57:25'),
(31,7,'28 SEP 2024','[{\"sessionId\":\"4294969135\",\"day\":\"Monday 30\\/09\\/24\",\"time\":\"05:00\",\"group\":\"G1, G2, G4, G5\",\"location\":\"Mayfield\",\"stime\":\"05:25\",\"etime\":\"07:30\",\"coach\":\"N\\/A\"},{\"sessionId\":\"4294969136\",\"day\":\"Tuesday 01\\/10\\/24\",\"time\":\"05:00\",\"group\":\"G1, G3, G6\",\"location\":\"Mayfield\",\"stime\":\"05:25\",\"etime\":\"07:30\",\"coach\":\"N\\/A\"},{\"sessionId\":\"4294969137\",\"day\":\"Wednesday 02\\/10\\/24\",\"time\":\"05:00\",\"group\":\"G1, G2, G3, G7\",\"location\":\"Mayfield\",\"stime\":\"05:25\",\"etime\":\"07:30\",\"coach\":\"N\\/A\"},{\"sessionId\":\"4294969138\",\"day\":\"Thursday 03\\/10\\/24\",\"time\":\"05:00\",\"group\":\"G1, G2, G4, G5\",\"location\":\"Mayfield\",\"stime\":\"05:25\",\"etime\":\"07:30\",\"coach\":\"N\\/A\"},{\"sessionId\":\"4294969139\",\"day\":\"Friday 04\\/10\\/24\",\"time\":\"05:00\",\"group\":\"G1, G2, G4, G5\",\"location\":\"Mayfield\",\"stime\":\"05:25\",\"etime\":\"07:30\",\"coach\":\"N\\/A\"},{\"sessionId\":\"4294969140\",\"day\":\"Saturday 05\\/10\\/24\",\"time\":\"05:00\",\"group\":\"G1, G2, G3, G4, G5\",\"location\":\"Mayfield\",\"stime\":\"05:30\",\"etime\":\"07:40\",\"coach\":\"N\\/A\"},{\"sessionId\":\"4294969141\",\"day\":\"Sunday 06\\/10\\/24\",\"time\":\"05:00\",\"group\":\"G1, G2, G3, G4, G5\",\"location\":\"Mayfield\",\"stime\":\"05:40\",\"etime\":\"07:50\",\"coach\":\"N\\/A\"},{\"sessionId\":\"4294969142\",\"day\":\"Saturday 05\\/10\\/24\",\"time\":\"06:00\",\"group\":\"G6, G7, G8, G9, G10\",\"location\":\"Mayfield - Gym\",\"stime\":\"06:30\",\"etime\":\"07:30\",\"coach\":\"N\\/A\"},{\"sessionId\":\"4294969143\",\"day\":\"Sunday 06\\/10\\/24\",\"time\":\"06:00\",\"group\":\"G6, G7, G8, G9, G10\",\"location\":\"Brookfield UCC\",\"stime\":\"06:00\",\"etime\":\"08:00\",\"coach\":\"N\\/A\"},{\"sessionId\":\"4294969144\",\"day\":\"Saturday 05\\/10\\/24\",\"time\":\"07:00\",\"group\":\"G6, G7, G8, G9, G10\",\"location\":\"Mayfield \",\"stime\":\"07:40\",\"etime\":\"09:50\",\"coach\":\"N\\/A\"},{\"sessionId\":\"4294969145\",\"day\":\"Sunday 06\\/10\\/24\",\"time\":\"07:00\",\"group\":\"G12\",\"location\":\"Mayfield\",\"stime\":\"07:50\",\"etime\":\"08:50\",\"coach\":\"N\\/A\"},{\"sessionId\":\"4294969146\",\"day\":\"Saturday 05\\/10\\/24\",\"time\":\"08:00\",\"group\":\"G1, G2, G3, G4, G5\",\"location\":\"Mayfield - Gym\",\"stime\":\"08:00\",\"etime\":\"09:00\",\"coach\":\"N\\/A\"},{\"sessionId\":\"4294969147\",\"day\":\"Sunday 06\\/10\\/24\",\"time\":\"08:00\",\"group\":\"J1\",\"location\":\"Mayfield\",\"stime\":\"07:50\",\"etime\":\"09:50\",\"coach\":\"N\\/A\"},{\"sessionId\":\"4294969046\",\"day\":\"Sunday 06\\/10\\/24\",\"time\":\"12:00\",\"group\":\"LTS-C\",\"location\":\"Mayfield\",\"stime\":\"12:40\",\"etime\":\"13:15\",\"coach\":\"Rachel\\/Hugh\"},{\"sessionId\":\"4294969047\",\"day\":\"Sunday 06\\/10\\/24\",\"time\":\"13:00\",\"group\":\"LTS-D\",\"location\":\"Mayfield\",\"stime\":\"13:25\",\"etime\":\"14:00\",\"coach\":\"Rachel\\/Hugh\"},{\"sessionId\":\"4294969044\",\"day\":\"Saturday 05\\/10\\/24\",\"time\":\"14:00\",\"group\":\"LTS-A\",\"location\":\"Mayfield\",\"stime\":\"14:30\",\"etime\":\"15:05\",\"coach\":\"Rachel\\/Hugh\"},{\"sessionId\":\"4294969045\",\"day\":\"Saturday 05\\/10\\/24\",\"time\":\"15:00\",\"group\":\"LTS-B\",\"location\":\"Mayfield\",\"stime\":\"15:15\",\"etime\":\"15:50\",\"coach\":\"Rachael\\/Hugh\"},{\"sessionId\":\"4294969148\",\"day\":\"Sunday 06\\/10\\/24\",\"time\":\"15:00\",\"group\":\"J3, J4\",\"location\":\"Mayfield\",\"stime\":\"15:50\",\"etime\":\"17:30\",\"coach\":\"N\\/A\"},{\"sessionId\":\"4294969149\",\"day\":\"Saturday 05\\/10\\/24\",\"time\":\"16:00\",\"group\":\"G6, G7, G8, G9, G10\",\"location\":\"Mayfield\",\"stime\":\"16:40\",\"etime\":\"18:50\",\"coach\":\"N\\/A\"},{\"sessionId\":\"4294969150\",\"day\":\"Thursday 03\\/10\\/24\",\"time\":\"17:00\",\"group\":\"G1, G2, G3, G4, G5\",\"location\":\"Pilates in the gym\",\"stime\":\"17:20\",\"etime\":\"18:10\",\"coach\":\"N\\/A\"},{\"sessionId\":\"4294969151\",\"day\":\"Friday 04\\/10\\/24\",\"time\":\"17:00\",\"group\":\"J1, J2, J3-B\",\"location\":\"Mayfield\",\"stime\":\"17:40\",\"etime\":\"19:30\",\"coach\":\"N\\/A\"},{\"sessionId\":\"4294969152\",\"day\":\"Saturday 05\\/10\\/24\",\"time\":\"17:00\",\"group\":\"J1, J2, J3, J4\",\"location\":\"Mayfield - Gym\",\"stime\":\"17:30\",\"etime\":\"18:30\",\"coach\":\"N\\/A\"},{\"sessionId\":\"4294969153\",\"day\":\"Sunday 06\\/10\\/24\",\"time\":\"17:00\",\"group\":\"L5\",\"location\":\"Mayfield\",\"stime\":\"17:30\",\"etime\":\"18:20\",\"coach\":\"N\\/A\"},{\"sessionId\":\"4294969154\",\"day\":\"Tuesday 01\\/10\\/24\",\"time\":\"18:00\",\"group\":\"G6, G7, G8, G9, G4\",\"location\":\"More & Co Gym\",\"stime\":\"19:00\",\"etime\":\"19:50\",\"coach\":\"N\\/A\"},{\"sessionId\":\"4294969155\",\"day\":\"Thursday 03\\/10\\/24\",\"time\":\"18:00\",\"group\":\"G1, G2, G3, G4, G5\",\"location\":\"Mayfield\",\"stime\":\"18:20\",\"etime\":\"20:00\",\"coach\":\"N\\/A\"},{\"sessionId\":\"4294969156\",\"day\":\"Friday 04\\/10\\/24\",\"time\":\"18:00\",\"group\":\"G1, G2, G3\",\"location\":\"Brookfield UCC\",\"stime\":\"16:50\",\"etime\":\"19:00\",\"coach\":\"N\\/A\"},{\"sessionId\":\"4294969157\",\"day\":\"Saturday 05\\/10\\/24\",\"time\":\"18:00\",\"group\":\"J1, J2, J3\",\"location\":\"Mayfield \",\"stime\":\"18:50\",\"etime\":\"20:30\",\"coach\":\"N\\/A\"},{\"sessionId\":\"4294969158\",\"day\":\"Monday 30\\/09\\/24\",\"time\":\"19:00\",\"group\":\"G6, G7, G8, G9\",\"location\":\"LW Churchfield\",\"stime\":\"19:00\",\"etime\":\"20:30\",\"coach\":\"N\\/A\"},{\"sessionId\":\"4294969159\",\"day\":\"Tuesday 01\\/10\\/24\",\"time\":\"19:00\",\"group\":\"J1, J2, J3-A\",\"location\":\"Mayfield\",\"stime\":\"18:40\",\"etime\":\"20:30\",\"coach\":\"N\\/A\"},{\"sessionId\":\"4294969160\",\"day\":\"Thursday 03\\/10\\/24\",\"time\":\"19:00\",\"group\":\"G6, G7, G8, G9\",\"location\":\"LW Bishopstown\",\"stime\":\"18:00\",\"etime\":\"20:00\",\"coach\":\"N\\/A\"}]','dolphinsc','2024-09-28 15:39:32'),
(32,7,'29 SEP 2024','[{\"sessionId\":\"4294969221\",\"day\":\"Monday 21\\/10\\/24\",\"time\":\"05:00\",\"group\":\"G1, G2, G4, G5\",\"location\":\"Mayfield\",\"stime\":\"05:25\",\"etime\":\"07:30\",\"coach\":\"N\\/A\"},{\"sessionId\":\"4294969222\",\"day\":\"Tuesday 22\\/10\\/24\",\"time\":\"05:00\",\"group\":\"G1, G3, G6\",\"location\":\"Mayfield\",\"stime\":\"05:25\",\"etime\":\"07:30\",\"coach\":\"N\\/A\"},{\"sessionId\":\"4294969223\",\"day\":\"Wednesday 23\\/10\\/24\",\"time\":\"05:00\",\"group\":\"G1, G2, G3, G7\",\"location\":\"Mayfield\",\"stime\":\"05:25\",\"etime\":\"07:30\",\"coach\":\"N\\/A\"},{\"sessionId\":\"4294969224\",\"day\":\"Thursday 24\\/10\\/24\",\"time\":\"05:00\",\"group\":\"G1, G2, G4, G5\",\"location\":\"Mayfield\",\"stime\":\"05:25\",\"etime\":\"07:30\",\"coach\":\"N\\/A\"},{\"sessionId\":\"4294969225\",\"day\":\"Friday 25\\/10\\/24\",\"time\":\"05:00\",\"group\":\"G1, G2, G4, G5\",\"location\":\"Mayfield\",\"stime\":\"05:25\",\"etime\":\"07:30\",\"coach\":\"N\\/A\"},{\"sessionId\":\"4294969226\",\"day\":\"Saturday 26\\/10\\/24\",\"time\":\"05:00\",\"group\":\"G1, G2, G3, G4, G5\",\"location\":\"Mayfield\",\"stime\":\"05:30\",\"etime\":\"07:40\",\"coach\":\"N\\/A\"},{\"sessionId\":\"4294969227\",\"day\":\"Sunday 27\\/10\\/24\",\"time\":\"05:00\",\"group\":\"G1, G2, G3, G4, G5\",\"location\":\"Mayfield\",\"stime\":\"05:40\",\"etime\":\"07:50\",\"coach\":\"N\\/A\"},{\"sessionId\":\"4294969228\",\"day\":\"Saturday 26\\/10\\/24\",\"time\":\"06:00\",\"group\":\"G6, G7, G8, G9, G10\",\"location\":\"Mayfield - Gym\",\"stime\":\"06:30\",\"etime\":\"07:30\",\"coach\":\"N\\/A\"},{\"sessionId\":\"4294969229\",\"day\":\"Sunday 27\\/10\\/24\",\"time\":\"06:00\",\"group\":\"G6, G7, G8, G9, G10\",\"location\":\"Brookfield UCC\",\"stime\":\"06:00\",\"etime\":\"08:00\",\"coach\":\"N\\/A\"},{\"sessionId\":\"4294969230\",\"day\":\"Saturday 26\\/10\\/24\",\"time\":\"07:00\",\"group\":\"G6, G7, G8, G9, G10\",\"location\":\"Mayfield \",\"stime\":\"07:40\",\"etime\":\"09:50\",\"coach\":\"N\\/A\"},{\"sessionId\":\"4294969231\",\"day\":\"Sunday 27\\/10\\/24\",\"time\":\"07:00\",\"group\":\"G12\",\"location\":\"Mayfield\",\"stime\":\"07:50\",\"etime\":\"08:50\",\"coach\":\"N\\/A\"},{\"sessionId\":\"4294969232\",\"day\":\"Saturday 26\\/10\\/24\",\"time\":\"08:00\",\"group\":\"G1, G2, G3, G4, G5\",\"location\":\"Mayfield - Gym\",\"stime\":\"08:00\",\"etime\":\"09:00\",\"coach\":\"N\\/A\"},{\"sessionId\":\"4294969233\",\"day\":\"Sunday 27\\/10\\/24\",\"time\":\"08:00\",\"group\":\"J1\",\"location\":\"Mayfield\",\"stime\":\"07:50\",\"etime\":\"09:50\",\"coach\":\"N\\/A\"},{\"sessionId\":\"4294969234\",\"day\":\"Sunday 27\\/10\\/24\",\"time\":\"12:00\",\"group\":\"LTS-C\",\"location\":\"Mayfield\",\"stime\":\"12:40\",\"etime\":\"13:15\",\"coach\":\"N\\/A\"},{\"sessionId\":\"4294969235\",\"day\":\"Sunday 27\\/10\\/24\",\"time\":\"13:00\",\"group\":\"LTS-D\",\"location\":\"Mayfield\",\"stime\":\"13:25\",\"etime\":\"14:00\",\"coach\":\"N\\/A\"},{\"sessionId\":\"4294969236\",\"day\":\"Saturday 26\\/10\\/24\",\"time\":\"14:00\",\"group\":\"LTS-A\",\"location\":\"Mayfield\",\"stime\":\"14:30\",\"etime\":\"15:05\",\"coach\":\"N\\/A\"},{\"sessionId\":\"4294969237\",\"day\":\"Saturday 26\\/10\\/24\",\"time\":\"15:00\",\"group\":\"LTS-B\",\"location\":\"Mayfield\",\"stime\":\"15:15\",\"etime\":\"15:50\",\"coach\":\"N\\/A\"},{\"sessionId\":\"4294969238\",\"day\":\"Sunday 27\\/10\\/24\",\"time\":\"15:00\",\"group\":\"J3, J4\",\"location\":\"Mayfield\",\"stime\":\"15:50\",\"etime\":\"17:30\",\"coach\":\"N\\/A\"},{\"sessionId\":\"4294969239\",\"day\":\"Saturday 26\\/10\\/24\",\"time\":\"16:00\",\"group\":\"G6, G7, G8, G9, G10\",\"location\":\"Mayfield\",\"stime\":\"16:40\",\"etime\":\"18:50\",\"coach\":\"N\\/A\"},{\"sessionId\":\"4294969240\",\"day\":\"Thursday 24\\/10\\/24\",\"time\":\"17:00\",\"group\":\"G1, G2, G3, G4, G5\",\"location\":\"Pilates in the gym\",\"stime\":\"17:20\",\"etime\":\"18:10\",\"coach\":\"N\\/A\"},{\"sessionId\":\"4294969241\",\"day\":\"Friday 25\\/10\\/24\",\"time\":\"17:00\",\"group\":\"J1, J2, J3-B\",\"location\":\"Mayfield\",\"stime\":\"17:40\",\"etime\":\"19:30\",\"coach\":\"N\\/A\"},{\"sessionId\":\"4294969242\",\"day\":\"Saturday 26\\/10\\/24\",\"time\":\"17:00\",\"group\":\"J1, J2, J3, J4\",\"location\":\"Mayfield - Gym\",\"stime\":\"17:30\",\"etime\":\"18:30\",\"coach\":\"N\\/A\"},{\"sessionId\":\"4294969243\",\"day\":\"Sunday 27\\/10\\/24\",\"time\":\"17:00\",\"group\":\"L5\",\"location\":\"Mayfield\",\"stime\":\"17:30\",\"etime\":\"18:20\",\"coach\":\"N\\/A\"},{\"sessionId\":\"4294969244\",\"day\":\"Tuesday 22\\/10\\/24\",\"time\":\"18:00\",\"group\":\"G6, G7, G8, G9, G4\",\"location\":\"More & Co Gym\",\"stime\":\"19:00\",\"etime\":\"19:50\",\"coach\":\"N\\/A\"},{\"sessionId\":\"4294969245\",\"day\":\"Thursday 24\\/10\\/24\",\"time\":\"18:00\",\"group\":\"G1, G2, G3, G4, G5\",\"location\":\"Mayfield\",\"stime\":\"18:20\",\"etime\":\"20:00\",\"coach\":\"N\\/A\"},{\"sessionId\":\"4294969246\",\"day\":\"Friday 25\\/10\\/24\",\"time\":\"18:00\",\"group\":\"G1, G2, G3\",\"location\":\"Brookfield UCC\",\"stime\":\"16:50\",\"etime\":\"19:00\",\"coach\":\"N\\/A\"},{\"sessionId\":\"4294969247\",\"day\":\"Saturday 26\\/10\\/24\",\"time\":\"18:00\",\"group\":\"J1, J2, J3\",\"location\":\"Mayfield \",\"stime\":\"18:50\",\"etime\":\"20:30\",\"coach\":\"N\\/A\"},{\"sessionId\":\"4294969254\",\"day\":\"Sunday 27\\/10\\/24\",\"time\":\"18:00\",\"group\":\"L5\",\"location\":\"Mayfield\",\"stime\":\"17:30\",\"etime\":\"18:20\",\"coach\":\"N\\/A\"},{\"sessionId\":\"4294969248\",\"day\":\"Monday 21\\/10\\/24\",\"time\":\"19:00\",\"group\":\"G6, G7, G8, G9\",\"location\":\"LW Churchfield\",\"stime\":\"19:00\",\"etime\":\"20:30\",\"coach\":\"N\\/A\"},{\"sessionId\":\"4294969249\",\"day\":\"Tuesday 22\\/10\\/24\",\"time\":\"19:00\",\"group\":\"J1, J2, J3-A\",\"location\":\"Mayfield\",\"stime\":\"18:40\",\"etime\":\"20:30\",\"coach\":\"N\\/A\"},{\"sessionId\":\"4294969250\",\"day\":\"Thursday 24\\/10\\/24\",\"time\":\"19:00\",\"group\":\"G6, G7, G8, G9\",\"location\":\"LW Bishopstown\",\"stime\":\"18:00\",\"etime\":\"20:00\",\"coach\":\"N\\/A\"}]','dolphinsc','2024-09-29 06:52:57'),
(33,24,'test','[{\"sessionId\":\"4294969519\",\"day\":\"Tuesday 19\\/11\\/24\",\"time\":\"05:00\",\"group\":\"G1\",\"location\":\"test\",\"stime\":\"05:00\",\"etime\":\"07:00\",\"coach\":\"N\\/A\"},{\"sessionId\":\"4294969520\",\"day\":\"Thursday 21\\/11\\/24\",\"time\":\"07:00\",\"group\":\"LTS B\",\"location\":\"test\",\"stime\":\"07:00\",\"etime\":\"09:00\",\"coach\":\"N\\/A\"},{\"sessionId\":\"4294969521\",\"day\":\"Saturday 23\\/11\\/24\",\"time\":\"08:00\",\"group\":\"LTS A\",\"location\":\"test\",\"stime\":\"08:00\",\"etime\":\"00:00\",\"coach\":\"N\\/A\"}]','test','2024-11-30 14:22:19'),
(35,7,'Jan2025','[{\"sessionId\":\"4294969690\",\"day\":\"Monday 06\\/01\\/25\",\"time\":\"05:00\",\"group\":\"G1, G2, G4, G5\",\"location\":\"Mayfield\",\"stime\":\"05:25\",\"etime\":\"07:30\",\"coach\":\"N\\/A\"},{\"sessionId\":\"4294969691\",\"day\":\"Tuesday 07\\/01\\/25\",\"time\":\"05:00\",\"group\":\"G1, G3, G6\",\"location\":\"Mayfield\",\"stime\":\"05:25\",\"etime\":\"07:30\",\"coach\":\"N\\/A\"},{\"sessionId\":\"4294969692\",\"day\":\"Wednesday 08\\/01\\/25\",\"time\":\"05:00\",\"group\":\"G1, G2, G3, G7\",\"location\":\"Mayfield\",\"stime\":\"05:25\",\"etime\":\"07:30\",\"coach\":\"N\\/A\"},{\"sessionId\":\"4294969693\",\"day\":\"Thursday 09\\/01\\/25\",\"time\":\"05:00\",\"group\":\"G1, G2, G4, G5\",\"location\":\"Mayfield\",\"stime\":\"05:25\",\"etime\":\"07:30\",\"coach\":\"N\\/A\"},{\"sessionId\":\"4294969694\",\"day\":\"Friday 10\\/01\\/25\",\"time\":\"05:00\",\"group\":\"G1, G2, G4, G5\",\"location\":\"Mayfield\",\"stime\":\"05:25\",\"etime\":\"07:30\",\"coach\":\"N\\/A\"},{\"sessionId\":\"4294969695\",\"day\":\"Saturday 11\\/01\\/25\",\"time\":\"05:00\",\"group\":\"G1, G2, G3, G4, G5\",\"location\":\"Mayfield\",\"stime\":\"05:30\",\"etime\":\"07:40\",\"coach\":\"N\\/A\"},{\"sessionId\":\"4294969696\",\"day\":\"Sunday 12\\/01\\/25\",\"time\":\"05:00\",\"group\":\"G1, G2, G3, G4, G5\",\"location\":\"Mayfield\",\"stime\":\"05:40\",\"etime\":\"07:50\",\"coach\":\"N\\/A\"},{\"sessionId\":\"4294969697\",\"day\":\"Saturday 11\\/01\\/25\",\"time\":\"06:00\",\"group\":\"G6, G7, G8, G9\",\"location\":\"Mayfield - Gym\",\"stime\":\"06:30\",\"etime\":\"07:30\",\"coach\":\"N\\/A\"},{\"sessionId\":\"4294969698\",\"day\":\"Sunday 12\\/01\\/25\",\"time\":\"06:00\",\"group\":\"G6, G7, G8, G9\",\"location\":\"Brookfield UCC\",\"stime\":\"06:00\",\"etime\":\"08:00\",\"coach\":\"N\\/A\"},{\"sessionId\":\"4294969699\",\"day\":\"Saturday 11\\/01\\/25\",\"time\":\"07:00\",\"group\":\"G6, G7, G8, G9\",\"location\":\"Mayfield \",\"stime\":\"07:40\",\"etime\":\"09:50\",\"coach\":\"N\\/A\"},{\"sessionId\":\"4294969700\",\"day\":\"Sunday 12\\/01\\/25\",\"time\":\"07:00\",\"group\":\"G12\",\"location\":\"Mayfield\",\"stime\":\"07:50\",\"etime\":\"08:50\",\"coach\":\"N\\/A\"},{\"sessionId\":\"4294969701\",\"day\":\"Saturday 11\\/01\\/25\",\"time\":\"08:00\",\"group\":\"G1, G2, G3, G4, G5\",\"location\":\"Mayfield - Gym\",\"stime\":\"08:00\",\"etime\":\"09:00\",\"coach\":\"N\\/A\"},{\"sessionId\":\"4294969702\",\"day\":\"Sunday 12\\/01\\/25\",\"time\":\"08:00\",\"group\":\"J1\",\"location\":\"Mayfield\",\"stime\":\"07:50\",\"etime\":\"09:50\",\"coach\":\"N\\/A\"},{\"sessionId\":\"4294969703\",\"day\":\"Sunday 12\\/01\\/25\",\"time\":\"12:00\",\"group\":\"LTS-C\",\"location\":\"Mayfield\",\"stime\":\"12:40\",\"etime\":\"13:15\",\"coach\":\"N\\/A\"},{\"sessionId\":\"4294969704\",\"day\":\"Sunday 12\\/01\\/25\",\"time\":\"13:00\",\"group\":\"LTS-D\",\"location\":\"Mayfield\",\"stime\":\"13:25\",\"etime\":\"14:00\",\"coach\":\"N\\/A\"},{\"sessionId\":\"4294969705\",\"day\":\"Saturday 11\\/01\\/25\",\"time\":\"14:00\",\"group\":\"LTS-A\",\"location\":\"Mayfield\",\"stime\":\"14:30\",\"etime\":\"15:05\",\"coach\":\"N\\/A\"},{\"sessionId\":\"4294969706\",\"day\":\"Saturday 11\\/01\\/25\",\"time\":\"15:00\",\"group\":\"LTS-B\",\"location\":\"Mayfield\",\"stime\":\"15:15\",\"etime\":\"15:50\",\"coach\":\"N\\/A\"},{\"sessionId\":\"4294969707\",\"day\":\"Sunday 12\\/01\\/25\",\"time\":\"15:00\",\"group\":\"J4\",\"location\":\"Mayfield\",\"stime\":\"15:50\",\"etime\":\"17:30\",\"coach\":\"N\\/A\"},{\"sessionId\":\"4294969708\",\"day\":\"Saturday 11\\/01\\/25\",\"time\":\"16:00\",\"group\":\"G6, G7, G8, G9\",\"location\":\"Mayfield\",\"stime\":\"16:40\",\"etime\":\"18:50\",\"coach\":\"N\\/A\"},{\"sessionId\":\"4294969709\",\"day\":\"Thursday 09\\/01\\/25\",\"time\":\"17:00\",\"group\":\"G1, G2, G3, G4, G5\",\"location\":\"Pilates in the gym\",\"stime\":\"17:20\",\"etime\":\"18:10\",\"coach\":\"N\\/A\"},{\"sessionId\":\"4294969710\",\"day\":\"Friday 10\\/01\\/25\",\"time\":\"17:00\",\"group\":\"J1, J2, J3\",\"location\":\"Mayfield\",\"stime\":\"17:40\",\"etime\":\"19:30\",\"coach\":\"N\\/A\"},{\"sessionId\":\"4294969712\",\"day\":\"Sunday 12\\/01\\/25\",\"time\":\"17:00\",\"group\":\"L5\",\"location\":\"Mayfield\",\"stime\":\"17:30\",\"etime\":\"18:20\",\"coach\":\"N\\/A\"},{\"sessionId\":\"4294969713\",\"day\":\"Tuesday 07\\/01\\/25\",\"time\":\"18:00\",\"group\":\"G6, G7, G8, G9, G4\",\"location\":\"More & Co Gym\",\"stime\":\"19:00\",\"etime\":\"19:50\",\"coach\":\"N\\/A\"},{\"sessionId\":\"4294969714\",\"day\":\"Thursday 09\\/01\\/25\",\"time\":\"18:00\",\"group\":\"G1, G2, G3, G4, G5\",\"location\":\"Mayfield\",\"stime\":\"18:20\",\"etime\":\"20:00\",\"coach\":\"N\\/A\"},{\"sessionId\":\"4294969715\",\"day\":\"Friday 10\\/01\\/25\",\"time\":\"18:00\",\"group\":\"G1, G2, G3\",\"location\":\"Brookfield UCC\",\"stime\":\"16:50\",\"etime\":\"19:00\",\"coach\":\"N\\/A\"},{\"sessionId\":\"4294969716\",\"day\":\"Saturday 11\\/01\\/25\",\"time\":\"18:00\",\"group\":\"J1, J2, J3\",\"location\":\"Mayfield \",\"stime\":\"18:50\",\"etime\":\"20:30\",\"coach\":\"N\\/A\"},{\"sessionId\":\"4294969718\",\"day\":\"Monday 06\\/01\\/25\",\"time\":\"19:00\",\"group\":\"G6, G7, G8, G9\",\"location\":\"LW Churchfield\",\"stime\":\"19:00\",\"etime\":\"20:30\",\"coach\":\"N\\/A\"},{\"sessionId\":\"4294969719\",\"day\":\"Tuesday 07\\/01\\/25\",\"time\":\"19:00\",\"group\":\"J1, J2, J3\",\"location\":\"Mayfield\",\"stime\":\"18:40\",\"etime\":\"20:30\",\"coach\":\"N\\/A\"},{\"sessionId\":\"4294969720\",\"day\":\"Thursday 09\\/01\\/25\",\"time\":\"19:00\",\"group\":\"G6, G7, G8, G9\",\"location\":\"LW Bishopstown\",\"stime\":\"18:00\",\"etime\":\"20:00\",\"coach\":\"N\\/A\"}]','dolphinsc','2025-01-03 04:18:40'),
(37,7,'Feb2025','[{\"sessionId\":\"4294969900\",\"day\":\"Monday 10\\/02\\/25\",\"time\":\"05:00\",\"group\":\"G1, G2, G3-A, G4\",\"location\":\"Mayfield\",\"stime\":\"05:25\",\"etime\":\"07:30\",\"coach\":\"N\\/A\"},{\"sessionId\":\"4294969901\",\"day\":\"Tuesday 11\\/02\\/25\",\"time\":\"05:00\",\"group\":\"G1, G2, G3, G-6\",\"location\":\"Mayfield\",\"stime\":\"05:25\",\"etime\":\"07:30\",\"coach\":\"N\\/A\"},{\"sessionId\":\"4294969902\",\"day\":\"Wednesday 12\\/02\\/25\",\"time\":\"05:00\",\"group\":\"G1, G3, G5, G6, G8-A\",\"location\":\"Mayfield\",\"stime\":\"05:25\",\"etime\":\"07:30\",\"coach\":\"N\\/A\"},{\"sessionId\":\"4294969903\",\"day\":\"Thursday 13\\/02\\/25\",\"time\":\"05:00\",\"group\":\"G1, G2, G3-B, G4\",\"location\":\"Mayfield\",\"stime\":\"05:25\",\"etime\":\"07:30\",\"coach\":\"N\\/A\"},{\"sessionId\":\"4294969904\",\"day\":\"Friday 14\\/02\\/25\",\"time\":\"05:00\",\"group\":\"G1, G2, G4, G5\",\"location\":\"Mayfield\",\"stime\":\"05:25\",\"etime\":\"07:30\",\"coach\":\"N\\/A\"},{\"sessionId\":\"4294969905\",\"day\":\"Saturday 15\\/02\\/25\",\"time\":\"05:00\",\"group\":\"G1, G2, G3, G4\",\"location\":\"Mayfield\",\"stime\":\"05:30\",\"etime\":\"08:00\",\"coach\":\"N\\/A\"},{\"sessionId\":\"4294969906\",\"day\":\"Sunday 16\\/02\\/25\",\"time\":\"05:00\",\"group\":\"G1, G2, G3, G4, G5, G6, G8A\",\"location\":\"Mayfield\",\"stime\":\"05:30\",\"etime\":\"08:00\",\"coach\":\"N\\/A\"},{\"sessionId\":\"4294969907\",\"day\":\"Saturday 15\\/02\\/25\",\"time\":\"06:00\",\"group\":\"G5, G6, G7, G8, G9-A\",\"location\":\"Mayfield - Pilates\\/Gym\",\"stime\":\"07:00\",\"etime\":\"07:50\",\"coach\":\"N\\/A\"},{\"sessionId\":\"4294969908\",\"day\":\"Sunday 16\\/02\\/25\",\"time\":\"06:00\",\"group\":\"G7, G8, G9, J1-B\",\"location\":\"Brookfield UCC\",\"stime\":\"06:00\",\"etime\":\"08:00\",\"coach\":\"N\\/A\"},{\"sessionId\":\"4294969909\",\"day\":\"Saturday 15\\/02\\/25\",\"time\":\"07:00\",\"group\":\"G5, G6, G7, G8, G9-A\",\"location\":\"Mayfield \",\"stime\":\"08:00\",\"etime\":\"09:50\",\"coach\":\"N\\/A\"},{\"sessionId\":\"4294969910\",\"day\":\"Sunday 16\\/02\\/25\",\"time\":\"07:00\",\"group\":\"G12\",\"location\":\"Mayfield\",\"stime\":\"05:30\",\"etime\":\"08:00\",\"coach\":\"N\\/A\"},{\"sessionId\":\"4294969911\",\"day\":\"Saturday 15\\/02\\/25\",\"time\":\"08:00\",\"group\":\"G1, G2, G3, G4\",\"location\":\"Mayfield - Pilates\\/Gym\",\"stime\":\"08:20\",\"etime\":\"09:20\",\"coach\":\"N\\/A\"},{\"sessionId\":\"4294969912\",\"day\":\"Sunday 16\\/02\\/25\",\"time\":\"08:00\",\"group\":\"J2, J3\",\"location\":\"Mayfield\",\"stime\":\"08:00\",\"etime\":\"09:50\",\"coach\":\"N\\/A\"},{\"sessionId\":\"4294969913\",\"day\":\"Sunday 16\\/02\\/25\",\"time\":\"12:00\",\"group\":\"LTS-C\",\"location\":\"Mayfield\",\"stime\":\"12:40\",\"etime\":\"13:15\",\"coach\":\"N\\/A\"},{\"sessionId\":\"4294969914\",\"day\":\"Sunday 16\\/02\\/25\",\"time\":\"13:00\",\"group\":\"LTS-D\",\"location\":\"Mayfield\",\"stime\":\"13:25\",\"etime\":\"14:00\",\"coach\":\"N\\/A\"},{\"sessionId\":\"4294969915\",\"day\":\"Saturday 15\\/02\\/25\",\"time\":\"14:00\",\"group\":\"LTS-A\",\"location\":\"Mayfield\",\"stime\":\"14:30\",\"etime\":\"15:05\",\"coach\":\"N\\/A\"},{\"sessionId\":\"4294969916\",\"day\":\"Saturday 15\\/02\\/25\",\"time\":\"15:00\",\"group\":\"LTS-B\",\"location\":\"Mayfield\",\"stime\":\"15:15\",\"etime\":\"15:50\",\"coach\":\"N\\/A\"},{\"sessionId\":\"4294969917\",\"day\":\"Sunday 16\\/02\\/25\",\"time\":\"15:00\",\"group\":\"J4\",\"location\":\"Mayfield\",\"stime\":\"15:50\",\"etime\":\"17:30\",\"coach\":\"N\\/A\"},{\"sessionId\":\"4294969918\",\"day\":\"Saturday 15\\/02\\/25\",\"time\":\"16:00\",\"group\":\"G5, G6, G7-A, G8, G9\",\"location\":\"Mayfield\",\"stime\":\"16:40\",\"etime\":\"18:50\",\"coach\":\"N\\/A\"},{\"sessionId\":\"4294969920\",\"day\":\"Friday 14\\/02\\/25\",\"time\":\"17:00\",\"group\":\"J1, J2\",\"location\":\"Mayfield\",\"stime\":\"17:40\",\"etime\":\"19:30\",\"coach\":\"N\\/A\"},{\"sessionId\":\"4294969931\",\"day\":\"Saturday 15\\/02\\/25\",\"time\":\"17:00\",\"group\":\"J1, J2, J3\",\"location\":\"Mayfield - Gym\",\"stime\":\"17:40\",\"etime\":\"18:40\",\"coach\":\"N\\/A\"},{\"sessionId\":\"4294969921\",\"day\":\"Sunday 16\\/02\\/25\",\"time\":\"17:00\",\"group\":\"L5\",\"location\":\"Mayfield\",\"stime\":\"17:30\",\"etime\":\"18:20\",\"coach\":\"N\\/A\"},{\"sessionId\":\"4294969923\",\"day\":\"Thursday 13\\/02\\/25\",\"time\":\"18:00\",\"group\":\"G1, G2, G3, G4, G5\",\"location\":\"Mayfield\",\"stime\":\"17:40\",\"etime\":\"20:00\",\"coach\":\"N\\/A\"},{\"sessionId\":\"4294969924\",\"day\":\"Friday 14\\/02\\/25\",\"time\":\"18:00\",\"group\":\"G7, G8\",\"location\":\"Brookfield UCC\",\"stime\":\"16:50\",\"etime\":\"19:00\",\"coach\":\"N\\/A\"},{\"sessionId\":\"4294969925\",\"day\":\"Saturday 15\\/02\\/25\",\"time\":\"18:00\",\"group\":\"J1, J2-A, J3\",\"location\":\"Mayfield \",\"stime\":\"18:50\",\"etime\":\"20:40\",\"coach\":\"N\\/A\"},{\"sessionId\":\"4294969926\",\"day\":\"Monday 10\\/02\\/25\",\"time\":\"19:00\",\"group\":\"G7, G8, G9\",\"location\":\"LW Churchfield\",\"stime\":\"19:00\",\"etime\":\"20:30\",\"coach\":\"N\\/A\"},{\"sessionId\":\"4294969927\",\"day\":\"Tuesday 11\\/02\\/25\",\"time\":\"19:00\",\"group\":\"J1, J2\",\"location\":\"Mayfield\",\"stime\":\"18:40\",\"etime\":\"20:30\",\"coach\":\"N\\/A\"},{\"sessionId\":\"4294969928\",\"day\":\"Thursday 13\\/02\\/25\",\"time\":\"19:00\",\"group\":\"G6, G7, G8, G9, J1-A\",\"location\":\"LW Bishopstown\",\"stime\":\"18:00\",\"etime\":\"20:00\",\"coach\":\"N\\/A\"}]','dolphinsc','2025-02-11 19:35:41'),
(38,7,'Feb-B 2025','[{\"sessionId\":\"4294970007\",\"day\":\"Monday 17\\/02\\/25\",\"time\":\"05:00\",\"group\":\"G1, G2, G3-A, G4\",\"location\":\"Mayfield\",\"stime\":\"05:25\",\"etime\":\"07:30\",\"coach\":\"N\\/A\"},{\"sessionId\":\"4294970008\",\"day\":\"Tuesday 18\\/02\\/25\",\"time\":\"05:00\",\"group\":\"G1, G2, G3, G-6\",\"location\":\"Mayfield\",\"stime\":\"05:25\",\"etime\":\"07:30\",\"coach\":\"N\\/A\"},{\"sessionId\":\"4294970009\",\"day\":\"Wednesday 19\\/02\\/25\",\"time\":\"05:00\",\"group\":\"G1, G3, G5, G6, G8-A\",\"location\":\"Mayfield\",\"stime\":\"05:25\",\"etime\":\"07:30\",\"coach\":\"N\\/A\"},{\"sessionId\":\"4294970010\",\"day\":\"Thursday 20\\/02\\/25\",\"time\":\"05:00\",\"group\":\"G1, G2, G3-B, G4\",\"location\":\"Mayfield\",\"stime\":\"05:25\",\"etime\":\"07:30\",\"coach\":\"N\\/A\"},{\"sessionId\":\"4294970011\",\"day\":\"Friday 21\\/02\\/25\",\"time\":\"05:00\",\"group\":\"G1, G2, G4, G5\",\"location\":\"Mayfield\",\"stime\":\"05:25\",\"etime\":\"07:30\",\"coach\":\"N\\/A\"},{\"sessionId\":\"4294970012\",\"day\":\"Saturday 22\\/02\\/25\",\"time\":\"05:00\",\"group\":\"G1, G2, G3, G4\",\"location\":\"Mayfield\",\"stime\":\"05:30\",\"etime\":\"08:00\",\"coach\":\"N\\/A\"},{\"sessionId\":\"4294970013\",\"day\":\"Sunday 23\\/02\\/25\",\"time\":\"05:00\",\"group\":\"G1, G2, G3, G4, G5, G6, G8A\",\"location\":\"Mayfield\",\"stime\":\"05:30\",\"etime\":\"08:00\",\"coach\":\"N\\/A\"},{\"sessionId\":\"4294970014\",\"day\":\"Saturday 22\\/02\\/25\",\"time\":\"06:00\",\"group\":\"G5, G6, G7, G8, G9-A\",\"location\":\"Mayfield - Pilates\\/Gym\",\"stime\":\"07:00\",\"etime\":\"07:50\",\"coach\":\"N\\/A\"},{\"sessionId\":\"4294970015\",\"day\":\"Sunday 23\\/02\\/25\",\"time\":\"06:00\",\"group\":\"G7, G8, G9, J1-B\",\"location\":\"Brookfield UCC\",\"stime\":\"06:00\",\"etime\":\"08:00\",\"coach\":\"N\\/A\"},{\"sessionId\":\"4294970016\",\"day\":\"Saturday 22\\/02\\/25\",\"time\":\"07:00\",\"group\":\"G5, G6, G7, G8, G9-A\",\"location\":\"Mayfield \",\"stime\":\"08:00\",\"etime\":\"09:50\",\"coach\":\"N\\/A\"},{\"sessionId\":\"4294970017\",\"day\":\"Sunday 23\\/02\\/25\",\"time\":\"07:00\",\"group\":\"G12\",\"location\":\"Mayfield\",\"stime\":\"05:30\",\"etime\":\"08:00\",\"coach\":\"N\\/A\"},{\"sessionId\":\"4294970018\",\"day\":\"Saturday 22\\/02\\/25\",\"time\":\"08:00\",\"group\":\"G1, G2, G3, G4\",\"location\":\"Mayfield - Pilates\\/Gym\",\"stime\":\"08:20\",\"etime\":\"09:20\",\"coach\":\"N\\/A\"},{\"sessionId\":\"4294970019\",\"day\":\"Sunday 23\\/02\\/25\",\"time\":\"08:00\",\"group\":\"J2, J3\",\"location\":\"Mayfield\",\"stime\":\"08:00\",\"etime\":\"09:50\",\"coach\":\"N\\/A\"},{\"sessionId\":\"4294970020\",\"day\":\"Sunday 23\\/02\\/25\",\"time\":\"12:00\",\"group\":\"LTS-C\",\"location\":\"Mayfield\",\"stime\":\"12:40\",\"etime\":\"13:15\",\"coach\":\"N\\/A\"},{\"sessionId\":\"4294970021\",\"day\":\"Sunday 23\\/02\\/25\",\"time\":\"13:00\",\"group\":\"LTS-D\",\"location\":\"Mayfield\",\"stime\":\"13:25\",\"etime\":\"14:00\",\"coach\":\"N\\/A\"},{\"sessionId\":\"4294970022\",\"day\":\"Saturday 22\\/02\\/25\",\"time\":\"14:00\",\"group\":\"LTS-A\",\"location\":\"Mayfield\",\"stime\":\"14:30\",\"etime\":\"15:05\",\"coach\":\"N\\/A\"},{\"sessionId\":\"4294970023\",\"day\":\"Saturday 22\\/02\\/25\",\"time\":\"15:00\",\"group\":\"LTS-B\",\"location\":\"Mayfield\",\"stime\":\"15:15\",\"etime\":\"15:50\",\"coach\":\"N\\/A\"},{\"sessionId\":\"4294970024\",\"day\":\"Sunday 23\\/02\\/25\",\"time\":\"15:00\",\"group\":\"J4\",\"location\":\"Mayfield\",\"stime\":\"15:50\",\"etime\":\"17:30\",\"coach\":\"N\\/A\"},{\"sessionId\":\"4294970025\",\"day\":\"Saturday 22\\/02\\/25\",\"time\":\"16:00\",\"group\":\"G5, G6, G7-A, G8, G9\",\"location\":\"Mayfield\",\"stime\":\"16:40\",\"etime\":\"18:50\",\"coach\":\"N\\/A\"},{\"sessionId\":\"4294970026\",\"day\":\"Friday 21\\/02\\/25\",\"time\":\"17:00\",\"group\":\"J1, J2\",\"location\":\"Mayfield\",\"stime\":\"17:40\",\"etime\":\"19:30\",\"coach\":\"N\\/A\"},{\"sessionId\":\"4294970027\",\"day\":\"Saturday 22\\/02\\/25\",\"time\":\"17:00\",\"group\":\"J1, J2, J3\",\"location\":\"Mayfield - Gym\",\"stime\":\"17:40\",\"etime\":\"18:40\",\"coach\":\"N\\/A\"},{\"sessionId\":\"4294970028\",\"day\":\"Sunday 23\\/02\\/25\",\"time\":\"17:00\",\"group\":\"L5\",\"location\":\"Mayfield\",\"stime\":\"17:30\",\"etime\":\"18:20\",\"coach\":\"N\\/A\"},{\"sessionId\":\"4294970029\",\"day\":\"Thursday 20\\/02\\/25\",\"time\":\"18:00\",\"group\":\"G1, G2, G3, G4, G5\",\"location\":\"Mayfield\",\"stime\":\"17:40\",\"etime\":\"20:00\",\"coach\":\"N\\/A\"},{\"sessionId\":\"4294970030\",\"day\":\"Friday 21\\/02\\/25\",\"time\":\"18:00\",\"group\":\"G7, G8\",\"location\":\"Brookfield UCC\",\"stime\":\"16:50\",\"etime\":\"19:00\",\"coach\":\"N\\/A\"},{\"sessionId\":\"4294970031\",\"day\":\"Saturday 22\\/02\\/25\",\"time\":\"18:00\",\"group\":\"J1, J2-A, J3\",\"location\":\"Mayfield \",\"stime\":\"18:50\",\"etime\":\"20:40\",\"coach\":\"N\\/A\"},{\"sessionId\":\"4294970032\",\"day\":\"Monday 17\\/02\\/25\",\"time\":\"19:00\",\"group\":\"G7, G8, G9\",\"location\":\"LW Churchfield\",\"stime\":\"19:00\",\"etime\":\"20:30\",\"coach\":\"N\\/A\"},{\"sessionId\":\"4294970033\",\"day\":\"Tuesday 18\\/02\\/25\",\"time\":\"19:00\",\"group\":\"J1, J2\",\"location\":\"Mayfield\",\"stime\":\"18:40\",\"etime\":\"20:30\",\"coach\":\"N\\/A\"},{\"sessionId\":\"4294970034\",\"day\":\"Thursday 20\\/02\\/25\",\"time\":\"19:00\",\"group\":\"G6, G7, G8, G9, J1-A\",\"location\":\"LW Bishopstown\",\"stime\":\"18:00\",\"etime\":\"20:00\",\"coach\":\"N\\/A\"}]','dolphinsc','2025-02-12 13:50:17'),
(41,7,'Apr2025','[{\"sessionId\":\"4294970223\",\"day\":\"Monday 31\\/03\\/25\",\"time\":\"05:00\",\"group\":\"G1, G2, G3-A, G4\",\"location\":\"Mayfield\",\"stime\":\"05:25\",\"etime\":\"07:30\",\"coach\":\"N\\/A\"},{\"sessionId\":\"4294970224\",\"day\":\"Tuesday 01\\/04\\/25\",\"time\":\"05:00\",\"group\":\"G1, G2, G3, G6\",\"location\":\"Mayfield\",\"stime\":\"05:25\",\"etime\":\"07:30\",\"coach\":\"N\\/A\"},{\"sessionId\":\"4294970225\",\"day\":\"Wednesday 02\\/04\\/25\",\"time\":\"05:00\",\"group\":\"G1, G3, G5, G6, G8-A\",\"location\":\"Mayfield\",\"stime\":\"05:25\",\"etime\":\"07:30\",\"coach\":\"N\\/A\"},{\"sessionId\":\"4294970226\",\"day\":\"Thursday 03\\/04\\/25\",\"time\":\"05:00\",\"group\":\"G1, G2, G3-B, G4\",\"location\":\"Mayfield\",\"stime\":\"05:25\",\"etime\":\"07:30\",\"coach\":\"N\\/A\"},{\"sessionId\":\"4294970227\",\"day\":\"Friday 04\\/04\\/25\",\"time\":\"05:00\",\"group\":\"G1, G2, G4, G5\",\"location\":\"Mayfield\",\"stime\":\"05:25\",\"etime\":\"07:30\",\"coach\":\"N\\/A\"},{\"sessionId\":\"4294970228\",\"day\":\"Saturday 05\\/04\\/25\",\"time\":\"05:00\",\"group\":\"G1, G2, G3, G4, G5\",\"location\":\"Mayfield\",\"stime\":\"05:50\",\"etime\":\"07:50\",\"coach\":\"N\\/A\"},{\"sessionId\":\"4294970229\",\"day\":\"Sunday 06\\/04\\/25\",\"time\":\"05:00\",\"group\":\"G1, G2, G3, G4, G5, G6, G8A\",\"location\":\"Mayfield\",\"stime\":\"05:30\",\"etime\":\"08:00\",\"coach\":\"N\\/A\"},{\"sessionId\":\"4294970230\",\"day\":\"Saturday 05\\/04\\/25\",\"time\":\"06:00\",\"group\":\"G6, G7, G8, G9-A\",\"location\":\"Mayfield - Pilates\\/Gym\",\"stime\":\"07:00\",\"etime\":\"07:50\",\"coach\":\"N\\/A\"},{\"sessionId\":\"4294970231\",\"day\":\"Sunday 06\\/04\\/25\",\"time\":\"06:00\",\"group\":\"G7, G8, G9, J1-B\",\"location\":\"Brookfield UCC\",\"stime\":\"06:00\",\"etime\":\"08:00\",\"coach\":\"N\\/A\"},{\"sessionId\":\"4294970232\",\"day\":\"Saturday 05\\/04\\/25\",\"time\":\"07:00\",\"group\":\"G6, G7, G8, G9-A\",\"location\":\"Mayfield \",\"stime\":\"08:00\",\"etime\":\"09:50\",\"coach\":\"N\\/A\"},{\"sessionId\":\"4294970233\",\"day\":\"Sunday 06\\/04\\/25\",\"time\":\"07:00\",\"group\":\"G12\",\"location\":\"Mayfield\",\"stime\":\"05:30\",\"etime\":\"08:00\",\"coach\":\"N\\/A\"},{\"sessionId\":\"4294970234\",\"day\":\"Saturday 05\\/04\\/25\",\"time\":\"08:00\",\"group\":\"G1, G2, G3, G4, G5\",\"location\":\"Mayfield - Pilates\\/Gym\",\"stime\":\"08:10\",\"etime\":\"09:10\",\"coach\":\"N\\/A\"},{\"sessionId\":\"4294970235\",\"day\":\"Sunday 06\\/04\\/25\",\"time\":\"08:00\",\"group\":\"J2, J3\",\"location\":\"Mayfield\",\"stime\":\"08:00\",\"etime\":\"09:50\",\"coach\":\"N\\/A\"},{\"sessionId\":\"4294970236\",\"day\":\"Sunday 06\\/04\\/25\",\"time\":\"12:00\",\"group\":\"LTS-C\",\"location\":\"Mayfield\",\"stime\":\"12:40\",\"etime\":\"13:15\",\"coach\":\"N\\/A\"},{\"sessionId\":\"4294970237\",\"day\":\"Sunday 06\\/04\\/25\",\"time\":\"13:00\",\"group\":\"LTS-D\",\"location\":\"Mayfield\",\"stime\":\"13:25\",\"etime\":\"14:00\",\"coach\":\"N\\/A\"},{\"sessionId\":\"4294970238\",\"day\":\"Saturday 05\\/04\\/25\",\"time\":\"14:00\",\"group\":\"LTS-A\",\"location\":\"Mayfield\",\"stime\":\"14:30\",\"etime\":\"15:05\",\"coach\":\"N\\/A\"},{\"sessionId\":\"4294970239\",\"day\":\"Saturday 05\\/04\\/25\",\"time\":\"15:00\",\"group\":\"LTS-B\",\"location\":\"Mayfield\",\"stime\":\"15:15\",\"etime\":\"15:50\",\"coach\":\"N\\/A\"},{\"sessionId\":\"4294970240\",\"day\":\"Sunday 06\\/04\\/25\",\"time\":\"15:00\",\"group\":\"J4\",\"location\":\"Mayfield\",\"stime\":\"15:50\",\"etime\":\"17:30\",\"coach\":\"N\\/A\"},{\"sessionId\":\"4294970241\",\"day\":\"Saturday 05\\/04\\/25\",\"time\":\"16:00\",\"group\":\"G5, G6, G7-A, G8, G9\",\"location\":\"Mayfield\",\"stime\":\"16:40\",\"etime\":\"18:50\",\"coach\":\"N\\/A\"},{\"sessionId\":\"4294970251\",\"day\":\"Monday 31\\/03\\/25\",\"time\":\"17:00\",\"group\":\"G1\",\"location\":\"Mayfield - Pilates\",\"stime\":\"16:40\",\"etime\":\"17:30\",\"coach\":\"N\\/A\"},{\"sessionId\":\"4294970242\",\"day\":\"Friday 04\\/04\\/25\",\"time\":\"17:00\",\"group\":\"J1, J2\",\"location\":\"Mayfield\",\"stime\":\"17:40\",\"etime\":\"19:30\",\"coach\":\"N\\/A\"},{\"sessionId\":\"4294970243\",\"day\":\"Saturday 05\\/04\\/25\",\"time\":\"17:00\",\"group\":\"J1, J2, J3, J4\",\"location\":\"Mayfield - Gym\",\"stime\":\"17:40\",\"etime\":\"18:40\",\"coach\":\"N\\/A\"},{\"sessionId\":\"4294970244\",\"day\":\"Sunday 06\\/04\\/25\",\"time\":\"17:00\",\"group\":\"L5\",\"location\":\"Mayfield\",\"stime\":\"17:30\",\"etime\":\"18:20\",\"coach\":\"N\\/A\"},{\"sessionId\":\"4294970252\",\"day\":\"Monday 31\\/03\\/25\",\"time\":\"18:00\",\"group\":\"G1\",\"location\":\"Mayfield\",\"stime\":\"17:40\",\"etime\":\"19:00\",\"coach\":\"N\\/A\"},{\"sessionId\":\"4294970245\",\"day\":\"Thursday 03\\/04\\/25\",\"time\":\"18:00\",\"group\":\"G1, G2, G3, G4, G5\",\"location\":\"Mayfield\",\"stime\":\"17:40\",\"etime\":\"20:00\",\"coach\":\"N\\/A\"},{\"sessionId\":\"4294970246\",\"day\":\"Friday 04\\/04\\/25\",\"time\":\"18:00\",\"group\":\"G7, G8\",\"location\":\"Brookfield UCC\",\"stime\":\"16:50\",\"etime\":\"19:00\",\"coach\":\"N\\/A\"},{\"sessionId\":\"4294970247\",\"day\":\"Saturday 05\\/04\\/25\",\"time\":\"18:00\",\"group\":\"J1, J2, J3\",\"location\":\"Mayfield \",\"stime\":\"18:50\",\"etime\":\"20:40\",\"coach\":\"N\\/A\"},{\"sessionId\":\"4294970248\",\"day\":\"Monday 31\\/03\\/25\",\"time\":\"19:00\",\"group\":\"G7, G8, G9\",\"location\":\"LW Churchfield\",\"stime\":\"19:00\",\"etime\":\"20:30\",\"coach\":\"N\\/A\"},{\"sessionId\":\"4294970249\",\"day\":\"Tuesday 01\\/04\\/25\",\"time\":\"19:00\",\"group\":\"J1, J2\",\"location\":\"Mayfield\",\"stime\":\"18:40\",\"etime\":\"20:30\",\"coach\":\"N\\/A\"},{\"sessionId\":\"4294970250\",\"day\":\"Thursday 03\\/04\\/25\",\"time\":\"19:00\",\"group\":\"G6, G7, G8, G9, J1-A\",\"location\":\"LW Bishopstown\",\"stime\":\"18:00\",\"etime\":\"20:00\",\"coach\":\"N\\/A\"},{\"sessionId\":\"4294970253\",\"day\":\"Friday 04\\/04\\/25\",\"time\":\"19:00\",\"group\":\"J4\",\"location\":\"Mayfield\",\"stime\":\"17:40\",\"etime\":\"19:30\",\"coach\":\"N\\/A\"},{\"sessionId\":\"4294970254\",\"day\":\"Friday 04\\/04\\/25\",\"time\":\"20:00\",\"group\":\"L5\",\"location\":\"Mayfield\",\"stime\":\"19:30\",\"etime\":\"20:30\",\"coach\":\"N\\/A\"}]','dolphinsc','2025-04-02 21:00:01'),
(42,7,'apr-wk3','[{\"sessionId\":\"4294970355\",\"day\":\"Monday 14\\/04\\/25\",\"time\":\"05:00\",\"group\":\"G1, G2, G3, G4, G5, G6\",\"location\":\"Mayfield\",\"stime\":\"05:25\",\"etime\":\"07:30\",\"coach\":\"N\\/A\"},{\"sessionId\":\"4294970356\",\"day\":\"Tuesday 15\\/04\\/25\",\"time\":\"05:00\",\"group\":\"G1, G2, G3, G4, G5, G6, G7\",\"location\":\"Mayfield\",\"stime\":\"05:25\",\"etime\":\"07:30\",\"coach\":\"N\\/A\"},{\"sessionId\":\"4294970357\",\"day\":\"Wednesday 16\\/04\\/25\",\"time\":\"05:00\",\"group\":\"G1, G2, G3, G4, G5, G6, G8-A\",\"location\":\"Mayfield\",\"stime\":\"05:25\",\"etime\":\"07:30\",\"coach\":\"N\\/A\"},{\"sessionId\":\"4294970358\",\"day\":\"Thursday 17\\/04\\/25\",\"time\":\"05:00\",\"group\":\"G1, G2, G3, G4, G5, G6, G8\",\"location\":\"Mayfield\",\"stime\":\"05:25\",\"etime\":\"07:30\",\"coach\":\"N\\/A\"},{\"sessionId\":\"4294970359\",\"day\":\"Friday 18\\/04\\/25\",\"time\":\"05:00\",\"group\":\"G1, G2, G4, G5\",\"location\":\"Mayfield\",\"stime\":\"05:25\",\"etime\":\"07:30\",\"coach\":\"N\\/A\"},{\"sessionId\":\"4294970362\",\"day\":\"Saturday 19\\/04\\/25\",\"time\":\"06:00\",\"group\":\"G1,G2,G3,G4,G5,G6,G7,G8\",\"location\":\"Mayfield - Pilates\\/Gym\",\"stime\":\"07:00\",\"etime\":\"07:50\",\"coach\":\"N\\/A\"},{\"sessionId\":\"4294970364\",\"day\":\"Saturday 19\\/04\\/25\",\"time\":\"07:00\",\"group\":\"G1,G2,G3,G4,G5,G6,G7,G8\",\"location\":\"Mayfield \",\"stime\":\"08:00\",\"etime\":\"09:50\",\"coach\":\"N\\/A\"},{\"sessionId\":\"4294970370\",\"day\":\"Saturday 19\\/04\\/25\",\"time\":\"14:00\",\"group\":\"LTS-A\",\"location\":\"Mayfield\",\"stime\":\"14:30\",\"etime\":\"15:05\",\"coach\":\"N\\/A\"},{\"sessionId\":\"4294970371\",\"day\":\"Saturday 19\\/04\\/25\",\"time\":\"15:00\",\"group\":\"LTS-B\",\"location\":\"Mayfield\",\"stime\":\"15:15\",\"etime\":\"15:50\",\"coach\":\"N\\/A\"},{\"sessionId\":\"4294970373\",\"day\":\"Saturday 19\\/04\\/25\",\"time\":\"16:00\",\"group\":\"G5, G6, G7, G8, G9\",\"location\":\"Mayfield\",\"stime\":\"16:40\",\"etime\":\"18:50\",\"coach\":\"N\\/A\"},{\"sessionId\":\"4294970375\",\"day\":\"Friday 18\\/04\\/25\",\"time\":\"17:00\",\"group\":\"J1, J2\",\"location\":\"Mayfield\",\"stime\":\"17:40\",\"etime\":\"19:30\",\"coach\":\"N\\/A\"},{\"sessionId\":\"4294970376\",\"day\":\"Saturday 19\\/04\\/25\",\"time\":\"17:00\",\"group\":\"J1, J2, J3, J4\",\"location\":\"Mayfield - Gym\",\"stime\":\"17:40\",\"etime\":\"18:40\",\"coach\":\"N\\/A\"},{\"sessionId\":\"4294970379\",\"day\":\"Thursday 17\\/04\\/25\",\"time\":\"18:00\",\"group\":\"G1, G2, G3, G4, G5\",\"location\":\"Mayfield\",\"stime\":\"17:30\",\"etime\":\"20:00\",\"coach\":\"N\\/A\"},{\"sessionId\":\"4294970380\",\"day\":\"Friday 18\\/04\\/25\",\"time\":\"18:00\",\"group\":\"G6,G7, G8\",\"location\":\"Brookfield UCC\",\"stime\":\"16:50\",\"etime\":\"19:00\",\"coach\":\"N\\/A\"},{\"sessionId\":\"4294970381\",\"day\":\"Saturday 19\\/04\\/25\",\"time\":\"18:00\",\"group\":\"J1, J2, J3\",\"location\":\"Mayfield \",\"stime\":\"18:50\",\"etime\":\"20:40\",\"coach\":\"N\\/A\"},{\"sessionId\":\"4294970382\",\"day\":\"Monday 14\\/04\\/25\",\"time\":\"19:00\",\"group\":\"G7, G8, G9\",\"location\":\"LW Churchfield\",\"stime\":\"19:00\",\"etime\":\"20:30\",\"coach\":\"N\\/A\"},{\"sessionId\":\"4294970383\",\"day\":\"Tuesday 15\\/04\\/25\",\"time\":\"19:00\",\"group\":\"J1, J2, J3\",\"location\":\"Mayfield\",\"stime\":\"18:40\",\"etime\":\"20:30\",\"coach\":\"N\\/A\"},{\"sessionId\":\"4294970384\",\"day\":\"Thursday 17\\/04\\/25\",\"time\":\"19:00\",\"group\":\"G6, G7, G8, G9, J1-A\",\"location\":\"LW Bishopstown\",\"stime\":\"18:00\",\"etime\":\"20:00\",\"coach\":\"N\\/A\"},{\"sessionId\":\"4294970385\",\"day\":\"Friday 18\\/04\\/25\",\"time\":\"19:00\",\"group\":\"J4\",\"location\":\"Mayfield\",\"stime\":\"19:30\",\"etime\":\"20:40\",\"coach\":\"N\\/A\"}]','dolphinsc','2025-04-10 10:17:29'),
(43,7,'Apr-21st-2025','[{\"sessionId\":\"4294970406\",\"day\":\"Monday 21\\/04\\/25\",\"time\":\"05:00\",\"group\":\"G1, G2, G3, G4\",\"location\":\"Mayfield\",\"stime\":\"05:25\",\"etime\":\"07:30\",\"coach\":\"N\\/A\"},{\"sessionId\":\"4294970407\",\"day\":\"Tuesday 22\\/04\\/25\",\"time\":\"05:00\",\"group\":\"G1, G2, G3, G6\",\"location\":\"Mayfield\",\"stime\":\"05:25\",\"etime\":\"07:30\",\"coach\":\"N\\/A\"},{\"sessionId\":\"4294970408\",\"day\":\"Wednesday 23\\/04\\/25\",\"time\":\"05:00\",\"group\":\"G1, G5, G6, G8-A\",\"location\":\"Mayfield\",\"stime\":\"05:25\",\"etime\":\"07:30\",\"coach\":\"N\\/A\"},{\"sessionId\":\"4294970409\",\"day\":\"Thursday 24\\/04\\/25\",\"time\":\"05:00\",\"group\":\"G1, G2, G3, G4\",\"location\":\"Mayfield\",\"stime\":\"05:25\",\"etime\":\"07:30\",\"coach\":\"N\\/A\"},{\"sessionId\":\"4294970410\",\"day\":\"Friday 25\\/04\\/25\",\"time\":\"05:00\",\"group\":\"G1, G2, G4, G5\",\"location\":\"Mayfield\",\"stime\":\"05:25\",\"etime\":\"07:30\",\"coach\":\"N\\/A\"},{\"sessionId\":\"4294970411\",\"day\":\"Saturday 26\\/04\\/25\",\"time\":\"05:00\",\"group\":\"G1, G2, G3, G4\",\"location\":\"Mayfield\",\"stime\":\"05:30\",\"etime\":\"08:00\",\"coach\":\"N\\/A\"},{\"sessionId\":\"4294970412\",\"day\":\"Sunday 27\\/04\\/25\",\"time\":\"05:00\",\"group\":\"G1, G2, G3, G4, G5, G6, G8-A\",\"location\":\"Mayfield\",\"stime\":\"05:30\",\"etime\":\"08:00\",\"coach\":\"N\\/A\"},{\"sessionId\":\"4294970413\",\"day\":\"Saturday 26\\/04\\/25\",\"time\":\"06:00\",\"group\":\"G6, G7, G8, G9-A\",\"location\":\"Mayfield - Pilates\\/Gym\",\"stime\":\"07:00\",\"etime\":\"07:50\",\"coach\":\"N\\/A\"},{\"sessionId\":\"4294970414\",\"day\":\"Sunday 27\\/04\\/25\",\"time\":\"06:00\",\"group\":\"G7, G8, G9, J1\",\"location\":\"Brookfield UCC\",\"stime\":\"05:50\",\"etime\":\"08:00\",\"coach\":\"N\\/A\"},{\"sessionId\":\"4294970415\",\"day\":\"Saturday 26\\/04\\/25\",\"time\":\"07:00\",\"group\":\"G6, G7, G8, G9-A\",\"location\":\"Mayfield \",\"stime\":\"08:00\",\"etime\":\"09:50\",\"coach\":\"N\\/A\"},{\"sessionId\":\"4294970416\",\"day\":\"Sunday 27\\/04\\/25\",\"time\":\"07:00\",\"group\":\"G12\",\"location\":\"Mayfield\",\"stime\":\"08:00\",\"etime\":\"08:00\",\"coach\":\"N\\/A\"},{\"sessionId\":\"4294970417\",\"day\":\"Saturday 26\\/04\\/25\",\"time\":\"08:00\",\"group\":\"G1, G2, G3, G4, G5\",\"location\":\"Mayfield - Pilates\\/Gym\",\"stime\":\"08:20\",\"etime\":\"09:20\",\"coach\":\"N\\/A\"},{\"sessionId\":\"4294970418\",\"day\":\"Sunday 27\\/04\\/25\",\"time\":\"08:00\",\"group\":\"J2, J3\",\"location\":\"Mayfield\",\"stime\":\"08:00\",\"etime\":\"09:50\",\"coach\":\"N\\/A\"},{\"sessionId\":\"4294970419\",\"day\":\"Sunday 27\\/04\\/25\",\"time\":\"12:00\",\"group\":\"LTS-C\",\"location\":\"Mayfield\",\"stime\":\"12:40\",\"etime\":\"13:15\",\"coach\":\"N\\/A\"},{\"sessionId\":\"4294970420\",\"day\":\"Sunday 27\\/04\\/25\",\"time\":\"13:00\",\"group\":\"LTS-D\",\"location\":\"Mayfield\",\"stime\":\"13:25\",\"etime\":\"14:00\",\"coach\":\"N\\/A\"},{\"sessionId\":\"4294970421\",\"day\":\"Saturday 26\\/04\\/25\",\"time\":\"14:00\",\"group\":\"LTS-A\",\"location\":\"Mayfield\",\"stime\":\"14:30\",\"etime\":\"15:05\",\"coach\":\"N\\/A\"},{\"sessionId\":\"4294970422\",\"day\":\"Saturday 26\\/04\\/25\",\"time\":\"15:00\",\"group\":\"LTS-B\",\"location\":\"Mayfield\",\"stime\":\"15:15\",\"etime\":\"15:50\",\"coach\":\"N\\/A\"},{\"sessionId\":\"4294970423\",\"day\":\"Sunday 27\\/04\\/25\",\"time\":\"15:00\",\"group\":\"J4\",\"location\":\"Mayfield\",\"stime\":\"15:50\",\"etime\":\"17:30\",\"coach\":\"N\\/A\"},{\"sessionId\":\"4294970424\",\"day\":\"Saturday 26\\/04\\/25\",\"time\":\"16:00\",\"group\":\"G5, G6, G7-A, G8, G9\",\"location\":\"Mayfield\",\"stime\":\"16:40\",\"etime\":\"18:50\",\"coach\":\"N\\/A\"},{\"sessionId\":\"4294970426\",\"day\":\"Friday 25\\/04\\/25\",\"time\":\"17:00\",\"group\":\"J1, J2\",\"location\":\"Mayfield\",\"stime\":\"17:40\",\"etime\":\"19:30\",\"coach\":\"N\\/A\"},{\"sessionId\":\"4294970427\",\"day\":\"Saturday 26\\/04\\/25\",\"time\":\"17:00\",\"group\":\"J1, J2, J3, J4\",\"location\":\"Mayfield - Gym\",\"stime\":\"17:40\",\"etime\":\"18:40\",\"coach\":\"N\\/A\"},{\"sessionId\":\"4294970428\",\"day\":\"Sunday 27\\/04\\/25\",\"time\":\"17:00\",\"group\":\"L5\",\"location\":\"Mayfield\",\"stime\":\"17:30\",\"etime\":\"18:20\",\"coach\":\"N\\/A\"},{\"sessionId\":\"4294970438\",\"day\":\"Monday 21\\/04\\/25\",\"time\":\"18:00\",\"group\":\"G1, G2, G3, G4, G5\",\"location\":\"NRG\",\"stime\":\"18:15\",\"etime\":\"19:00\",\"coach\":\"N\\/A\"},{\"sessionId\":\"4294970439\",\"day\":\"Wednesday 23\\/04\\/25\",\"time\":\"18:00\",\"group\":\"G6, G7, G8, G9\",\"location\":\"NRG\",\"stime\":\"18:15\",\"etime\":\"19:00\",\"coach\":\"N\\/A\"},{\"sessionId\":\"4294970430\",\"day\":\"Thursday 24\\/04\\/25\",\"time\":\"18:00\",\"group\":\"G1, G2, G3, G4, G5\",\"location\":\"Mayfield\",\"stime\":\"17:30\",\"etime\":\"20:00\",\"coach\":\"N\\/A\"},{\"sessionId\":\"4294970431\",\"day\":\"Friday 25\\/04\\/25\",\"time\":\"18:00\",\"group\":\"G6, G7, G8\",\"location\":\"Brookfield UCC\",\"stime\":\"16:50\",\"etime\":\"19:00\",\"coach\":\"N\\/A\"},{\"sessionId\":\"4294970432\",\"day\":\"Saturday 26\\/04\\/25\",\"time\":\"18:00\",\"group\":\"J1, J2, J3\",\"location\":\"Mayfield \",\"stime\":\"18:50\",\"etime\":\"20:40\",\"coach\":\"N\\/A\"},{\"sessionId\":\"4294970433\",\"day\":\"Monday 21\\/04\\/25\",\"time\":\"19:00\",\"group\":\"G7, G8, G9\",\"location\":\"LW Churchfield\",\"stime\":\"19:00\",\"etime\":\"20:30\",\"coach\":\"N\\/A\"},{\"sessionId\":\"4294970434\",\"day\":\"Tuesday 22\\/04\\/25\",\"time\":\"19:00\",\"group\":\"J1, J2, J3\",\"location\":\"Mayfield\",\"stime\":\"18:40\",\"etime\":\"20:30\",\"coach\":\"N\\/A\"},{\"sessionId\":\"4294970435\",\"day\":\"Thursday 24\\/04\\/25\",\"time\":\"19:00\",\"group\":\"G6, G7, G8, G9, J1-A\",\"location\":\"LW Bishopstown\",\"stime\":\"18:00\",\"etime\":\"20:00\",\"coach\":\"N\\/A\"},{\"sessionId\":\"4294970436\",\"day\":\"Friday 25\\/04\\/25\",\"time\":\"19:00\",\"group\":\"J4\",\"location\":\"Mayfield\",\"stime\":\"19:30\",\"etime\":\"20:40\",\"coach\":\"N\\/A\"}]','dolphinsc','2025-04-10 10:35:59'),
(45,7,'AprB-2025','[{\"sessionId\":\"4294970455\",\"day\":\"Monday 28\\/04\\/25\",\"time\":\"05:00\",\"group\":\"G1, G2, G3, G4\",\"location\":\"Mayfield\",\"stime\":\"05:25\",\"etime\":\"07:30\",\"coach\":\"N\\/A\"},{\"sessionId\":\"4294970456\",\"day\":\"Tuesday 29\\/04\\/25\",\"time\":\"05:00\",\"group\":\"G1, G2, G3, G6\",\"location\":\"Mayfield\",\"stime\":\"05:25\",\"etime\":\"07:30\",\"coach\":\"N\\/A\"},{\"sessionId\":\"4294970457\",\"day\":\"Wednesday 30\\/04\\/25\",\"time\":\"05:00\",\"group\":\"G1, G5, G6, G8-A\",\"location\":\"Mayfield\",\"stime\":\"05:25\",\"etime\":\"07:30\",\"coach\":\"N\\/A\"},{\"sessionId\":\"4294970458\",\"day\":\"Thursday 01\\/05\\/25\",\"time\":\"05:00\",\"group\":\"G1, G2, G3, G4\",\"location\":\"Mayfield\",\"stime\":\"05:25\",\"etime\":\"07:30\",\"coach\":\"N\\/A\"},{\"sessionId\":\"4294970459\",\"day\":\"Friday 02\\/05\\/25\",\"time\":\"05:00\",\"group\":\"G1, G2, G4, G5\",\"location\":\"Mayfield\",\"stime\":\"05:25\",\"etime\":\"07:30\",\"coach\":\"N\\/A\"},{\"sessionId\":\"4294970460\",\"day\":\"Saturday 03\\/05\\/25\",\"time\":\"05:00\",\"group\":\"G1, G2, G3, G4\",\"location\":\"Mayfield\",\"stime\":\"05:30\",\"etime\":\"08:00\",\"coach\":\"N\\/A\"},{\"sessionId\":\"4294970461\",\"day\":\"Sunday 04\\/05\\/25\",\"time\":\"05:00\",\"group\":\"G1, G2, G3, G4, G5, G6, G8-A\",\"location\":\"Mayfield\",\"stime\":\"05:30\",\"etime\":\"08:00\",\"coach\":\"N\\/A\"},{\"sessionId\":\"4294970462\",\"day\":\"Saturday 03\\/05\\/25\",\"time\":\"06:00\",\"group\":\"G5, G6, G7, G8, G9-A\",\"location\":\"Mayfield - Pilates\\/Gym\",\"stime\":\"07:00\",\"etime\":\"07:50\",\"coach\":\"N\\/A\"},{\"sessionId\":\"4294970463\",\"day\":\"Sunday 04\\/05\\/25\",\"time\":\"06:00\",\"group\":\"G7, G8, G9, J1\",\"location\":\"Brookfield UCC\",\"stime\":\"05:50\",\"etime\":\"08:00\",\"coach\":\"N\\/A\"},{\"sessionId\":\"4294970464\",\"day\":\"Saturday 03\\/05\\/25\",\"time\":\"07:00\",\"group\":\"G5, G6, G7, G8, G9-A\",\"location\":\"Mayfield \",\"stime\":\"08:00\",\"etime\":\"09:50\",\"coach\":\"N\\/A\"},{\"sessionId\":\"4294970465\",\"day\":\"Sunday 04\\/05\\/25\",\"time\":\"07:00\",\"group\":\"G12\",\"location\":\"Mayfield\",\"stime\":\"08:00\",\"etime\":\"09:00\",\"coach\":\"N\\/A\"},{\"sessionId\":\"4294970466\",\"day\":\"Saturday 03\\/05\\/25\",\"time\":\"08:00\",\"group\":\"G1, G2, G3, G4\",\"location\":\"Mayfield - Pilates\\/Gym\",\"stime\":\"08:20\",\"etime\":\"09:20\",\"coach\":\"N\\/A\"},{\"sessionId\":\"4294970467\",\"day\":\"Sunday 04\\/05\\/25\",\"time\":\"08:00\",\"group\":\"J2, J3\",\"location\":\"Mayfield\",\"stime\":\"08:00\",\"etime\":\"09:50\",\"coach\":\"N\\/A\"},{\"sessionId\":\"4294970468\",\"day\":\"Sunday 04\\/05\\/25\",\"time\":\"12:00\",\"group\":\"LTS-C\",\"location\":\"Mayfield\",\"stime\":\"12:40\",\"etime\":\"13:15\",\"coach\":\"N\\/A\"},{\"sessionId\":\"4294970469\",\"day\":\"Sunday 04\\/05\\/25\",\"time\":\"13:00\",\"group\":\"LTS-D\",\"location\":\"Mayfield\",\"stime\":\"13:25\",\"etime\":\"14:00\",\"coach\":\"N\\/A\"},{\"sessionId\":\"4294970470\",\"day\":\"Saturday 03\\/05\\/25\",\"time\":\"14:00\",\"group\":\"LTS-A\",\"location\":\"Mayfield\",\"stime\":\"14:30\",\"etime\":\"15:05\",\"coach\":\"N\\/A\"},{\"sessionId\":\"4294970471\",\"day\":\"Saturday 03\\/05\\/25\",\"time\":\"15:00\",\"group\":\"LTS-B\",\"location\":\"Mayfield\",\"stime\":\"15:15\",\"etime\":\"15:50\",\"coach\":\"N\\/A\"},{\"sessionId\":\"4294970472\",\"day\":\"Sunday 04\\/05\\/25\",\"time\":\"15:00\",\"group\":\"J4\",\"location\":\"Mayfield\",\"stime\":\"15:50\",\"etime\":\"17:30\",\"coach\":\"N\\/A\"},{\"sessionId\":\"4294970473\",\"day\":\"Saturday 03\\/05\\/25\",\"time\":\"16:00\",\"group\":\"G5, G6, G7-A, G8, G9\",\"location\":\"Mayfield\",\"stime\":\"16:40\",\"etime\":\"18:50\",\"coach\":\"N\\/A\"},{\"sessionId\":\"4294970474\",\"day\":\"Friday 02\\/05\\/25\",\"time\":\"17:00\",\"group\":\"J1, J2\",\"location\":\"Mayfield\",\"stime\":\"17:40\",\"etime\":\"19:30\",\"coach\":\"N\\/A\"},{\"sessionId\":\"4294970475\",\"day\":\"Saturday 03\\/05\\/25\",\"time\":\"17:00\",\"group\":\"J1, J2, J3, J4\",\"location\":\"Mayfield - Gym\",\"stime\":\"17:40\",\"etime\":\"18:40\",\"coach\":\"N\\/A\"},{\"sessionId\":\"4294970476\",\"day\":\"Sunday 04\\/05\\/25\",\"time\":\"17:00\",\"group\":\"L5\",\"location\":\"Mayfield\",\"stime\":\"17:30\",\"etime\":\"18:20\",\"coach\":\"N\\/A\"},{\"sessionId\":\"4294970477\",\"day\":\"Monday 28\\/04\\/25\",\"time\":\"18:00\",\"group\":\"G1, G2, G3, G4, G5\",\"location\":\"NRG\",\"stime\":\"18:15\",\"etime\":\"19:00\",\"coach\":\"N\\/A\"},{\"sessionId\":\"4294970478\",\"day\":\"Wednesday 30\\/04\\/25\",\"time\":\"18:00\",\"group\":\"G6, G7, G8, G9\",\"location\":\"NRG\",\"stime\":\"18:15\",\"etime\":\"19:00\",\"coach\":\"N\\/A\"},{\"sessionId\":\"4294970479\",\"day\":\"Thursday 01\\/05\\/25\",\"time\":\"18:00\",\"group\":\"G1, G2, G3, G4, G5\",\"location\":\"Mayfield\",\"stime\":\"17:30\",\"etime\":\"20:00\",\"coach\":\"N\\/A\"},{\"sessionId\":\"4294970480\",\"day\":\"Friday 02\\/05\\/25\",\"time\":\"18:00\",\"group\":\"G6, G7, G8\",\"location\":\"Brookfield UCC\",\"stime\":\"16:50\",\"etime\":\"19:00\",\"coach\":\"N\\/A\"},{\"sessionId\":\"4294970481\",\"day\":\"Saturday 03\\/05\\/25\",\"time\":\"18:00\",\"group\":\"J1, J2, J3\",\"location\":\"Mayfield \",\"stime\":\"18:50\",\"etime\":\"20:40\",\"coach\":\"N\\/A\"},{\"sessionId\":\"4294970482\",\"day\":\"Monday 28\\/04\\/25\",\"time\":\"19:00\",\"group\":\"G7, G8, G9\",\"location\":\"LW Churchfield\",\"stime\":\"19:00\",\"etime\":\"20:30\",\"coach\":\"N\\/A\"},{\"sessionId\":\"4294970483\",\"day\":\"Tuesday 29\\/04\\/25\",\"time\":\"19:00\",\"group\":\"J1, J2, J3\",\"location\":\"Mayfield\",\"stime\":\"18:40\",\"etime\":\"20:30\",\"coach\":\"N\\/A\"},{\"sessionId\":\"4294970484\",\"day\":\"Thursday 01\\/05\\/25\",\"time\":\"19:00\",\"group\":\"G6, G7, G8, G9, J1-A\",\"location\":\"LW Bishopstown\",\"stime\":\"18:00\",\"etime\":\"20:00\",\"coach\":\"N\\/A\"},{\"sessionId\":\"4294970485\",\"day\":\"Friday 02\\/05\\/25\",\"time\":\"19:00\",\"group\":\"J4\",\"location\":\"Mayfield\",\"stime\":\"19:30\",\"etime\":\"20:40\",\"coach\":\"N\\/A\"}]','dolphinsc','2025-04-13 15:55:30'),
(46,7,'AprC-2025','[{\"sessionId\":\"4294970455\",\"day\":\"Monday 28\\/04\\/25\",\"time\":\"05:00\",\"group\":\"G1, G2, G3, G4\",\"location\":\"Mayfield\",\"stime\":\"05:25\",\"etime\":\"07:30\",\"coach\":\"N\\/A\"},{\"sessionId\":\"4294970456\",\"day\":\"Tuesday 29\\/04\\/25\",\"time\":\"05:00\",\"group\":\"G1, G2, G3, G6\",\"location\":\"Mayfield\",\"stime\":\"05:25\",\"etime\":\"07:30\",\"coach\":\"N\\/A\"},{\"sessionId\":\"4294970457\",\"day\":\"Wednesday 30\\/04\\/25\",\"time\":\"05:00\",\"group\":\"G1, G5, G6, G8-A\",\"location\":\"Mayfield\",\"stime\":\"05:25\",\"etime\":\"07:30\",\"coach\":\"N\\/A\"},{\"sessionId\":\"4294970458\",\"day\":\"Thursday 01\\/05\\/25\",\"time\":\"05:00\",\"group\":\"G1, G2, G3, G4\",\"location\":\"Mayfield\",\"stime\":\"05:25\",\"etime\":\"07:30\",\"coach\":\"N\\/A\"},{\"sessionId\":\"4294970459\",\"day\":\"Friday 02\\/05\\/25\",\"time\":\"05:00\",\"group\":\"G1, G2, G4, G5\",\"location\":\"Mayfield\",\"stime\":\"05:25\",\"etime\":\"07:30\",\"coach\":\"N\\/A\"},{\"sessionId\":\"4294970460\",\"day\":\"Saturday 03\\/05\\/25\",\"time\":\"05:00\",\"group\":\"G1, G2, G3, G4\",\"location\":\"Mayfield\",\"stime\":\"05:30\",\"etime\":\"08:00\",\"coach\":\"N\\/A\"},{\"sessionId\":\"4294970461\",\"day\":\"Sunday 04\\/05\\/25\",\"time\":\"05:00\",\"group\":\"G1, G2, G3, G4, G5, G6, G8-A\",\"location\":\"Mayfield\",\"stime\":\"05:30\",\"etime\":\"08:00\",\"coach\":\"N\\/A\"},{\"sessionId\":\"4294970462\",\"day\":\"Saturday 03\\/05\\/25\",\"time\":\"06:00\",\"group\":\"G5, G6, G7, G8, G9-A\",\"location\":\"Mayfield - Pilates\\/Gym\",\"stime\":\"07:00\",\"etime\":\"07:50\",\"coach\":\"N\\/A\"},{\"sessionId\":\"4294970463\",\"day\":\"Sunday 04\\/05\\/25\",\"time\":\"06:00\",\"group\":\"G7, G8, G9, J1\",\"location\":\"Brookfield UCC\",\"stime\":\"05:50\",\"etime\":\"08:00\",\"coach\":\"N\\/A\"},{\"sessionId\":\"4294970464\",\"day\":\"Saturday 03\\/05\\/25\",\"time\":\"07:00\",\"group\":\"G5, G6, G7, G8, G9-A\",\"location\":\"Mayfield \",\"stime\":\"08:00\",\"etime\":\"09:50\",\"coach\":\"N\\/A\"},{\"sessionId\":\"4294970465\",\"day\":\"Sunday 04\\/05\\/25\",\"time\":\"07:00\",\"group\":\"G12\",\"location\":\"Mayfield\",\"stime\":\"08:00\",\"etime\":\"09:00\",\"coach\":\"N\\/A\"},{\"sessionId\":\"4294970466\",\"day\":\"Saturday 03\\/05\\/25\",\"time\":\"08:00\",\"group\":\"G1, G2, G3, G4\",\"location\":\"Mayfield - Pilates\\/Gym\",\"stime\":\"08:20\",\"etime\":\"09:20\",\"coach\":\"N\\/A\"},{\"sessionId\":\"4294970467\",\"day\":\"Sunday 04\\/05\\/25\",\"time\":\"08:00\",\"group\":\"J2, J3\",\"location\":\"Mayfield\",\"stime\":\"08:00\",\"etime\":\"09:50\",\"coach\":\"N\\/A\"},{\"sessionId\":\"4294970468\",\"day\":\"Sunday 04\\/05\\/25\",\"time\":\"12:00\",\"group\":\"LTS-C\",\"location\":\"Mayfield\",\"stime\":\"12:40\",\"etime\":\"13:15\",\"coach\":\"N\\/A\"},{\"sessionId\":\"4294970469\",\"day\":\"Sunday 04\\/05\\/25\",\"time\":\"13:00\",\"group\":\"LTS-D\",\"location\":\"Mayfield\",\"stime\":\"13:25\",\"etime\":\"14:00\",\"coach\":\"N\\/A\"},{\"sessionId\":\"4294970470\",\"day\":\"Saturday 03\\/05\\/25\",\"time\":\"14:00\",\"group\":\"LTS-A\",\"location\":\"Mayfield\",\"stime\":\"14:30\",\"etime\":\"15:05\",\"coach\":\"N\\/A\"},{\"sessionId\":\"4294970471\",\"day\":\"Saturday 03\\/05\\/25\",\"time\":\"15:00\",\"group\":\"LTS-B\",\"location\":\"Mayfield\",\"stime\":\"15:15\",\"etime\":\"15:50\",\"coach\":\"N\\/A\"},{\"sessionId\":\"4294970472\",\"day\":\"Sunday 04\\/05\\/25\",\"time\":\"15:00\",\"group\":\"J4\",\"location\":\"Mayfield\",\"stime\":\"15:50\",\"etime\":\"17:30\",\"coach\":\"N\\/A\"},{\"sessionId\":\"4294970473\",\"day\":\"Saturday 03\\/05\\/25\",\"time\":\"16:00\",\"group\":\"G5, G6, G7-A, G8, G9\",\"location\":\"Mayfield\",\"stime\":\"16:40\",\"etime\":\"18:50\",\"coach\":\"N\\/A\"},{\"sessionId\":\"4294970474\",\"day\":\"Friday 02\\/05\\/25\",\"time\":\"17:00\",\"group\":\"J1, J2\",\"location\":\"Mayfield\",\"stime\":\"17:40\",\"etime\":\"19:30\",\"coach\":\"N\\/A\"},{\"sessionId\":\"4294970475\",\"day\":\"Saturday 03\\/05\\/25\",\"time\":\"17:00\",\"group\":\"J1, J2, J3, J4\",\"location\":\"Mayfield - Gym\",\"stime\":\"17:40\",\"etime\":\"18:40\",\"coach\":\"N\\/A\"},{\"sessionId\":\"4294970476\",\"day\":\"Sunday 04\\/05\\/25\",\"time\":\"17:00\",\"group\":\"L5\",\"location\":\"Mayfield\",\"stime\":\"17:30\",\"etime\":\"18:20\",\"coach\":\"N\\/A\"},{\"sessionId\":\"4294970495\",\"day\":\"Tuesday 29\\/04\\/25\",\"time\":\"18:00\",\"group\":\"G1, G2, G3, G4, G5\",\"location\":\"NRG\",\"stime\":\"18:30\",\"etime\":\"19:30\",\"coach\":\"N\\/A\"},{\"sessionId\":\"4294970478\",\"day\":\"Wednesday 30\\/04\\/25\",\"time\":\"18:00\",\"group\":\"G6, G7, G8, G9\",\"location\":\"NRG\",\"stime\":\"18:15\",\"etime\":\"19:00\",\"coach\":\"N\\/A\"},{\"sessionId\":\"4294970479\",\"day\":\"Thursday 01\\/05\\/25\",\"time\":\"18:00\",\"group\":\"G1, G2, G3, G4, G5\",\"location\":\"Mayfield\",\"stime\":\"17:30\",\"etime\":\"20:00\",\"coach\":\"N\\/A\"},{\"sessionId\":\"4294970480\",\"day\":\"Friday 02\\/05\\/25\",\"time\":\"18:00\",\"group\":\"G6, G7, G8\",\"location\":\"Brookfield UCC\",\"stime\":\"16:50\",\"etime\":\"19:00\",\"coach\":\"N\\/A\"},{\"sessionId\":\"4294970481\",\"day\":\"Saturday 03\\/05\\/25\",\"time\":\"18:00\",\"group\":\"J1, J2, J3\",\"location\":\"Mayfield \",\"stime\":\"18:50\",\"etime\":\"20:40\",\"coach\":\"N\\/A\"},{\"sessionId\":\"4294970482\",\"day\":\"Monday 28\\/04\\/25\",\"time\":\"19:00\",\"group\":\"G7, G8, G9\",\"location\":\"LW Churchfield\",\"stime\":\"19:00\",\"etime\":\"20:30\",\"coach\":\"N\\/A\"},{\"sessionId\":\"4294970483\",\"day\":\"Tuesday 29\\/04\\/25\",\"time\":\"19:00\",\"group\":\"J1, J2, J3\",\"location\":\"Mayfield\",\"stime\":\"18:40\",\"etime\":\"20:30\",\"coach\":\"N\\/A\"},{\"sessionId\":\"4294970484\",\"day\":\"Thursday 01\\/05\\/25\",\"time\":\"19:00\",\"group\":\"G6, G7, G8, G9, J1-A\",\"location\":\"LW Bishopstown\",\"stime\":\"18:00\",\"etime\":\"20:00\",\"coach\":\"N\\/A\"},{\"sessionId\":\"4294970485\",\"day\":\"Friday 02\\/05\\/25\",\"time\":\"19:00\",\"group\":\"J4\",\"location\":\"Mayfield\",\"stime\":\"19:30\",\"etime\":\"20:40\",\"coach\":\"N\\/A\"}]','dolphinsc','2025-04-24 13:14:24'),
(49,24,'test1','[{\"sessionId\":\"1756930697846\",\"day\":\"Tuesday 02\\/09\\/25\",\"time\":\"05:00\",\"group\":\"G1, G2, G3, G4, G5\",\"location\":\"\",\"stime\":\"05:00\",\"etime\":\"06:00\",\"coach\":\"0\",\"otherActivity\":0},{\"sessionId\":\"1756933339260\",\"day\":\"Wednesday 03\\/09\\/25\",\"time\":\"05:00\",\"group\":\"J1, J2, J3, J4\",\"location\":\"\",\"stime\":\"05:00\",\"etime\":\"06:00\",\"coach\":\"0\",\"otherActivity\":0},{\"sessionId\":\"1756930706166\",\"day\":\"Thursday 04\\/09\\/25\",\"time\":\"05:00\",\"group\":\"G6, G7, G8, G9\",\"location\":\"\",\"stime\":\"05:00\",\"etime\":\"06:00\",\"coach\":\"0\",\"otherActivity\":0}]','test','2025-09-07 17:43:54'),
(50,7,'Sep2025','[{\"sessionId\":\"1756151629944\",\"day\":\"Monday 01\\/09\\/25\",\"time\":\"05:00\",\"group\":\"G1, G2, G3, G5\",\"location\":\"Mayfield\",\"stime\":\"05:25\",\"etime\":\"07:30\",\"coach\":\"N\\/A\",\"otherActivity\":0},{\"sessionId\":\"1756151629945\",\"day\":\"Tuesday 02\\/09\\/25\",\"time\":\"05:00\",\"group\":\"G1, G2, G6\",\"location\":\"Mayfield\",\"stime\":\"05:25\",\"etime\":\"07:30\",\"coach\":\"N\\/A\",\"otherActivity\":0},{\"sessionId\":\"1756151629946\",\"day\":\"Wednesday 03\\/09\\/25\",\"time\":\"05:00\",\"group\":\"G1, G3, G7-A\",\"location\":\"Mayfield\",\"stime\":\"05:25\",\"etime\":\"07:30\",\"coach\":\"N\\/A\",\"otherActivity\":0},{\"sessionId\":\"1756151629947\",\"day\":\"Thursday 04\\/09\\/25\",\"time\":\"05:00\",\"group\":\"G1, G2, G3-A, G4, G6-A\",\"location\":\"Mayfield\",\"stime\":\"05:25\",\"etime\":\"07:30\",\"coach\":\"N\\/A\",\"otherActivity\":0},{\"sessionId\":\"1756151629948\",\"day\":\"Friday 05\\/09\\/25\",\"time\":\"05:00\",\"group\":\"G1, G2, G3-B, G5, G6-B\",\"location\":\"Mayfield\",\"stime\":\"05:25\",\"etime\":\"07:30\",\"coach\":\"N\\/A\",\"otherActivity\":0},{\"sessionId\":\"1756151629949\",\"day\":\"Saturday 06\\/09\\/25\",\"time\":\"05:00\",\"group\":\"G1, G2, G3\",\"location\":\"Mayfield\",\"stime\":\"05:30\",\"etime\":\"07:50\",\"coach\":\"N\\/A\",\"otherActivity\":0},{\"sessionId\":\"1756151629950\",\"day\":\"Sunday 07\\/09\\/25\",\"time\":\"05:00\",\"group\":\"G3, G4, G5, G6\",\"location\":\"Mayfield\",\"stime\":\"05:30\",\"etime\":\"08:00\",\"coach\":\"N\\/A\",\"otherActivity\":0},{\"sessionId\":\"1756151629951\",\"day\":\"Saturday 06\\/09\\/25\",\"time\":\"06:00\",\"group\":\"G4, G5, G6, G7\",\"location\":\"Mayfield - Pilates\\/Gym\",\"stime\":\"06:40\",\"etime\":\"07:40\",\"coach\":\"N\\/A\",\"otherActivity\":0},{\"sessionId\":\"1756151629952\",\"day\":\"Sunday 07\\/09\\/25\",\"time\":\"06:00\",\"group\":\"G7, G8, G9\",\"location\":\"Brookfield UCC\",\"stime\":\"05:50\",\"etime\":\"08:00\",\"coach\":\"N\\/A\",\"otherActivity\":0},{\"sessionId\":\"1756151629953\",\"day\":\"Saturday 06\\/09\\/25\",\"time\":\"07:00\",\"group\":\"G4, G5, G6, G7\",\"location\":\"Mayfield \",\"stime\":\"07:50\",\"etime\":\"09:50\",\"coach\":\"N\\/A\",\"otherActivity\":0},{\"sessionId\":\"1756151629954\",\"day\":\"Sunday 07\\/09\\/25\",\"time\":\"07:00\",\"group\":\"G12\",\"location\":\"Mayfield\",\"stime\":\"08:00\",\"etime\":\"09:00\",\"coach\":\"N\\/A\",\"otherActivity\":0},{\"sessionId\":\"1756151629955\",\"day\":\"Saturday 06\\/09\\/25\",\"time\":\"08:00\",\"group\":\"G1, G2, G3\",\"location\":\"Mayfield - Pilates\\/Gym\",\"stime\":\"08:00\",\"etime\":\"09:00\",\"coach\":\"N\\/A\",\"otherActivity\":0},{\"sessionId\":\"1756151629956\",\"day\":\"Sunday 07\\/09\\/25\",\"time\":\"08:00\",\"group\":\"J1, J3\",\"location\":\"Mayfield\",\"stime\":\"08:00\",\"etime\":\"09:50\",\"coach\":\"N\\/A\",\"otherActivity\":0},{\"sessionId\":\"1756151629961\",\"day\":\"Sunday 07\\/09\\/25\",\"time\":\"15:00\",\"group\":\"J4\",\"location\":\"Mayfield\",\"stime\":\"15:50\",\"etime\":\"17:30\",\"coach\":\"N\\/A\",\"otherActivity\":0},{\"sessionId\":\"1756151629962\",\"day\":\"Saturday 06\\/09\\/25\",\"time\":\"16:00\",\"group\":\"G4, G5, G6, G7\",\"location\":\"Mayfield\",\"stime\":\"16:15\",\"etime\":\"17:50\",\"coach\":\"N\\/A\",\"otherActivity\":0},{\"sessionId\":\"1756151629964\",\"day\":\"Friday 05\\/09\\/25\",\"time\":\"17:00\",\"group\":\"J1, J2\",\"location\":\"Mayfield\",\"stime\":\"17:40\",\"etime\":\"19:20\",\"coach\":\"N\\/A\",\"otherActivity\":0},{\"sessionId\":\"1756151629965\",\"day\":\"Saturday 06\\/09\\/25\",\"time\":\"17:00\",\"group\":\"G8, G9\",\"location\":\"Mayfield - Gym\",\"stime\":\"17:50\",\"etime\":\"19:20\",\"coach\":\"N\\/A\",\"otherActivity\":0},{\"sessionId\":\"1756151629966\",\"day\":\"Sunday 07\\/09\\/25\",\"time\":\"17:00\",\"group\":\"L5\",\"location\":\"Mayfield\",\"stime\":\"17:30\",\"etime\":\"18:20\",\"coach\":\"N\\/A\",\"otherActivity\":0},{\"sessionId\":\"1756151629968\",\"day\":\"Thursday 04\\/09\\/25\",\"time\":\"18:00\",\"group\":\"G1, G2, G3, G4, G5\",\"location\":\"Mayfield\",\"stime\":\"17:30\",\"etime\":\"20:00\",\"coach\":\"N\\/A\",\"otherActivity\":0},{\"sessionId\":\"1756151629969\",\"day\":\"Friday 05\\/09\\/25\",\"time\":\"18:00\",\"group\":\"G8, G9-A\",\"location\":\"Brookfield UCC\",\"stime\":\"16:50\",\"etime\":\"19:00\",\"coach\":\"N\\/A\",\"otherActivity\":0},{\"sessionId\":\"1756151629970\",\"day\":\"Saturday 06\\/09\\/25\",\"time\":\"18:00\",\"group\":\"J1, J2\",\"location\":\"Mayfield \",\"stime\":\"19:20\",\"etime\":\"21:00\",\"coach\":\"N\\/A\",\"otherActivity\":0},{\"sessionId\":\"1756151629971\",\"day\":\"Monday 01\\/09\\/25\",\"time\":\"19:00\",\"group\":\"G7, G8-A, G9\",\"location\":\"LW Churchfield\",\"stime\":\"19:00\",\"etime\":\"20:40\",\"coach\":\"N\\/A\",\"otherActivity\":0},{\"sessionId\":\"1756151629972\",\"day\":\"Tuesday 02\\/09\\/25\",\"time\":\"19:00\",\"group\":\"J1, J2\",\"location\":\"Mayfield\",\"stime\":\"18:45\",\"etime\":\"20:40\",\"coach\":\"N\\/A\",\"otherActivity\":0},{\"sessionId\":\"1756151629973\",\"day\":\"Thursday 04\\/09\\/25\",\"time\":\"19:00\",\"group\":\"G6, G7, G8-B, G9-A\",\"location\":\"LW Bishopstown\",\"stime\":\"18:00\",\"etime\":\"20:00\",\"coach\":\"N\\/A\",\"otherActivity\":0},{\"sessionId\":\"1756151629974\",\"day\":\"Friday 05\\/09\\/25\",\"time\":\"19:00\",\"group\":\"J3\",\"location\":\"Mayfield\",\"stime\":\"19:20\",\"etime\":\"20:40\",\"coach\":\"N\\/A\",\"otherActivity\":0}]','dolphinsc','2025-09-07 17:46:06'),
(51,24,'test2','[{\"sessionId\":\"1757265570849\",\"day\":\"Tuesday 09\\/09\\/25\",\"time\":\"05:00\",\"group\":\"G1, G2, G3, G4, G5\",\"location\":\"\",\"stime\":\"05:00\",\"etime\":\"06:00\",\"coach\":\"N\\/A\",\"otherActivity\":0},{\"sessionId\":\"1757265570850\",\"day\":\"Wednesday 10\\/09\\/25\",\"time\":\"05:00\",\"group\":\"J1, J2, J3, J4\",\"location\":\"\",\"stime\":\"05:00\",\"etime\":\"06:00\",\"coach\":\"N\\/A\",\"otherActivity\":0},{\"sessionId\":\"1757265570851\",\"day\":\"Thursday 11\\/09\\/25\",\"time\":\"05:00\",\"group\":\"G6, G7, G8, G9\",\"location\":\"\",\"stime\":\"05:00\",\"etime\":\"06:00\",\"coach\":\"N\\/A\",\"otherActivity\":0},{\"sessionId\":\"1757774852245\",\"day\":\"Wednesday 10\\/09\\/25\",\"time\":\"09:00\",\"group\":\"\",\"location\":\"\",\"stime\":\"09:00\",\"etime\":\"10:00\",\"coach\":\"0\",\"otherActivity\":0}]','test','2025-09-15 17:17:18'),
(52,24,'test3','[{\"sessionId\":\"1757774852246\",\"day\":\"Tuesday 16\\/09\\/25\",\"time\":\"05:00\",\"group\":\"G1, G2, G3, G4, G5\",\"location\":\"\",\"stime\":\"05:00\",\"etime\":\"06:00\",\"coach\":\"N\\/a\",\"otherActivity\":0},{\"sessionId\":\"1757774852247\",\"day\":\"Wednesday 17\\/09\\/25\",\"time\":\"05:00\",\"group\":\"J1, J2, J3, J4\",\"location\":\"\",\"stime\":\"05:00\",\"etime\":\"06:00\",\"coach\":\"N\\/a\",\"otherActivity\":0},{\"sessionId\":\"1757774852248\",\"day\":\"Thursday 18\\/09\\/25\",\"time\":\"05:00\",\"group\":\"G6, G7, G8, G9\",\"location\":\"\",\"stime\":\"05:00\",\"etime\":\"06:00\",\"coach\":\"N\\/a\",\"otherActivity\":0},{\"sessionId\":\"1757774852249\",\"day\":\"Wednesday 17\\/09\\/25\",\"time\":\"09:00\",\"group\":\"\",\"location\":\"\",\"stime\":\"09:00\",\"etime\":\"10:00\",\"coach\":\"N\\/a\",\"otherActivity\":0}]','test','2025-09-15 17:18:54'),
(53,7,'SepB-2025','[{\"sessionId\":\"1757270334856\",\"day\":\"Monday 22\\/09\\/25\",\"time\":\"05:00\",\"group\":\"G1, G2, G3, G5\",\"location\":\"Mayfield\",\"stime\":\"05:25\",\"etime\":\"07:30\",\"coach\":\"N\\/A\",\"otherActivity\":0},{\"sessionId\":\"1757270334857\",\"day\":\"Tuesday 23\\/09\\/25\",\"time\":\"05:00\",\"group\":\"G1, G2, G6\",\"location\":\"Mayfield\",\"stime\":\"05:25\",\"etime\":\"07:30\",\"coach\":\"N\\/A\",\"otherActivity\":0},{\"sessionId\":\"1757270334858\",\"day\":\"Wednesday 24\\/09\\/25\",\"time\":\"05:00\",\"group\":\"G1, G3, G7-A\",\"location\":\"Mayfield\",\"stime\":\"05:25\",\"etime\":\"07:30\",\"coach\":\"N\\/A\",\"otherActivity\":0},{\"sessionId\":\"1757270334859\",\"day\":\"Thursday 25\\/09\\/25\",\"time\":\"05:00\",\"group\":\"G1, G2, G3-A, G4, G6-A\",\"location\":\"Mayfield\",\"stime\":\"05:25\",\"etime\":\"07:30\",\"coach\":\"N\\/A\",\"otherActivity\":0},{\"sessionId\":\"1757270334860\",\"day\":\"Friday 26\\/09\\/25\",\"time\":\"05:00\",\"group\":\"G1, G2, G3-B, G5, G6-B\",\"location\":\"Mayfield\",\"stime\":\"05:25\",\"etime\":\"07:30\",\"coach\":\"N\\/A\",\"otherActivity\":0},{\"sessionId\":\"1757270334861\",\"day\":\"Saturday 27\\/09\\/25\",\"time\":\"05:00\",\"group\":\"G1, G2, G3\",\"location\":\"Mayfield\",\"stime\":\"05:30\",\"etime\":\"07:50\",\"coach\":\"N\\/A\",\"otherActivity\":0},{\"sessionId\":\"1757270334862\",\"day\":\"Sunday 28\\/09\\/25\",\"time\":\"05:00\",\"group\":\"G3, G4, G5, G6\",\"location\":\"Mayfield\",\"stime\":\"05:30\",\"etime\":\"08:00\",\"coach\":\"N\\/A\",\"otherActivity\":0},{\"sessionId\":\"1757270334863\",\"day\":\"Saturday 27\\/09\\/25\",\"time\":\"06:00\",\"group\":\"G4, G5, G6, G7\",\"location\":\"Mayfield - Pilates\\/Gym\",\"stime\":\"06:50\",\"etime\":\"07:50\",\"coach\":\"N\\/A\",\"otherActivity\":0},{\"sessionId\":\"1757270334864\",\"day\":\"Sunday 28\\/09\\/25\",\"time\":\"06:00\",\"group\":\"G7, G8, G9\",\"location\":\"Brookfield UCC\",\"stime\":\"05:50\",\"etime\":\"08:00\",\"coach\":\"N\\/A\",\"otherActivity\":0},{\"sessionId\":\"1757270334865\",\"day\":\"Saturday 27\\/09\\/25\",\"time\":\"07:00\",\"group\":\"G4, G5, G6, G7\",\"location\":\"Mayfield \",\"stime\":\"08:00\",\"etime\":\"09:50\",\"coach\":\"N\\/A\",\"otherActivity\":0},{\"sessionId\":\"1757270334866\",\"day\":\"Sunday 28\\/09\\/25\",\"time\":\"07:00\",\"group\":\"G12\",\"location\":\"Mayfield\",\"stime\":\"08:00\",\"etime\":\"09:00\",\"coach\":\"N\\/A\",\"otherActivity\":0},{\"sessionId\":\"1757270334867\",\"day\":\"Saturday 27\\/09\\/25\",\"time\":\"08:00\",\"group\":\"G1, G2, G3\",\"location\":\"Mayfield - Pilates\\/Gym\",\"stime\":\"08:15\",\"etime\":\"09:15\",\"coach\":\"N\\/A\",\"otherActivity\":0},{\"sessionId\":\"1757270334868\",\"day\":\"Sunday 28\\/09\\/25\",\"time\":\"08:00\",\"group\":\"J1, J3\",\"location\":\"Mayfield\",\"stime\":\"08:00\",\"etime\":\"09:50\",\"coach\":\"N\\/A\",\"otherActivity\":0},{\"sessionId\":\"1757276236670\",\"day\":\"Sunday 28\\/09\\/25\",\"time\":\"12:00\",\"group\":\"LTS-C\",\"location\":\"Mayfield\",\"stime\":\"12:40\",\"etime\":\"13:15\",\"coach\":\"N\\/a\",\"otherActivity\":0},{\"sessionId\":\"1757276259935\",\"day\":\"Sunday 28\\/09\\/25\",\"time\":\"13:00\",\"group\":\"LTS-D\",\"location\":\"Mayfield\",\"stime\":\"13:25\",\"etime\":\"14:00\",\"coach\":\"N\\/a\",\"otherActivity\":0},{\"sessionId\":\"1757276178416\",\"day\":\"Saturday 27\\/09\\/25\",\"time\":\"14:00\",\"group\":\"LTS-A\",\"location\":\"Mayfield\",\"stime\":\"14:30\",\"etime\":\"15:05\",\"coach\":\"N\\/a\",\"otherActivity\":0},{\"sessionId\":\"1757276204015\",\"day\":\"Saturday 27\\/09\\/25\",\"time\":\"15:00\",\"group\":\"LTS-B\",\"location\":\"Mayfield\",\"stime\":\"15:15\",\"etime\":\"15:50\",\"coach\":\"N\\/a\",\"otherActivity\":0},{\"sessionId\":\"1757270334869\",\"day\":\"Sunday 28\\/09\\/25\",\"time\":\"15:00\",\"group\":\"J4\",\"location\":\"Mayfield\",\"stime\":\"15:00\",\"etime\":\"16:50\",\"coach\":\"N\\/A\",\"otherActivity\":0},{\"sessionId\":\"1757270334870\",\"day\":\"Saturday 27\\/09\\/25\",\"time\":\"16:00\",\"group\":\"G4, G5, G6, G7\",\"location\":\"Mayfield\",\"stime\":\"15:50\",\"etime\":\"17:50\",\"coach\":\"N\\/A\",\"otherActivity\":0},{\"sessionId\":\"1757270334871\",\"day\":\"Friday 26\\/09\\/25\",\"time\":\"17:00\",\"group\":\"J1, J2\",\"location\":\"Mayfield\",\"stime\":\"17:40\",\"etime\":\"19:20\",\"coach\":\"N\\/A\",\"otherActivity\":0},{\"sessionId\":\"1757270334872\",\"day\":\"Saturday 27\\/09\\/25\",\"time\":\"17:00\",\"group\":\"G8, G9\",\"location\":\"Mayfield - Gym\",\"stime\":\"17:50\",\"etime\":\"19:20\",\"coach\":\"N\\/A\",\"otherActivity\":0},{\"sessionId\":\"1757270334873\",\"day\":\"Sunday 28\\/09\\/25\",\"time\":\"17:00\",\"group\":\"L5\",\"location\":\"Mayfield\",\"stime\":\"16:50\",\"etime\":\"17:40\",\"coach\":\"N\\/A\",\"otherActivity\":0},{\"sessionId\":\"1757276358006\",\"day\":\"Tuesday 23\\/09\\/25\",\"time\":\"18:00\",\"group\":\"G1, G2, G3, G4, G5\",\"location\":\"NRG\",\"stime\":\"18:00\",\"etime\":\"18:45\",\"coach\":\"N\\/a\",\"otherActivity\":0},{\"sessionId\":\"1757276370838\",\"day\":\"Wednesday 24\\/09\\/25\",\"time\":\"18:00\",\"group\":\"G6, G7, G8, G9\",\"location\":\"NRG\",\"stime\":\"18:00\",\"etime\":\"18:45\",\"coach\":\"N\\/a\",\"otherActivity\":0},{\"sessionId\":\"1757270334874\",\"day\":\"Thursday 25\\/09\\/25\",\"time\":\"18:00\",\"group\":\"G1, G2, G3, G4, G5\",\"location\":\"Mayfield\",\"stime\":\"17:30\",\"etime\":\"20:00\",\"coach\":\"N\\/A\",\"otherActivity\":0},{\"sessionId\":\"1757270334875\",\"day\":\"Friday 26\\/09\\/25\",\"time\":\"18:00\",\"group\":\"G7-B, G8, G9-A\",\"location\":\"Brookfield UCC\",\"stime\":\"16:50\",\"etime\":\"19:00\",\"coach\":\"N\\/A\",\"otherActivity\":0},{\"sessionId\":\"1757270334876\",\"day\":\"Saturday 27\\/09\\/25\",\"time\":\"18:00\",\"group\":\"J1, J2\",\"location\":\"Mayfield \",\"stime\":\"19:20\",\"etime\":\"21:00\",\"coach\":\"N\\/A\",\"otherActivity\":0},{\"sessionId\":\"1757270334877\",\"day\":\"Monday 22\\/09\\/25\",\"time\":\"19:00\",\"group\":\"G7, G8-A, G9\",\"location\":\"LW Churchfield\",\"stime\":\"19:00\",\"etime\":\"20:40\",\"coach\":\"N\\/A\",\"otherActivity\":0},{\"sessionId\":\"1757270334878\",\"day\":\"Tuesday 23\\/09\\/25\",\"time\":\"19:00\",\"group\":\"J1, J2\",\"location\":\"Mayfield\",\"stime\":\"18:45\",\"etime\":\"20:40\",\"coach\":\"N\\/A\",\"otherActivity\":0},{\"sessionId\":\"1757270334879\",\"day\":\"Thursday 25\\/09\\/25\",\"time\":\"19:00\",\"group\":\"G6, G7, G8, G9-A\",\"location\":\"LW Bishopstown\",\"stime\":\"18:00\",\"etime\":\"20:00\",\"coach\":\"N\\/A\",\"otherActivity\":0},{\"sessionId\":\"1757270334880\",\"day\":\"Friday 26\\/09\\/25\",\"time\":\"19:00\",\"group\":\"J3\",\"location\":\"Mayfield\",\"stime\":\"19:20\",\"etime\":\"20:40\",\"coach\":\"N\\/A\",\"otherActivity\":0}]','dolphinsc','2025-09-25 14:28:37'),
(54,24,'MainTest','[{\"sessionId\":\"1758980745731\",\"day\":\"Tuesday 23\\/09\\/25\",\"time\":\"06:00\",\"group\":\"group1, group3, grroup2, group4, group5\",\"location\":\"\",\"stime\":\"06:00\",\"etime\":\"07:00\",\"coach\":\"0\",\"otherActivity\":0},{\"sessionId\":\"1758980747939\",\"day\":\"Thursday 25\\/09\\/25\",\"time\":\"06:00\",\"group\":\"group2, group4\",\"location\":\"\",\"stime\":\"06:00\",\"etime\":\"07:00\",\"coach\":\"0\",\"otherActivity\":0},{\"sessionId\":\"1758980754316\",\"day\":\"Saturday 27\\/09\\/25\",\"time\":\"06:00\",\"group\":\"group5, group1, group3\",\"location\":\"\",\"stime\":\"06:00\",\"etime\":\"07:00\",\"coach\":\"0\",\"otherActivity\":0},{\"sessionId\":\"1758980766309\",\"day\":\"Monday 22\\/09\\/25\",\"time\":\"11:00\",\"group\":\"group1\",\"location\":\"\",\"stime\":\"11:00\",\"etime\":\"12:00\",\"coach\":\"0\",\"otherActivity\":0},{\"sessionId\":\"1758980750005\",\"day\":\"Wednesday 24\\/09\\/25\",\"time\":\"11:00\",\"group\":\"group2\",\"location\":\"\",\"stime\":\"11:00\",\"etime\":\"12:00\",\"coach\":\"0\",\"otherActivity\":0},{\"sessionId\":\"1758980757475\",\"day\":\"Thursday 25\\/09\\/25\",\"time\":\"11:00\",\"group\":\"group3\",\"location\":\"\",\"stime\":\"11:00\",\"etime\":\"12:00\",\"coach\":\"0\",\"otherActivity\":0},{\"sessionId\":\"1758980768335\",\"day\":\"Saturday 27\\/09\\/25\",\"time\":\"11:00\",\"group\":\"group4\",\"location\":\"\",\"stime\":\"11:00\",\"etime\":\"12:00\",\"coach\":\"0\",\"otherActivity\":0},{\"sessionId\":\"1758980902576\",\"day\":\"Sunday 28\\/09\\/25\",\"time\":\"11:00\",\"group\":\"\",\"location\":\"\",\"stime\":\"11:00\",\"etime\":\"12:00\",\"coach\":\"0\",\"otherActivity\":0}]','test','2025-10-15 14:09:31'),
(55,24,'test4','[{\"sessionId\":\"1758980924680\",\"day\":\"Tuesday 21\\/10\\/25\",\"time\":\"06:00\",\"group\":\"group1, group3, grroup2, group4, group5\",\"location\":\"\",\"stime\":\"06:00\",\"etime\":\"07:00\",\"coach\":\"N\\/a\",\"otherActivity\":0},{\"sessionId\":\"1760984453019\",\"day\":\"Wednesday 22\\/10\\/25\",\"time\":\"06:00\",\"group\":\"group1\",\"location\":\"test\",\"stime\":\"06:00\",\"etime\":\"07:00\",\"coach\":\"Test\",\"otherActivity\":0},{\"sessionId\":\"1758980924681\",\"day\":\"Thursday 23\\/10\\/25\",\"time\":\"06:00\",\"group\":\"group2, group4\",\"location\":\"\",\"stime\":\"06:00\",\"etime\":\"07:00\",\"coach\":\"N\\/a\",\"otherActivity\":0},{\"sessionId\":\"1758980924682\",\"day\":\"Saturday 25\\/10\\/25\",\"time\":\"06:00\",\"group\":\"group5, group1, group3\",\"location\":\"\",\"stime\":\"06:00\",\"etime\":\"07:00\",\"coach\":\"N\\/a\",\"otherActivity\":0},{\"sessionId\":\"1758980924683\",\"day\":\"Monday 20\\/10\\/25\",\"time\":\"11:00\",\"group\":\"group1\",\"location\":\"\",\"stime\":\"11:00\",\"etime\":\"12:00\",\"coach\":\"N\\/a\",\"otherActivity\":0},{\"sessionId\":\"1758980924684\",\"day\":\"Wednesday 22\\/10\\/25\",\"time\":\"11:00\",\"group\":\"group2\",\"location\":\"\",\"stime\":\"11:00\",\"etime\":\"12:00\",\"coach\":\"N\\/a\",\"otherActivity\":0},{\"sessionId\":\"1758980924685\",\"day\":\"Thursday 23\\/10\\/25\",\"time\":\"11:00\",\"group\":\"group3\",\"location\":\"\",\"stime\":\"11:00\",\"etime\":\"12:00\",\"coach\":\"N\\/a\",\"otherActivity\":0},{\"sessionId\":\"1758980924686\",\"day\":\"Saturday 25\\/10\\/25\",\"time\":\"11:00\",\"group\":\"group4\",\"location\":\"\",\"stime\":\"11:00\",\"etime\":\"12:00\",\"coach\":\"N\\/a\",\"otherActivity\":0},{\"sessionId\":\"1758980924687\",\"day\":\"Sunday 26\\/10\\/25\",\"time\":\"11:00\",\"group\":\"\",\"location\":\"\",\"stime\":\"11:00\",\"etime\":\"12:00\",\"coach\":\"N\\/a\",\"otherActivity\":0}]','test','2025-10-20 18:21:35'),
(56,7,'Oct2025','[{\"sessionId\":\"1760984453060\",\"day\":\"Monday 03\\/11\\/25\",\"time\":\"05:00\",\"group\":\"G1, G2, G3, G5\",\"location\":\"Mayfield\",\"stime\":\"05:25\",\"etime\":\"07:30\",\"coach\":\"N\\/a\",\"otherActivity\":0},{\"sessionId\":\"1760984453061\",\"day\":\"Tuesday 04\\/11\\/25\",\"time\":\"05:00\",\"group\":\"G1, G2, G6\",\"location\":\"Mayfield\",\"stime\":\"05:25\",\"etime\":\"07:30\",\"coach\":\"N\\/a\",\"otherActivity\":0},{\"sessionId\":\"1760984453062\",\"day\":\"Wednesday 05\\/11\\/25\",\"time\":\"05:00\",\"group\":\"G1, G3, G7-A\",\"location\":\"Mayfield\",\"stime\":\"05:25\",\"etime\":\"07:30\",\"coach\":\"N\\/a\",\"otherActivity\":0},{\"sessionId\":\"1760984453063\",\"day\":\"Thursday 06\\/11\\/25\",\"time\":\"05:00\",\"group\":\"G1, G2, G3-A, G4, G6-A\",\"location\":\"Mayfield\",\"stime\":\"05:25\",\"etime\":\"07:30\",\"coach\":\"N\\/a\",\"otherActivity\":0},{\"sessionId\":\"1760984453064\",\"day\":\"Friday 07\\/11\\/25\",\"time\":\"05:00\",\"group\":\"G1, G2, G3-B, G5, G6-B\",\"location\":\"Mayfield\",\"stime\":\"05:25\",\"etime\":\"07:30\",\"coach\":\"N\\/a\",\"otherActivity\":0},{\"sessionId\":\"1760984453065\",\"day\":\"Saturday 08\\/11\\/25\",\"time\":\"05:00\",\"group\":\"G1, G2, G3\",\"location\":\"Mayfield\",\"stime\":\"05:30\",\"etime\":\"07:50\",\"coach\":\"N\\/a\",\"otherActivity\":0},{\"sessionId\":\"1760984453066\",\"day\":\"Sunday 09\\/11\\/25\",\"time\":\"05:00\",\"group\":\"G3, G4, G5, G6\",\"location\":\"Mayfield\",\"stime\":\"05:30\",\"etime\":\"08:00\",\"coach\":\"N\\/a\",\"otherActivity\":0},{\"sessionId\":\"1760984453067\",\"day\":\"Saturday 08\\/11\\/25\",\"time\":\"06:00\",\"group\":\"G4, G5, G6, G7\",\"location\":\"Mayfield - Pilates\\/Gym\",\"stime\":\"06:50\",\"etime\":\"07:50\",\"coach\":\"N\\/a\",\"otherActivity\":0},{\"sessionId\":\"1760984453068\",\"day\":\"Sunday 09\\/11\\/25\",\"time\":\"06:00\",\"group\":\"G7, G8, G9, J1\",\"location\":\"Brookfield UCC\",\"stime\":\"05:50\",\"etime\":\"08:00\",\"coach\":\"N\\/a\",\"otherActivity\":0},{\"sessionId\":\"1760984453069\",\"day\":\"Saturday 08\\/11\\/25\",\"time\":\"07:00\",\"group\":\"G4, G5, G6, G7\",\"location\":\"Mayfield \",\"stime\":\"08:00\",\"etime\":\"09:50\",\"coach\":\"N\\/a\",\"otherActivity\":0},{\"sessionId\":\"1760984453070\",\"day\":\"Sunday 09\\/11\\/25\",\"time\":\"07:00\",\"group\":\"G12\",\"location\":\"Mayfield\",\"stime\":\"08:00\",\"etime\":\"09:00\",\"coach\":\"N\\/a\",\"otherActivity\":0},{\"sessionId\":\"1760984453071\",\"day\":\"Saturday 08\\/11\\/25\",\"time\":\"08:00\",\"group\":\"G1, G2, G3\",\"location\":\"Mayfield - Pilates\\/Gym\",\"stime\":\"08:15\",\"etime\":\"09:15\",\"coach\":\"N\\/a\",\"otherActivity\":0},{\"sessionId\":\"1760984453072\",\"day\":\"Sunday 09\\/11\\/25\",\"time\":\"08:00\",\"group\":\"J3\",\"location\":\"Mayfield\",\"stime\":\"08:00\",\"etime\":\"09:50\",\"coach\":\"N\\/a\",\"otherActivity\":0},{\"sessionId\":\"1760984453073\",\"day\":\"Sunday 09\\/11\\/25\",\"time\":\"12:00\",\"group\":\"LTS-C\",\"location\":\"Mayfield\",\"stime\":\"12:40\",\"etime\":\"13:15\",\"coach\":\"N\\/a\",\"otherActivity\":0},{\"sessionId\":\"1760984453074\",\"day\":\"Sunday 09\\/11\\/25\",\"time\":\"13:00\",\"group\":\"LTS-D\",\"location\":\"Mayfield\",\"stime\":\"13:25\",\"etime\":\"14:00\",\"coach\":\"N\\/a\",\"otherActivity\":0},{\"sessionId\":\"1760984453075\",\"day\":\"Saturday 08\\/11\\/25\",\"time\":\"14:00\",\"group\":\"LTS-A\",\"location\":\"Mayfield\",\"stime\":\"14:30\",\"etime\":\"15:05\",\"coach\":\"N\\/a\",\"otherActivity\":0},{\"sessionId\":\"1760984453076\",\"day\":\"Saturday 08\\/11\\/25\",\"time\":\"15:00\",\"group\":\"LTS-B\",\"location\":\"Mayfield\",\"stime\":\"15:15\",\"etime\":\"15:50\",\"coach\":\"N\\/a\",\"otherActivity\":0},{\"sessionId\":\"1760984453077\",\"day\":\"Sunday 09\\/11\\/25\",\"time\":\"15:00\",\"group\":\"J4\",\"location\":\"Mayfield\",\"stime\":\"15:00\",\"etime\":\"16:50\",\"coach\":\"N\\/a\",\"otherActivity\":0},{\"sessionId\":\"1760984453078\",\"day\":\"Saturday 08\\/11\\/25\",\"time\":\"16:00\",\"group\":\"G4, G5, G6, G7\",\"location\":\"Mayfield\",\"stime\":\"15:50\",\"etime\":\"17:50\",\"coach\":\"N\\/a\",\"otherActivity\":0},{\"sessionId\":\"1760984453079\",\"day\":\"Friday 07\\/11\\/25\",\"time\":\"17:00\",\"group\":\"J1, J2\",\"location\":\"Mayfield\",\"stime\":\"17:40\",\"etime\":\"19:20\",\"coach\":\"N\\/a\",\"otherActivity\":0},{\"sessionId\":\"1760984453080\",\"day\":\"Saturday 08\\/11\\/25\",\"time\":\"17:00\",\"group\":\"G8, G9\",\"location\":\"Mayfield - Gym\",\"stime\":\"17:50\",\"etime\":\"19:20\",\"coach\":\"N\\/a\",\"otherActivity\":0},{\"sessionId\":\"1760984453081\",\"day\":\"Sunday 09\\/11\\/25\",\"time\":\"17:00\",\"group\":\"L5\",\"location\":\"Mayfield\",\"stime\":\"16:50\",\"etime\":\"17:40\",\"coach\":\"N\\/a\",\"otherActivity\":0},{\"sessionId\":\"1760984453082\",\"day\":\"Tuesday 04\\/11\\/25\",\"time\":\"18:00\",\"group\":\"G1, G2, G3, G4, G5\",\"location\":\"NRG\",\"stime\":\"18:00\",\"etime\":\"18:45\",\"coach\":\"N\\/a\",\"otherActivity\":0},{\"sessionId\":\"1760984453083\",\"day\":\"Wednesday 05\\/11\\/25\",\"time\":\"18:00\",\"group\":\"G6, G7, G8, G9\",\"location\":\"NRG\",\"stime\":\"18:00\",\"etime\":\"18:45\",\"coach\":\"N\\/a\",\"otherActivity\":0},{\"sessionId\":\"1760984453084\",\"day\":\"Thursday 06\\/11\\/25\",\"time\":\"18:00\",\"group\":\"G1, G2, G3, G4, G5\",\"location\":\"Mayfield\",\"stime\":\"17:30\",\"etime\":\"20:00\",\"coach\":\"N\\/a\",\"otherActivity\":0},{\"sessionId\":\"1760984453085\",\"day\":\"Friday 07\\/11\\/25\",\"time\":\"18:00\",\"group\":\"G7-B, G8\",\"location\":\"Brookfield UCC\",\"stime\":\"16:50\",\"etime\":\"19:00\",\"coach\":\"N\\/a\",\"otherActivity\":0},{\"sessionId\":\"1760984453086\",\"day\":\"Saturday 08\\/11\\/25\",\"time\":\"18:00\",\"group\":\"J1, J2\",\"location\":\"Mayfield \",\"stime\":\"19:20\",\"etime\":\"21:00\",\"coach\":\"N\\/a\",\"otherActivity\":0},{\"sessionId\":\"1760984453087\",\"day\":\"Monday 03\\/11\\/25\",\"time\":\"19:00\",\"group\":\"G7, G8-A, G9\",\"location\":\"LW Churchfield\",\"stime\":\"19:00\",\"etime\":\"20:40\",\"coach\":\"N\\/a\",\"otherActivity\":0},{\"sessionId\":\"1760984453088\",\"day\":\"Tuesday 04\\/11\\/25\",\"time\":\"19:00\",\"group\":\"J1, J2\",\"location\":\"Mayfield\",\"stime\":\"18:45\",\"etime\":\"20:40\",\"coach\":\"N\\/a\",\"otherActivity\":0},{\"sessionId\":\"1760984453089\",\"day\":\"Thursday 06\\/11\\/25\",\"time\":\"19:00\",\"group\":\"G6, G7, G8, G9-A\",\"location\":\"LW Bishopstown\",\"stime\":\"18:00\",\"etime\":\"20:00\",\"coach\":\"N\\/a\",\"otherActivity\":0},{\"sessionId\":\"1760984453090\",\"day\":\"Friday 07\\/11\\/25\",\"time\":\"19:00\",\"group\":\"J3\",\"location\":\"Mayfield\",\"stime\":\"19:20\",\"etime\":\"20:40\",\"coach\":\"N\\/a\",\"otherActivity\":0}]','dolphinsc','2025-10-31 05:42:44'),
(57,7,'OctB2025','[{\"sessionId\":\"1761889658164\",\"day\":\"Monday 08\\/12\\/25\",\"time\":\"05:00\",\"group\":\"G1, G2, G3, G5\",\"location\":\"Mayfield\",\"stime\":\"05:25\",\"etime\":\"07:30\",\"coach\":\"N\\/a\",\"otherActivity\":0},{\"sessionId\":\"1761889658165\",\"day\":\"Tuesday 09\\/12\\/25\",\"time\":\"05:00\",\"group\":\"G1, G2, G6\",\"location\":\"Mayfield\",\"stime\":\"05:25\",\"etime\":\"07:30\",\"coach\":\"N\\/a\",\"otherActivity\":0},{\"sessionId\":\"1761889658166\",\"day\":\"Wednesday 10\\/12\\/25\",\"time\":\"05:00\",\"group\":\"G1, G3, G7-A\",\"location\":\"Mayfield\",\"stime\":\"05:25\",\"etime\":\"07:30\",\"coach\":\"N\\/a\",\"otherActivity\":0},{\"sessionId\":\"1761889658167\",\"day\":\"Thursday 11\\/12\\/25\",\"time\":\"05:00\",\"group\":\"G1, G2, G3-A, G4, G6-A\",\"location\":\"Mayfield\",\"stime\":\"05:25\",\"etime\":\"07:30\",\"coach\":\"N\\/a\",\"otherActivity\":0},{\"sessionId\":\"1761889658168\",\"day\":\"Friday 12\\/12\\/25\",\"time\":\"05:00\",\"group\":\"G1, G2, G3-B, G5, G6-B\",\"location\":\"Mayfield\",\"stime\":\"05:25\",\"etime\":\"07:30\",\"coach\":\"N\\/a\",\"otherActivity\":0},{\"sessionId\":\"1761889658169\",\"day\":\"Saturday 13\\/12\\/25\",\"time\":\"05:00\",\"group\":\"G1, G2, G3\",\"location\":\"Mayfield\",\"stime\":\"05:30\",\"etime\":\"07:50\",\"coach\":\"N\\/a\",\"otherActivity\":0},{\"sessionId\":\"1761889658170\",\"day\":\"Sunday 14\\/12\\/25\",\"time\":\"05:00\",\"group\":\"G3, G4, G5, G6\",\"location\":\"Mayfield\",\"stime\":\"05:30\",\"etime\":\"08:00\",\"coach\":\"N\\/a\",\"otherActivity\":0},{\"sessionId\":\"1761889658171\",\"day\":\"Saturday 13\\/12\\/25\",\"time\":\"06:00\",\"group\":\"G4, G5, G6, G7\",\"location\":\"Mayfield - Pilates\\/Gym\",\"stime\":\"06:50\",\"etime\":\"07:50\",\"coach\":\"N\\/a\",\"otherActivity\":0},{\"sessionId\":\"1761889658172\",\"day\":\"Sunday 14\\/12\\/25\",\"time\":\"06:00\",\"group\":\"G7, G8, G9, J1\",\"location\":\"Brookfield UCC\",\"stime\":\"05:50\",\"etime\":\"08:00\",\"coach\":\"N\\/a\",\"otherActivity\":0},{\"sessionId\":\"1761889658173\",\"day\":\"Saturday 13\\/12\\/25\",\"time\":\"07:00\",\"group\":\"G4, G5, G6, G7\",\"location\":\"Mayfield \",\"stime\":\"08:00\",\"etime\":\"09:50\",\"coach\":\"N\\/a\",\"otherActivity\":0},{\"sessionId\":\"1761889658174\",\"day\":\"Sunday 14\\/12\\/25\",\"time\":\"07:00\",\"group\":\"G12\",\"location\":\"Mayfield\",\"stime\":\"08:00\",\"etime\":\"09:00\",\"coach\":\"N\\/a\",\"otherActivity\":0},{\"sessionId\":\"1761889658175\",\"day\":\"Saturday 13\\/12\\/25\",\"time\":\"08:00\",\"group\":\"G1, G2, G3\",\"location\":\"Mayfield - Pilates\\/Gym\",\"stime\":\"08:15\",\"etime\":\"09:15\",\"coach\":\"N\\/a\",\"otherActivity\":0},{\"sessionId\":\"1761889658176\",\"day\":\"Sunday 14\\/12\\/25\",\"time\":\"08:00\",\"group\":\"J3, J2\",\"location\":\"Mayfield\",\"stime\":\"08:00\",\"etime\":\"09:50\",\"coach\":\"N\\/a\",\"otherActivity\":0},{\"sessionId\":\"1761889658177\",\"day\":\"Sunday 14\\/12\\/25\",\"time\":\"12:00\",\"group\":\"LTS-C\",\"location\":\"Mayfield\",\"stime\":\"12:40\",\"etime\":\"13:15\",\"coach\":\"N\\/a\",\"otherActivity\":0},{\"sessionId\":\"1761889658178\",\"day\":\"Sunday 14\\/12\\/25\",\"time\":\"13:00\",\"group\":\"LTS-D\",\"location\":\"Mayfield\",\"stime\":\"13:25\",\"etime\":\"14:00\",\"coach\":\"N\\/a\",\"otherActivity\":0},{\"sessionId\":\"1761889658179\",\"day\":\"Saturday 13\\/12\\/25\",\"time\":\"14:00\",\"group\":\"LTS-A\",\"location\":\"Mayfield\",\"stime\":\"14:30\",\"etime\":\"15:05\",\"coach\":\"N\\/a\",\"otherActivity\":0},{\"sessionId\":\"1761889658180\",\"day\":\"Saturday 13\\/12\\/25\",\"time\":\"15:00\",\"group\":\"LTS-B\",\"location\":\"Mayfield\",\"stime\":\"15:15\",\"etime\":\"15:50\",\"coach\":\"N\\/a\",\"otherActivity\":0},{\"sessionId\":\"1761889658181\",\"day\":\"Sunday 14\\/12\\/25\",\"time\":\"15:00\",\"group\":\"J4\",\"location\":\"Mayfield\",\"stime\":\"15:00\",\"etime\":\"16:50\",\"coach\":\"N\\/a\",\"otherActivity\":0},{\"sessionId\":\"1761889658182\",\"day\":\"Saturday 13\\/12\\/25\",\"time\":\"16:00\",\"group\":\"G4, G5, G6, G7\",\"location\":\"Mayfield\",\"stime\":\"15:50\",\"etime\":\"17:50\",\"coach\":\"N\\/a\",\"otherActivity\":0},{\"sessionId\":\"1761889658183\",\"day\":\"Friday 12\\/12\\/25\",\"time\":\"17:00\",\"group\":\"J1, J2\",\"location\":\"Mayfield\",\"stime\":\"17:40\",\"etime\":\"19:20\",\"coach\":\"N\\/a\",\"otherActivity\":0},{\"sessionId\":\"1761889658184\",\"day\":\"Saturday 13\\/12\\/25\",\"time\":\"17:00\",\"group\":\"G8, G9\",\"location\":\"Mayfield - Gym\",\"stime\":\"17:50\",\"etime\":\"19:20\",\"coach\":\"N\\/a\",\"otherActivity\":0},{\"sessionId\":\"1761889658185\",\"day\":\"Sunday 14\\/12\\/25\",\"time\":\"17:00\",\"group\":\"L5\",\"location\":\"Mayfield\",\"stime\":\"16:50\",\"etime\":\"17:40\",\"coach\":\"N\\/a\",\"otherActivity\":0},{\"sessionId\":\"1761889658186\",\"day\":\"Tuesday 09\\/12\\/25\",\"time\":\"18:00\",\"group\":\"G1, G2, G3, G4, G5\",\"location\":\"NRG\",\"stime\":\"18:00\",\"etime\":\"18:45\",\"coach\":\"N\\/a\",\"otherActivity\":0},{\"sessionId\":\"1761889658187\",\"day\":\"Wednesday 10\\/12\\/25\",\"time\":\"18:00\",\"group\":\"G6, G7, G8, G9\",\"location\":\"NRG\",\"stime\":\"18:00\",\"etime\":\"18:45\",\"coach\":\"N\\/a\",\"otherActivity\":0},{\"sessionId\":\"1761889658188\",\"day\":\"Thursday 11\\/12\\/25\",\"time\":\"18:00\",\"group\":\"G1, G2, G3, G4, G5\",\"location\":\"Mayfield\",\"stime\":\"17:30\",\"etime\":\"20:00\",\"coach\":\"N\\/a\",\"otherActivity\":0},{\"sessionId\":\"1761889658189\",\"day\":\"Friday 12\\/12\\/25\",\"time\":\"18:00\",\"group\":\"G7-B, G8\",\"location\":\"Brookfield UCC\",\"stime\":\"16:50\",\"etime\":\"19:00\",\"coach\":\"N\\/a\",\"otherActivity\":0},{\"sessionId\":\"1761889658190\",\"day\":\"Saturday 13\\/12\\/25\",\"time\":\"18:00\",\"group\":\"J1, J2\",\"location\":\"Mayfield \",\"stime\":\"19:20\",\"etime\":\"21:00\",\"coach\":\"N\\/a\",\"otherActivity\":0},{\"sessionId\":\"1761889658191\",\"day\":\"Monday 08\\/12\\/25\",\"time\":\"19:00\",\"group\":\"G7, G8-A, G9\",\"location\":\"LW Churchfield\",\"stime\":\"19:00\",\"etime\":\"20:40\",\"coach\":\"N\\/a\",\"otherActivity\":0},{\"sessionId\":\"1761889658192\",\"day\":\"Tuesday 09\\/12\\/25\",\"time\":\"19:00\",\"group\":\"J1, J2\",\"location\":\"Mayfield\",\"stime\":\"18:45\",\"etime\":\"20:40\",\"coach\":\"N\\/a\",\"otherActivity\":0},{\"sessionId\":\"1761889658193\",\"day\":\"Thursday 11\\/12\\/25\",\"time\":\"19:00\",\"group\":\"G6, G7, G8, G9-A\",\"location\":\"LW Bishopstown\",\"stime\":\"18:00\",\"etime\":\"20:00\",\"coach\":\"N\\/a\",\"otherActivity\":0},{\"sessionId\":\"1761889658194\",\"day\":\"Friday 12\\/12\\/25\",\"time\":\"19:00\",\"group\":\"J3\",\"location\":\"Mayfield\",\"stime\":\"19:20\",\"etime\":\"20:40\",\"coach\":\"N\\/a\",\"otherActivity\":0}]','dolphinsc','2025-10-31 05:50:47'),
(58,24,'test 31-10-2025','[{\"sessionId\":\"1761939961941\",\"day\":\"Wednesday 12\\/11\\/25\",\"time\":\"08:00\",\"group\":\"group 1\",\"location\":\"test 31-10-2025\",\"stime\":\"08:00\",\"etime\":\"09:00\",\"coach\":\"0\",\"otherActivity\":0}]','test','2025-10-31 19:46:36');
commit;

--
